{"id":6777,"date":"2025-11-24T17:32:48","date_gmt":"2025-11-24T16:32:48","guid":{"rendered":"https:\/\/lespucesdestju.fr\/?post_type=product&#038;p=6777"},"modified":"2025-11-24T17:32:49","modified_gmt":"2025-11-24T16:32:49","slug":"jeux-sur-la-plage-claude-bernard","status":"publish","type":"product","link":"https:\/\/lespucesdestju.fr\/?product=jeux-sur-la-plage-claude-bernard","title":{"rendered":"\u00ab\u00a0Jeux sur la plage\u00a0\u00bb, Claude BERNARD"},"content":{"rendered":"<div>\u00ab\u00a0Jeux sur la plage\u00a0\u00bb, Claude BERNARD (1926-2016)\u00a0\u00bb<\/div>\n<p>Ecole fran\u00e7aise de la seconde moiti\u00e9 du XX\u00e8me par Claude Bernard.<br \/>\nSc\u00e8ne de plage lumineuse figurant un petit groupe d&rsquo;enfants jouant au cerf-volant.<br \/>\nHuile sur panneau sign\u00e9e en bas \u00e0 droite. Cadre de style, en bon \u00e9tat g\u00e9n\u00e9ral ( Quelques petits manques en bordure).<\/p>\n<blockquote><p><strong data-new-link=\"true\">Artiste:\u00a0<\/strong>Claude Bernard (1926-2016)<br \/>\n<strong data-new-link=\"true\">Epoque:\u00a0<\/strong>20\u00e8me si\u00e8cle<br \/>\n<strong data-new-link=\"true\">Style:\u00a0<\/strong>Art moderne<br \/>\n<strong data-new-link=\"true\">Etat:\u00a0<\/strong>Bon \u00e9tat<\/p>\n<p><strong data-new-link=\"true\">Mati\u00e8re:\u00a0<\/strong>Huile sur bois<br \/>\n<strong data-new-link=\"true\">Longueur:\u00a0<\/strong>a vue 53 cm x 64 cm<br \/>\n<strong data-new-link=\"true\">Largeur:\u00a0<\/strong>cadre 73 cm x 84 cm<\/p><\/blockquote>\n","protected":false},"excerpt":{"rendered":"<p>\u00ab\u00a0Jeux sur la plage\u00a0\u00bb, Claude BERNARD (1926-2016)\u00a0\u00bb<\/p>\n","protected":false},"featured_media":6780,"comment_status":"open","ping_status":"closed","template":"","meta":[],"product_brand":[],"product_cat":[50,306],"product_tag":[56,353,101],"class_list":{"0":"post-6777","1":"product","2":"type-product","3":"status-publish","4":"has-post-thumbnail","6":"product_cat-art","7":"product_cat-tableaux-et-peintures","8":"product_tag-art","9":"product_tag-huile-sur-bois","10":"product_tag-tableau","12":"first","13":"instock","14":"shipping-taxable","15":"purchasable","16":"product-type-simple"},"aioseo_notices":[],"jetpack_sharing_enabled":true,"_links":{"self":[{"href":"https:\/\/lespucesdestju.fr\/index.php?rest_route=\/wp\/v2\/product\/6777","targetHints":{"allow":["GET"]}}],"collection":[{"href":"https:\/\/lespucesdestju.fr\/index.php?rest_route=\/wp\/v2\/product"}],"about":[{"href":"https:\/\/lespucesdestju.fr\/index.php?rest_route=\/wp\/v2\/types\/product"}],"replies":[{"embeddable":true,"href":"https:\/\/lespucesdestju.fr\/index.php?rest_route=%2Fwp%2Fv2%2Fcomments&post=6777"}],"wp:featuredmedia":[{"embeddable":true,"href":"https:\/\/lespucesdestju.fr\/index.php?rest_route=\/wp\/v2\/media\/6780"}],"wp:attachment":[{"href":"https:\/\/lespucesdestju.fr\/index.php?rest_route=%2Fwp%2Fv2%2Fmedia&parent=6777"}],"wp:term":[{"taxonomy":"product_brand","embeddable":true,"href":"https:\/\/lespucesdestju.fr\/index.php?rest_route=%2Fwp%2Fv2%2Fproduct_brand&post=6777"},{"taxonomy":"product_cat","embeddable":true,"href":"https:\/\/lespucesdestju.fr\/index.php?rest_route=%2Fwp%2Fv2%2Fproduct_cat&post=6777"},{"taxonomy":"product_tag","embeddable":true,"href":"https:\/\/lespucesdestju.fr\/index.php?rest_route=%2Fwp%2Fv2%2Fproduct_tag&post=6777"}],"curies":[{"name":"wp","href":"https:\/\/api.w.org\/{rel}","templated":true}]}}