{"id":6681,"date":"2025-08-05T14:02:54","date_gmt":"2025-08-05T12:02:54","guid":{"rendered":"https:\/\/lespucesdestju.fr\/?post_type=product&#038;p=6681"},"modified":"2025-09-10T12:53:00","modified_gmt":"2025-09-10T10:53:00","slug":"lampe-bulbe-de-style-tiffany-xxeme","status":"publish","type":"product","link":"https:\/\/lespucesdestju.fr\/?product=lampe-bulbe-de-style-tiffany-xxeme","title":{"rendered":"Lampe bulbe de style Tiffany &#8211; XX\u00e8me"},"content":{"rendered":"<p>Lampe bulbe de style Tiffany &#8211; XX\u00e8me<\/p>\n<p>Lampe de style TIFFANY, pied et branches support en bronze, \u00e0 d\u00e9cors de v\u00e9g\u00e9taux et libellules dans une mosa\u00efque de tesselles en p\u00e2te de verre.<\/p>\n<p>Grand abat-jour en vitrail de p\u00e2te de verre dans les tons verts , orang\u00e9s et grenats \u00e0 d\u00e9cors de libellules.<\/p>\n<p>Fin XX\u00e8me, en tr\u00e8s bon \u00e9tat.<\/p>\n<blockquote><p><strong data-new-link=\"true\">Epoque:\u00a0<\/strong>20\u00e8me si\u00e8cle<br \/>\n<strong data-new-link=\"true\">Style:\u00a0<\/strong>Art Nouveau<br \/>\n<strong data-new-link=\"true\">Etat:\u00a0<\/strong>Bon \u00e9tat<\/p>\n<p><strong data-new-link=\"true\">Mati\u00e8re:\u00a0<\/strong>P\u00e2te de verre<br \/>\n<strong data-new-link=\"true\">Diam\u00e8tre:\u00a0<\/strong>42 cm env<br \/>\n<strong data-new-link=\"true\">Hauteur:\u00a0<\/strong>41 cm<\/p>\n<p><strong data-new-link=\"true\">R\u00e9f\u00e9rence (ID):\u00a0<\/strong>1595925<br \/>\n<strong data-new-link=\"true\">Disponibilit\u00e9:\u00a0<\/strong>En stock<\/p><\/blockquote>\n<p>&nbsp;<\/p>\n<p>&nbsp;<\/p>\n","protected":false},"excerpt":{"rendered":"<p>Lampe bulbe de style Tiffany &#8211; XX\u00e8me<\/p>\n","protected":false},"featured_media":6682,"comment_status":"open","ping_status":"closed","template":"","meta":[],"product_brand":[],"product_cat":[46,45],"product_tag":[76,144,135],"class_list":{"0":"post-6681","1":"product","2":"type-product","3":"status-publish","4":"has-post-thumbnail","6":"product_cat-luminaires-et-eclairages","7":"product_cat-mobilier","8":"product_tag-lampe","9":"product_tag-luminaires","10":"product_tag-pate-de-verre","12":"first","13":"outofstock","14":"shipping-taxable","15":"purchasable","16":"product-type-simple"},"aioseo_notices":[],"jetpack_sharing_enabled":true,"_links":{"self":[{"href":"https:\/\/lespucesdestju.fr\/index.php?rest_route=\/wp\/v2\/product\/6681","targetHints":{"allow":["GET"]}}],"collection":[{"href":"https:\/\/lespucesdestju.fr\/index.php?rest_route=\/wp\/v2\/product"}],"about":[{"href":"https:\/\/lespucesdestju.fr\/index.php?rest_route=\/wp\/v2\/types\/product"}],"replies":[{"embeddable":true,"href":"https:\/\/lespucesdestju.fr\/index.php?rest_route=%2Fwp%2Fv2%2Fcomments&post=6681"}],"wp:featuredmedia":[{"embeddable":true,"href":"https:\/\/lespucesdestju.fr\/index.php?rest_route=\/wp\/v2\/media\/6682"}],"wp:attachment":[{"href":"https:\/\/lespucesdestju.fr\/index.php?rest_route=%2Fwp%2Fv2%2Fmedia&parent=6681"}],"wp:term":[{"taxonomy":"product_brand","embeddable":true,"href":"https:\/\/lespucesdestju.fr\/index.php?rest_route=%2Fwp%2Fv2%2Fproduct_brand&post=6681"},{"taxonomy":"product_cat","embeddable":true,"href":"https:\/\/lespucesdestju.fr\/index.php?rest_route=%2Fwp%2Fv2%2Fproduct_cat&post=6681"},{"taxonomy":"product_tag","embeddable":true,"href":"https:\/\/lespucesdestju.fr\/index.php?rest_route=%2Fwp%2Fv2%2Fproduct_tag&post=6681"}],"curies":[{"name":"wp","href":"https:\/\/api.w.org\/{rel}","templated":true}]}}

Lampe bulbe de style Tiffany &#8211; XXème

<p>Lampe bulbe de style Tiffany &#8211; XXème</p>
<p>Lampe de style TIFFANY, pied et branches support en bronze, à décors de végétaux et libellules dans une mosaïque de tesselles en pâte de verre.</p>
<p>Grand abat-jour en vitrail de pâte de verre dans les tons verts , orangés et grenats à décors de libellules.</p>
<p>Fin XXème, en très bon état.</p>
<blockquote><p><strong data-new-link="true">Epoque: </strong>20ème siècle<br />
<strong data-new-link="true">Style: </strong>Art Nouveau<br />
<strong data-new-link="true">Etat: </strong>Bon état</p>
<p><strong data-new-link="true">Matière: </strong>Pâte de verre<br />
<strong data-new-link="true">Diamètre: </strong>42 cm env<br />
<strong data-new-link="true">Hauteur: </strong>41 cm</p>
<p><strong data-new-link="true">Référence (ID): </strong>1595925<br />
<strong data-new-link="true">Disponibilité: </strong>En stock</p></blockquote>
<p>&nbsp;</p>
<p>&nbsp;</p>

<p>Lampe bulbe de style Tiffany &#8211; XXème</p>
