{"id":6659,"date":"2025-07-09T13:52:00","date_gmt":"2025-07-09T11:52:00","guid":{"rendered":"https:\/\/lespucesdestju.fr\/?post_type=product&#038;p=6659"},"modified":"2025-07-09T13:52:00","modified_gmt":"2025-07-09T11:52:00","slug":"bord-de-fleuve-charles-dratz-barat","status":"publish","type":"product","link":"https:\/\/lespucesdestju.fr\/?product=bord-de-fleuve-charles-dratz-barat","title":{"rendered":"Bord de fleuve &#8211; Charles Dratz-Barat"},"content":{"rendered":"<div>Bord de fleuve &#8211; Charles Dratz-Barat (1873-1950)<\/div>\n<p>Bord de fleuve anim\u00e9 et chemin en lisi\u00e8re de for\u00eat. Toile encadr\u00e9e d&rsquo;une baguette plate.<br \/>\nBon \u00e9tat g\u00e9n\u00e9ral, tr\u00e8s l\u00e9gers manques.<\/p>\n<blockquote><p><strong data-new-link=\"true\">Artiste:\u00a0<\/strong>Charles Dratz-barat<br \/>\n<strong data-new-link=\"true\">Epoque:\u00a0<\/strong>20\u00e8me si\u00e8cle<br \/>\n<strong data-new-link=\"true\">Style:\u00a0<\/strong>Autre style<br \/>\n<strong data-new-link=\"true\">Etat:\u00a0<\/strong>Bon \u00e9tat<\/p>\n<p><strong data-new-link=\"true\">Mati\u00e8re:\u00a0<\/strong>Huile sur toile<br \/>\n<strong data-new-link=\"true\">Largeur:\u00a0<\/strong>toile 50 x65 cm<br \/>\n<strong data-new-link=\"true\">Diam\u00e8tre:\u00a0<\/strong>cadre 52 x 67 cm<\/p><\/blockquote>\n","protected":false},"excerpt":{"rendered":"<p>Bord de fleuve\u00a0\u00bb &#8211; Charles Dratz-Barat (1873-1950)<\/p>\n","protected":false},"featured_media":6665,"comment_status":"open","ping_status":"closed","template":"","meta":[],"product_brand":[],"product_cat":[50,306],"product_tag":[56,97,101],"class_list":{"0":"post-6659","1":"product","2":"type-product","3":"status-publish","4":"has-post-thumbnail","6":"product_cat-art","7":"product_cat-tableaux-et-peintures","8":"product_tag-art","9":"product_tag-huile-sur-toile","10":"product_tag-tableau","12":"first","13":"instock","14":"shipping-taxable","15":"purchasable","16":"product-type-simple"},"aioseo_notices":[],"jetpack_sharing_enabled":true,"_links":{"self":[{"href":"https:\/\/lespucesdestju.fr\/index.php?rest_route=\/wp\/v2\/product\/6659","targetHints":{"allow":["GET"]}}],"collection":[{"href":"https:\/\/lespucesdestju.fr\/index.php?rest_route=\/wp\/v2\/product"}],"about":[{"href":"https:\/\/lespucesdestju.fr\/index.php?rest_route=\/wp\/v2\/types\/product"}],"replies":[{"embeddable":true,"href":"https:\/\/lespucesdestju.fr\/index.php?rest_route=%2Fwp%2Fv2%2Fcomments&post=6659"}],"wp:featuredmedia":[{"embeddable":true,"href":"https:\/\/lespucesdestju.fr\/index.php?rest_route=\/wp\/v2\/media\/6665"}],"wp:attachment":[{"href":"https:\/\/lespucesdestju.fr\/index.php?rest_route=%2Fwp%2Fv2%2Fmedia&parent=6659"}],"wp:term":[{"taxonomy":"product_brand","embeddable":true,"href":"https:\/\/lespucesdestju.fr\/index.php?rest_route=%2Fwp%2Fv2%2Fproduct_brand&post=6659"},{"taxonomy":"product_cat","embeddable":true,"href":"https:\/\/lespucesdestju.fr\/index.php?rest_route=%2Fwp%2Fv2%2Fproduct_cat&post=6659"},{"taxonomy":"product_tag","embeddable":true,"href":"https:\/\/lespucesdestju.fr\/index.php?rest_route=%2Fwp%2Fv2%2Fproduct_tag&post=6659"}],"curies":[{"name":"wp","href":"https:\/\/api.w.org\/{rel}","templated":true}]}}