{"id":6652,"date":"2025-07-09T13:47:16","date_gmt":"2025-07-09T11:47:16","guid":{"rendered":"https:\/\/lespucesdestju.fr\/?post_type=product&#038;p=6652"},"modified":"2025-07-09T13:47:17","modified_gmt":"2025-07-09T11:47:17","slug":"ecole-francaise-debut-xxeme","status":"publish","type":"product","link":"https:\/\/lespucesdestju.fr\/?product=ecole-francaise-debut-xxeme","title":{"rendered":"Ecole fran\u00e7aise d\u00e9but XX\u00e8me"},"content":{"rendered":"<div>Ecole fran\u00e7aise d\u00e9but XX\u00e8me, Jeune femme au piano.<\/div>\n<p>Jeune femme\u00a0 jouant du piano droit dans un salon, au d\u00e9but du 20\u00e8me si\u00e8cle.<br \/>\nTraitement de la lumi\u00e8re int\u00e9ressant dans cette oeuvre.<br \/>\nBon \u00e9tat g\u00e9n\u00e9ral, l\u00e9g\u00e8res craquelures. rentoil\u00e9.<br \/>\nSign\u00e9 et dat\u00e9 en bas \u00e0 droite.<\/p>\n<blockquote><p><strong data-new-link=\"true\">Artiste:\u00a0<\/strong>Raymond Dendeville (1901-1968)<br \/>\n<strong data-new-link=\"true\">Epoque:\u00a0<\/strong>20\u00e8me si\u00e8cle<br \/>\n<strong data-new-link=\"true\">Style:\u00a0<\/strong>Autre style<br \/>\n<strong data-new-link=\"true\">Etat:\u00a0<\/strong>Bon \u00e9tat<\/p>\n<p><strong data-new-link=\"true\">Mati\u00e8re:\u00a0<\/strong>Huile sur toile<br \/>\n<strong data-new-link=\"true\">Longueur:\u00a0<\/strong>toile 46 x 55 cm<\/p><\/blockquote>\n","protected":false},"excerpt":{"rendered":"<p>Ecole fran\u00e7aise d\u00e9but XX\u00e8me, Jeune femme au piano.<\/p>\n","protected":false},"featured_media":6654,"comment_status":"open","ping_status":"closed","template":"","meta":[],"product_brand":[],"product_cat":[50,306],"product_tag":[56,97,101],"class_list":{"0":"post-6652","1":"product","2":"type-product","3":"status-publish","4":"has-post-thumbnail","6":"product_cat-art","7":"product_cat-tableaux-et-peintures","8":"product_tag-art","9":"product_tag-huile-sur-toile","10":"product_tag-tableau","12":"first","13":"instock","14":"shipping-taxable","15":"purchasable","16":"product-type-simple"},"aioseo_notices":[],"jetpack_sharing_enabled":true,"_links":{"self":[{"href":"https:\/\/lespucesdestju.fr\/index.php?rest_route=\/wp\/v2\/product\/6652","targetHints":{"allow":["GET"]}}],"collection":[{"href":"https:\/\/lespucesdestju.fr\/index.php?rest_route=\/wp\/v2\/product"}],"about":[{"href":"https:\/\/lespucesdestju.fr\/index.php?rest_route=\/wp\/v2\/types\/product"}],"replies":[{"embeddable":true,"href":"https:\/\/lespucesdestju.fr\/index.php?rest_route=%2Fwp%2Fv2%2Fcomments&post=6652"}],"wp:featuredmedia":[{"embeddable":true,"href":"https:\/\/lespucesdestju.fr\/index.php?rest_route=\/wp\/v2\/media\/6654"}],"wp:attachment":[{"href":"https:\/\/lespucesdestju.fr\/index.php?rest_route=%2Fwp%2Fv2%2Fmedia&parent=6652"}],"wp:term":[{"taxonomy":"product_brand","embeddable":true,"href":"https:\/\/lespucesdestju.fr\/index.php?rest_route=%2Fwp%2Fv2%2Fproduct_brand&post=6652"},{"taxonomy":"product_cat","embeddable":true,"href":"https:\/\/lespucesdestju.fr\/index.php?rest_route=%2Fwp%2Fv2%2Fproduct_cat&post=6652"},{"taxonomy":"product_tag","embeddable":true,"href":"https:\/\/lespucesdestju.fr\/index.php?rest_route=%2Fwp%2Fv2%2Fproduct_tag&post=6652"}],"curies":[{"name":"wp","href":"https:\/\/api.w.org\/{rel}","templated":true}]}}

Ecole française début XXème

<div>Ecole française début XXème, Jeune femme au piano.</div>
<p>Jeune femme  jouant du piano droit dans un salon, au début du 20ème siècle.<br />
Traitement de la lumière intéressant dans cette oeuvre.<br />
Bon état général, légères craquelures. rentoilé.<br />
Signé et daté en bas à droite.</p>
<blockquote><p><strong data-new-link="true">Artiste: </strong>Raymond Dendeville (1901-1968)<br />
<strong data-new-link="true">Epoque: </strong>20ème siècle<br />
<strong data-new-link="true">Style: </strong>Autre style<br />
<strong data-new-link="true">Etat: </strong>Bon état</p>
<p><strong data-new-link="true">Matière: </strong>Huile sur toile<br />
<strong data-new-link="true">Longueur: </strong>toile 46 x 55 cm</p></blockquote>

<p>Ecole française début XXème, Jeune femme au piano.</p>
