{"id":6645,"date":"2025-07-09T13:41:26","date_gmt":"2025-07-09T11:41:26","guid":{"rendered":"https:\/\/lespucesdestju.fr\/?post_type=product&#038;p=6645"},"modified":"2025-07-09T13:41:26","modified_gmt":"2025-07-09T11:41:26","slug":"portrait-de-jean-tarteiron-1734-1822","status":"publish","type":"product","link":"https:\/\/lespucesdestju.fr\/?product=portrait-de-jean-tarteiron-1734-1822","title":{"rendered":"Portrait De Jean Tarteiron (1734-1822)"},"content":{"rendered":"<div>Portrait De Jean Tarteiron (1734-1822) \u00e9poque Fin XVIII\u00e8me.<\/div>\n<p>Huile sur toile non sign\u00e9e, d\u2019apr\u00e8s un pastel du peintre Joseph BOZE (1746-1826).<br \/>\n(Ancienne collection mme E.Cruse 1971)<\/p>\n<p>Sources: Neil Jeffares, Dictionary of pastellists before 1800, Updated 17 december 2024.<\/p>\n<p>Jean-ren\u00e9 Tarteiron est n\u00e9 dans l&rsquo;H\u00e9rault \u00e0 Ganges en 1734(1732 ?). Il est issu d\u2019une famille de riches n\u00e9gociants protestants du Languedoc. Il se porte acqu\u00e9reur du domaine de Thouars ( Gironde) le 9 mai 1788.<\/p>\n<p>Sources: Association MEMOIRE et PATRIMOINE de TALENCE. Bulletin 07 \u2013 La maison noble De La Mothe De Thouars, propri\u00e9taires, occupants et visiteurs.<\/p>\n<p>\u00c9tat d\u2019usage avec fa\u00efen\u00e7age de la couche picturale et une restauration ancienne. Belle pr\u00e9sentation g\u00e9n\u00e9rale.<br \/>\nCadre d&rsquo;\u00e9poque en bois (Ch\u00eane) et stuc dor\u00e9. Quelques petits manques.<\/p>\n<blockquote><p><strong data-new-link=\"true\">Artiste:\u00a0<\/strong>D&rsquo;apr\u00e8s Joseph Boze (1745-1826)<br \/>\n<strong data-new-link=\"true\">Epoque:\u00a0<\/strong>18\u00e8me si\u00e8cle<br \/>\n<strong data-new-link=\"true\">Style:\u00a0<\/strong>Louis XVI &#8211; Directoire<br \/>\n<strong data-new-link=\"true\">Etat:\u00a0<\/strong>Etat d&rsquo;usage<\/p>\n<p><strong data-new-link=\"true\">Mati\u00e8re:\u00a0<\/strong>Huile sur toile<br \/>\n<strong data-new-link=\"true\">Longueur:\u00a0<\/strong>toile 54 x 65 cm<br \/>\n<strong data-new-link=\"true\">Largeur:\u00a0<\/strong>cadre 71 x 81 cm<br \/>\n<strong data-new-link=\"true\">Profondeur:\u00a0<\/strong>7 cm<\/p><\/blockquote>\n<p>&nbsp;<\/p>\n","protected":false},"excerpt":{"rendered":"<p>Portrait De Jean Tarteiron (1734-1822) \u00e9poque Fin XVIII\u00e8me.<\/p>\n","protected":false},"featured_media":6647,"comment_status":"open","ping_status":"closed","template":"","meta":[],"product_brand":[],"product_cat":[50,306],"product_tag":[56,97,101],"class_list":{"0":"post-6645","1":"product","2":"type-product","3":"status-publish","4":"has-post-thumbnail","6":"product_cat-art","7":"product_cat-tableaux-et-peintures","8":"product_tag-art","9":"product_tag-huile-sur-toile","10":"product_tag-tableau","12":"first","13":"instock","14":"shipping-taxable","15":"purchasable","16":"product-type-simple"},"aioseo_notices":[],"jetpack_sharing_enabled":true,"_links":{"self":[{"href":"https:\/\/lespucesdestju.fr\/index.php?rest_route=\/wp\/v2\/product\/6645","targetHints":{"allow":["GET"]}}],"collection":[{"href":"https:\/\/lespucesdestju.fr\/index.php?rest_route=\/wp\/v2\/product"}],"about":[{"href":"https:\/\/lespucesdestju.fr\/index.php?rest_route=\/wp\/v2\/types\/product"}],"replies":[{"embeddable":true,"href":"https:\/\/lespucesdestju.fr\/index.php?rest_route=%2Fwp%2Fv2%2Fcomments&post=6645"}],"wp:featuredmedia":[{"embeddable":true,"href":"https:\/\/lespucesdestju.fr\/index.php?rest_route=\/wp\/v2\/media\/6647"}],"wp:attachment":[{"href":"https:\/\/lespucesdestju.fr\/index.php?rest_route=%2Fwp%2Fv2%2Fmedia&parent=6645"}],"wp:term":[{"taxonomy":"product_brand","embeddable":true,"href":"https:\/\/lespucesdestju.fr\/index.php?rest_route=%2Fwp%2Fv2%2Fproduct_brand&post=6645"},{"taxonomy":"product_cat","embeddable":true,"href":"https:\/\/lespucesdestju.fr\/index.php?rest_route=%2Fwp%2Fv2%2Fproduct_cat&post=6645"},{"taxonomy":"product_tag","embeddable":true,"href":"https:\/\/lespucesdestju.fr\/index.php?rest_route=%2Fwp%2Fv2%2Fproduct_tag&post=6645"}],"curies":[{"name":"wp","href":"https:\/\/api.w.org\/{rel}","templated":true}]}}

<div>Portrait De Jean Tarteiron (1734-1822) époque Fin XVIIIème.</div>
<p>Huile sur toile non signée, d’après un pastel du peintre Joseph BOZE (1746-1826).<br />
(Ancienne collection mme E.Cruse 1971)</p>
<p>Sources: Neil Jeffares, Dictionary of pastellists before 1800, Updated 17 december 2024.</p>
<p>Jean-rené Tarteiron est né dans l&rsquo;Hérault à Ganges en 1734(1732 ?). Il est issu d’une famille de riches négociants protestants du Languedoc. Il se porte acquéreur du domaine de Thouars ( Gironde) le 9 mai 1788.</p>
<p>Sources: Association MEMOIRE et PATRIMOINE de TALENCE. Bulletin 07 – La maison noble De La Mothe De Thouars, propriétaires, occupants et visiteurs.</p>
<p>État d’usage avec faïençage de la couche picturale et une restauration ancienne. Belle présentation générale.<br />
Cadre d&rsquo;époque en bois (Chêne) et stuc doré. Quelques petits manques.</p>
<blockquote><p><strong data-new-link="true">Artiste: </strong>D&rsquo;après Joseph Boze (1745-1826)<br />
<strong data-new-link="true">Epoque: </strong>18ème siècle<br />
<strong data-new-link="true">Style: </strong>Louis XVI &#8211; Directoire<br />
<strong data-new-link="true">Etat: </strong>Etat d&rsquo;usage</p>
<p><strong data-new-link="true">Matière: </strong>Huile sur toile<br />
<strong data-new-link="true">Longueur: </strong>toile 54 x 65 cm<br />
<strong data-new-link="true">Largeur: </strong>cadre 71 x 81 cm<br />
<strong data-new-link="true">Profondeur: </strong>7 cm</p></blockquote>
<p>&nbsp;</p>

<p>Portrait De Jean Tarteiron (1734-1822) époque Fin XVIIIème.</p>
