{"id":6638,"date":"2025-07-09T13:36:39","date_gmt":"2025-07-09T11:36:39","guid":{"rendered":"https:\/\/lespucesdestju.fr\/?post_type=product&#038;p=6638"},"modified":"2025-07-09T13:36:39","modified_gmt":"2025-07-09T11:36:39","slug":"portrait-de-suzanne-tarteiron-1769-1859","status":"publish","type":"product","link":"https:\/\/lespucesdestju.fr\/?product=portrait-de-suzanne-tarteiron-1769-1859","title":{"rendered":"Portrait De Suzanne Tarteiron (1769-1859)"},"content":{"rendered":"<div>\u00ab\u00a0Portrait De Suzanne Tarteiron (1769-1859). Epoque Fin XVIII\u00e8me.\u00a0\u00bb<\/div>\n<p>Huile sur toile non sign\u00e9e. \u00c9tat d\u2019usage avec quelques petits sauts de mati\u00e8re et fa\u00efen\u00e7age de la couche picturale.Une restauration ancienne \u00e0 signaler.<br \/>\nCadre d&rsquo;\u00e9poque en bois (Ch\u00eane) et stuc dor\u00e9. Quelques petits manques.<\/p>\n<p>Suzanne Victoire Du Puy Montbrun d\u2019Aubignac est issue d\u2019une famille protestante du Languedoc. Elle \u00e9pouse Jean-ren\u00e9 Tarteiron en 1787.<\/p>\n<p>Sources: Association MEMOIRE et PATRIMOINE de TALENCE.Bulletin 07 \u2013 La maison noble De La Mothe De Thouars, propri\u00e9taires, occupants et visiteurs.<\/p>\n<blockquote><p><strong data-new-link=\"true\">Epoque:\u00a0<\/strong>18\u00e8me si\u00e8cle<br \/>\n<strong data-new-link=\"true\">Style:\u00a0<\/strong>Louis XVI &#8211; Directoire<br \/>\n<strong data-new-link=\"true\">Etat:\u00a0<\/strong>Etat d&rsquo;usage<\/p>\n<p><strong data-new-link=\"true\">Mati\u00e8re:\u00a0<\/strong>Huile sur toile<br \/>\n<strong data-new-link=\"true\">Longueur:\u00a0<\/strong>toile 54 x 65 cm<br \/>\n<strong data-new-link=\"true\">Largeur:\u00a0<\/strong>cadre 71 x 81 cm<br \/>\n<strong data-new-link=\"true\">Profondeur:\u00a0<\/strong>6 cm env.<\/p><\/blockquote>\n","protected":false},"excerpt":{"rendered":"<p>Portrait De Suzanne Tarteiron (1769-1859). Epoque Fin XVIII\u00e8me.<\/p>\n","protected":false},"featured_media":6641,"comment_status":"open","ping_status":"closed","template":"","meta":[],"product_brand":[],"product_cat":[50,306],"product_tag":[56,97,101],"class_list":{"0":"post-6638","1":"product","2":"type-product","3":"status-publish","4":"has-post-thumbnail","6":"product_cat-art","7":"product_cat-tableaux-et-peintures","8":"product_tag-art","9":"product_tag-huile-sur-toile","10":"product_tag-tableau","12":"first","13":"instock","14":"shipping-taxable","15":"purchasable","16":"product-type-simple"},"aioseo_notices":[],"jetpack_sharing_enabled":true,"_links":{"self":[{"href":"https:\/\/lespucesdestju.fr\/index.php?rest_route=\/wp\/v2\/product\/6638","targetHints":{"allow":["GET"]}}],"collection":[{"href":"https:\/\/lespucesdestju.fr\/index.php?rest_route=\/wp\/v2\/product"}],"about":[{"href":"https:\/\/lespucesdestju.fr\/index.php?rest_route=\/wp\/v2\/types\/product"}],"replies":[{"embeddable":true,"href":"https:\/\/lespucesdestju.fr\/index.php?rest_route=%2Fwp%2Fv2%2Fcomments&post=6638"}],"wp:featuredmedia":[{"embeddable":true,"href":"https:\/\/lespucesdestju.fr\/index.php?rest_route=\/wp\/v2\/media\/6641"}],"wp:attachment":[{"href":"https:\/\/lespucesdestju.fr\/index.php?rest_route=%2Fwp%2Fv2%2Fmedia&parent=6638"}],"wp:term":[{"taxonomy":"product_brand","embeddable":true,"href":"https:\/\/lespucesdestju.fr\/index.php?rest_route=%2Fwp%2Fv2%2Fproduct_brand&post=6638"},{"taxonomy":"product_cat","embeddable":true,"href":"https:\/\/lespucesdestju.fr\/index.php?rest_route=%2Fwp%2Fv2%2Fproduct_cat&post=6638"},{"taxonomy":"product_tag","embeddable":true,"href":"https:\/\/lespucesdestju.fr\/index.php?rest_route=%2Fwp%2Fv2%2Fproduct_tag&post=6638"}],"curies":[{"name":"wp","href":"https:\/\/api.w.org\/{rel}","templated":true}]}}

<div>« Portrait De Suzanne Tarteiron (1769-1859). Epoque Fin XVIIIème. »</div>
<p>Huile sur toile non signée. État d’usage avec quelques petits sauts de matière et faïençage de la couche picturale.Une restauration ancienne à signaler.<br />
Cadre d&rsquo;époque en bois (Chêne) et stuc doré. Quelques petits manques.</p>
<p>Suzanne Victoire Du Puy Montbrun d’Aubignac est issue d’une famille protestante du Languedoc. Elle épouse Jean-rené Tarteiron en 1787.</p>
<p>Sources: Association MEMOIRE et PATRIMOINE de TALENCE.Bulletin 07 – La maison noble De La Mothe De Thouars, propriétaires, occupants et visiteurs.</p>
<blockquote><p><strong data-new-link="true">Epoque: </strong>18ème siècle<br />
<strong data-new-link="true">Style: </strong>Louis XVI &#8211; Directoire<br />
<strong data-new-link="true">Etat: </strong>Etat d&rsquo;usage</p>
<p><strong data-new-link="true">Matière: </strong>Huile sur toile<br />
<strong data-new-link="true">Longueur: </strong>toile 54 x 65 cm<br />
<strong data-new-link="true">Largeur: </strong>cadre 71 x 81 cm<br />
<strong data-new-link="true">Profondeur: </strong>6 cm env.</p></blockquote>

<p>Portrait De Suzanne Tarteiron (1769-1859). Epoque Fin XVIIIème.</p>
