{"id":6608,"date":"2025-07-08T11:53:20","date_gmt":"2025-07-08T09:53:20","guid":{"rendered":"https:\/\/lespucesdestju.fr\/?post_type=product&#038;p=6608"},"modified":"2025-07-08T11:55:45","modified_gmt":"2025-07-08T09:55:45","slug":"vue-du-village-ecole-expressionniste-du-xxeme","status":"publish","type":"product","link":"https:\/\/lespucesdestju.fr\/?product=vue-du-village-ecole-expressionniste-du-xxeme","title":{"rendered":"\u201cVue du village\u201d, Ecole expressionniste du XX\u00e8me."},"content":{"rendered":"<p>\u201cVue du village\u201d, Ecole expressionniste du XX\u00e8me. Huile sur toile, de la premi\u00e8re moiti\u00e9 du XX\u00e8me si\u00e8cle.<\/p>\n<p>Depuis une hauteur, vue d&rsquo;une campagne avec ses bosquets, ces champs et au dernier plan, avant les colines, un village.<br \/>\nDans l\u2019esprit d\u2019un Maurice Savin, non loin des d\u00e9buts du fauvisme..<\/p>\n<p>Bon \u00e9tat g\u00e9n\u00e9ral. Une signature en bas \u00e0 droite A. d&rsquo;Ussel et dat\u00e9 43.<\/p>\n<blockquote><p><strong data-new-link=\"true\">Epoque:\u00a0<\/strong>20\u00e8me si\u00e8cle<br \/>\n<strong data-new-link=\"true\">Style:\u00a0<\/strong>Art moderne<br \/>\n<strong data-new-link=\"true\">Etat:\u00a0<\/strong>Etat d&rsquo;usage<\/p>\n<p><strong data-new-link=\"true\">Mati\u00e8re:\u00a0<\/strong>Huile sur toile<br \/>\n<strong data-new-link=\"true\">Longueur:\u00a0<\/strong>toile 46 x 55 cm<br \/>\n<strong data-new-link=\"true\">Largeur:\u00a0<\/strong>55 cm<br \/>\n<strong data-new-link=\"true\">Hauteur:\u00a0<\/strong>46 cm<\/p><\/blockquote>\n<p>&nbsp;<\/p>\n","protected":false},"excerpt":{"rendered":"<p>\u201cVue du village\u201d, Ecole expressionniste du XX\u00e8me. Huile sur toile, de la premi\u00e8re moiti\u00e9 du XX\u00e8me si\u00e8cle.<\/p>\n","protected":false},"featured_media":6614,"comment_status":"open","ping_status":"closed","template":"","meta":[],"product_brand":[],"product_cat":[50,306],"product_tag":[56,97,101],"class_list":{"0":"post-6608","1":"product","2":"type-product","3":"status-publish","4":"has-post-thumbnail","6":"product_cat-art","7":"product_cat-tableaux-et-peintures","8":"product_tag-art","9":"product_tag-huile-sur-toile","10":"product_tag-tableau","12":"first","13":"instock","14":"shipping-taxable","15":"purchasable","16":"product-type-simple"},"aioseo_notices":[],"jetpack_sharing_enabled":true,"_links":{"self":[{"href":"https:\/\/lespucesdestju.fr\/index.php?rest_route=\/wp\/v2\/product\/6608","targetHints":{"allow":["GET"]}}],"collection":[{"href":"https:\/\/lespucesdestju.fr\/index.php?rest_route=\/wp\/v2\/product"}],"about":[{"href":"https:\/\/lespucesdestju.fr\/index.php?rest_route=\/wp\/v2\/types\/product"}],"replies":[{"embeddable":true,"href":"https:\/\/lespucesdestju.fr\/index.php?rest_route=%2Fwp%2Fv2%2Fcomments&post=6608"}],"wp:featuredmedia":[{"embeddable":true,"href":"https:\/\/lespucesdestju.fr\/index.php?rest_route=\/wp\/v2\/media\/6614"}],"wp:attachment":[{"href":"https:\/\/lespucesdestju.fr\/index.php?rest_route=%2Fwp%2Fv2%2Fmedia&parent=6608"}],"wp:term":[{"taxonomy":"product_brand","embeddable":true,"href":"https:\/\/lespucesdestju.fr\/index.php?rest_route=%2Fwp%2Fv2%2Fproduct_brand&post=6608"},{"taxonomy":"product_cat","embeddable":true,"href":"https:\/\/lespucesdestju.fr\/index.php?rest_route=%2Fwp%2Fv2%2Fproduct_cat&post=6608"},{"taxonomy":"product_tag","embeddable":true,"href":"https:\/\/lespucesdestju.fr\/index.php?rest_route=%2Fwp%2Fv2%2Fproduct_tag&post=6608"}],"curies":[{"name":"wp","href":"https:\/\/api.w.org\/{rel}","templated":true}]}}

“Vue du village”, Ecole expressionniste du XXème.

<p>“Vue du village”, Ecole expressionniste du XXème. Huile sur toile, de la première moitié du XXème siècle.</p>
<p>Depuis une hauteur, vue d&rsquo;une campagne avec ses bosquets, ces champs et au dernier plan, avant les colines, un village.<br />
Dans l’esprit d’un Maurice Savin, non loin des débuts du fauvisme..</p>
<p>Bon état général. Une signature en bas à droite A. d&rsquo;Ussel et daté 43.</p>
<blockquote><p><strong data-new-link="true">Epoque: </strong>20ème siècle<br />
<strong data-new-link="true">Style: </strong>Art moderne<br />
<strong data-new-link="true">Etat: </strong>Etat d&rsquo;usage</p>
<p><strong data-new-link="true">Matière: </strong>Huile sur toile<br />
<strong data-new-link="true">Longueur: </strong>toile 46 x 55 cm<br />
<strong data-new-link="true">Largeur: </strong>55 cm<br />
<strong data-new-link="true">Hauteur: </strong>46 cm</p></blockquote>
<p>&nbsp;</p>

<p>“Vue du village”, Ecole expressionniste du XXème. Huile sur toile, de la première moitié du XXème siècle.</p>
