{"id":6593,"date":"2025-07-08T11:37:59","date_gmt":"2025-07-08T09:37:59","guid":{"rendered":"https:\/\/lespucesdestju.fr\/?post_type=product&#038;p=6593"},"modified":"2025-07-08T11:37:59","modified_gmt":"2025-07-08T09:37:59","slug":"l-piron-xxeme-dame-des-annees-1930","status":"publish","type":"product","link":"https:\/\/lespucesdestju.fr\/?product=l-piron-xxeme-dame-des-annees-1930","title":{"rendered":"L.Piron ( XX\u00e8me), Dame des ann\u00e9es 1930"},"content":{"rendered":"<p>L.Piron ( XX\u00e8me), Dame des ann\u00e9es 1930<\/p>\n<p>T\u00eate d&rsquo;un sujet f\u00e9minin sur socle cubique, dans le style caract\u00e9ristique des ann\u00e9es 30. Pl\u00e2tre \u00e0 patine bronze.<br \/>\nQuelques manques et frottements, sign\u00e9 et dat\u00e9 1931. Belle pr\u00e9sentation g\u00e9n\u00e9rale.<\/p>\n<blockquote><p><strong data-new-link=\"true\">Artiste:\u00a0<\/strong>Louis Ren\u00e9 Piron (1872-1949)<br \/>\n<strong data-new-link=\"true\">Epoque:\u00a0<\/strong>20\u00e8me si\u00e8cle<br \/>\n<strong data-new-link=\"true\">Style:\u00a0<\/strong>Art D\u00e9co<br \/>\n<strong data-new-link=\"true\">Etat:\u00a0<\/strong>Quelques manques<\/p>\n<p><strong data-new-link=\"true\">Mati\u00e8re:\u00a0<\/strong>Pl\u00e2tre<br \/>\n<strong data-new-link=\"true\">Largeur:\u00a0<\/strong>25 cm<br \/>\n<strong data-new-link=\"true\">Hauteur:\u00a0<\/strong>51 cm<br \/>\n<strong data-new-link=\"true\">Profondeur:\u00a0<\/strong>23 cm<\/p><\/blockquote>\n","protected":false},"excerpt":{"rendered":"<p>L.Piron ( XX\u00e8me), Dame des ann\u00e9es 1930, T\u00eate d&rsquo;un sujet f\u00e9minin sur socle cubique<\/p>\n","protected":false},"featured_media":6594,"comment_status":"open","ping_status":"closed","template":"","meta":[],"product_brand":[],"product_cat":[50,309],"product_tag":[56,113,65,64],"class_list":{"0":"post-6593","1":"product","2":"type-product","3":"status-publish","4":"has-post-thumbnail","6":"product_cat-art","7":"product_cat-sculptures","8":"product_tag-art","9":"product_tag-art-deco","10":"product_tag-platre","11":"product_tag-sculpture","13":"first","14":"instock","15":"shipping-taxable","16":"purchasable","17":"product-type-simple"},"aioseo_notices":[],"jetpack_sharing_enabled":true,"_links":{"self":[{"href":"https:\/\/lespucesdestju.fr\/index.php?rest_route=\/wp\/v2\/product\/6593","targetHints":{"allow":["GET"]}}],"collection":[{"href":"https:\/\/lespucesdestju.fr\/index.php?rest_route=\/wp\/v2\/product"}],"about":[{"href":"https:\/\/lespucesdestju.fr\/index.php?rest_route=\/wp\/v2\/types\/product"}],"replies":[{"embeddable":true,"href":"https:\/\/lespucesdestju.fr\/index.php?rest_route=%2Fwp%2Fv2%2Fcomments&post=6593"}],"wp:featuredmedia":[{"embeddable":true,"href":"https:\/\/lespucesdestju.fr\/index.php?rest_route=\/wp\/v2\/media\/6594"}],"wp:attachment":[{"href":"https:\/\/lespucesdestju.fr\/index.php?rest_route=%2Fwp%2Fv2%2Fmedia&parent=6593"}],"wp:term":[{"taxonomy":"product_brand","embeddable":true,"href":"https:\/\/lespucesdestju.fr\/index.php?rest_route=%2Fwp%2Fv2%2Fproduct_brand&post=6593"},{"taxonomy":"product_cat","embeddable":true,"href":"https:\/\/lespucesdestju.fr\/index.php?rest_route=%2Fwp%2Fv2%2Fproduct_cat&post=6593"},{"taxonomy":"product_tag","embeddable":true,"href":"https:\/\/lespucesdestju.fr\/index.php?rest_route=%2Fwp%2Fv2%2Fproduct_tag&post=6593"}],"curies":[{"name":"wp","href":"https:\/\/api.w.org\/{rel}","templated":true}]}}

L.Piron ( XXème), Dame des années 1930

<p>L.Piron ( XXème), Dame des années 1930</p>
<p>Tête d&rsquo;un sujet féminin sur socle cubique, dans le style caractéristique des années 30. Plâtre à patine bronze.<br />
Quelques manques et frottements, signé et daté 1931. Belle présentation générale.</p>
<blockquote><p><strong data-new-link="true">Artiste: </strong>Louis René Piron (1872-1949)<br />
<strong data-new-link="true">Epoque: </strong>20ème siècle<br />
<strong data-new-link="true">Style: </strong>Art Déco<br />
<strong data-new-link="true">Etat: </strong>Quelques manques</p>
<p><strong data-new-link="true">Matière: </strong>Plâtre<br />
<strong data-new-link="true">Largeur: </strong>25 cm<br />
<strong data-new-link="true">Hauteur: </strong>51 cm<br />
<strong data-new-link="true">Profondeur: </strong>23 cm</p></blockquote>

<p>L.Piron ( XXème), Dame des années 1930, Tête d&rsquo;un sujet féminin sur socle cubique</p>
