{"id":6563,"date":"2025-05-13T13:18:04","date_gmt":"2025-05-13T11:18:04","guid":{"rendered":"https:\/\/lespucesdestju.fr\/?post_type=product&#038;p=6563"},"modified":"2026-01-04T17:17:13","modified_gmt":"2026-01-04T16:17:13","slug":"meuble-dangle-des-annees-60","status":"publish","type":"product","link":"https:\/\/lespucesdestju.fr\/?product=meuble-dangle-des-annees-60","title":{"rendered":"Meuble d\u2019angle des ann\u00e9es 60"},"content":{"rendered":"<p><span style=\"font-weight: 400;\">Meuble d\u2019angle des ann\u00e9es 60. <\/span><\/p>\n<p><span style=\"font-weight: 400;\">Structure en m\u00e9lamin\u00e9 plaqu\u00e9e palissandre. Syst\u00e8me d\u2019ouverture de porte \u00e0 rideaux, pieds compas en fa\u00e7ade.<\/span><\/p>\n<p><span style=\"font-weight: 400;\">Etat d\u2019usage (quelques petits chocs et frottements). <\/span><\/p>\n<blockquote><p><span style=\"font-weight: 400;\">Largeur de la fa\u00e7ade 117,5 cm<\/span><\/p>\n<p><span style=\"font-weight: 400;\">Cot\u00e9s 63 cm<\/span><\/p>\n<p><span style=\"font-weight: 400;\">Hauteur 75 cm\u00a0<\/span><\/p>\n<p><b><i>\u00a0Cet objet peut \u00eatre uniquement retir\u00e9 en boutique,<\/i><\/b><i><span style=\"font-weight: 400;\"> pour la livraison, veuillez nous contacter. <\/span><\/i><\/p>\n<p>&nbsp;<\/p><\/blockquote>\n","protected":false},"excerpt":{"rendered":"<p><span style=\"font-weight: 400;\">Structure en m\u00e9lamin\u00e9 plaqu\u00e9e palissandre. Syst\u00e8me d\u2019ouverture de porte \u00e0 rideaux<\/span><\/p>\n","protected":false},"featured_media":6567,"comment_status":"open","ping_status":"closed","template":"","meta":[],"product_brand":[],"product_cat":[302,45],"product_tag":[352,86,146],"class_list":{"0":"post-6563","1":"product","2":"type-product","3":"status-publish","4":"has-post-thumbnail","6":"product_cat-meubles","7":"product_cat-mobilier","8":"product_tag-annees-60","9":"product_tag-bois","10":"product_tag-meuble","12":"first","13":"outofstock","14":"shipping-taxable","15":"purchasable","16":"product-type-simple"},"aioseo_notices":[],"jetpack_sharing_enabled":true,"_links":{"self":[{"href":"https:\/\/lespucesdestju.fr\/index.php?rest_route=\/wp\/v2\/product\/6563","targetHints":{"allow":["GET"]}}],"collection":[{"href":"https:\/\/lespucesdestju.fr\/index.php?rest_route=\/wp\/v2\/product"}],"about":[{"href":"https:\/\/lespucesdestju.fr\/index.php?rest_route=\/wp\/v2\/types\/product"}],"replies":[{"embeddable":true,"href":"https:\/\/lespucesdestju.fr\/index.php?rest_route=%2Fwp%2Fv2%2Fcomments&post=6563"}],"wp:featuredmedia":[{"embeddable":true,"href":"https:\/\/lespucesdestju.fr\/index.php?rest_route=\/wp\/v2\/media\/6567"}],"wp:attachment":[{"href":"https:\/\/lespucesdestju.fr\/index.php?rest_route=%2Fwp%2Fv2%2Fmedia&parent=6563"}],"wp:term":[{"taxonomy":"product_brand","embeddable":true,"href":"https:\/\/lespucesdestju.fr\/index.php?rest_route=%2Fwp%2Fv2%2Fproduct_brand&post=6563"},{"taxonomy":"product_cat","embeddable":true,"href":"https:\/\/lespucesdestju.fr\/index.php?rest_route=%2Fwp%2Fv2%2Fproduct_cat&post=6563"},{"taxonomy":"product_tag","embeddable":true,"href":"https:\/\/lespucesdestju.fr\/index.php?rest_route=%2Fwp%2Fv2%2Fproduct_tag&post=6563"}],"curies":[{"name":"wp","href":"https:\/\/api.w.org\/{rel}","templated":true}]}}

Meuble d’angle des années 60

<p><span style="font-weight: 400;">Meuble d’angle des années 60. </span></p>
<p><span style="font-weight: 400;">Structure en mélaminé plaquée palissandre. Système d’ouverture de porte à rideaux, pieds compas en façade.</span></p>
<p><span style="font-weight: 400;">Etat d’usage (quelques petits chocs et frottements). </span></p>
<blockquote><p><span style="font-weight: 400;">Largeur de la façade 117,5 cm</span></p>
<p><span style="font-weight: 400;">Cotés 63 cm</span></p>
<p><span style="font-weight: 400;">Hauteur 75 cm </span></p>
<p><b><i> Cet objet peut être uniquement retiré en boutique,</i></b><i><span style="font-weight: 400;"> pour la livraison, veuillez nous contacter. </span></i></p>
<p>&nbsp;</p></blockquote>

<p><span style="font-weight: 400;">Structure en mélaminé plaquée palissandre. Système d’ouverture de porte à rideaux</span></p>
