{"id":6544,"date":"2025-05-13T12:34:12","date_gmt":"2025-05-13T10:34:12","guid":{"rendered":"https:\/\/lespucesdestju.fr\/?post_type=product&#038;p=6544"},"modified":"2025-09-14T17:27:23","modified_gmt":"2025-09-14T15:27:23","slug":"paires-de-chevets-de-style-louis-xv","status":"publish","type":"product","link":"https:\/\/lespucesdestju.fr\/?product=paires-de-chevets-de-style-louis-xv","title":{"rendered":"Paires de chevets de style Louis XV"},"content":{"rendered":"<p><span style=\"font-weight: 400\">Paires de chevets de style Louis XV \u00e0 3 tiroirs. Belle patine fonc\u00e9e \u00e0 moirures vertes, bordure sup\u00e9rieure du plateau \u00e0 rechampis vieil or.<\/span><\/p>\n<p><span style=\"font-weight: 400\">Tr\u00e8s bon \u00e9tat<\/span><\/p>\n<blockquote><p>Hauteur : 79 cm<\/p>\n<p>Largeur : 60 cm<\/p>\n<p>Profondeur : 34 cm<\/p>\n<p><b><i>Cet objet peut \u00eatre uniquement retir\u00e9 en boutique,<\/i><\/b><i><span style=\"font-weight: 400\"> pour la livraison, veuillez nous contacter.\u00a0<\/span><\/i><\/p><\/blockquote>\n","protected":false},"excerpt":{"rendered":"<p><span style=\"font-weight: 400\">Paires de chevets de style Louis XV \u00e0 3 tiroirs. Belle patine fonc\u00e9e \u00e0 moirures vertes.<\/span><\/p>\n","protected":false},"featured_media":6545,"comment_status":"open","ping_status":"closed","template":"","meta":[],"product_brand":[],"product_cat":[302,45],"product_tag":[86,146,288,351],"class_list":{"0":"post-6544","1":"product","2":"type-product","3":"status-publish","4":"has-post-thumbnail","6":"product_cat-meubles","7":"product_cat-mobilier","8":"product_tag-bois","9":"product_tag-meuble","10":"product_tag-style-louis-xv","11":"product_tag-table-de-chevet","13":"first","14":"outofstock","15":"shipping-taxable","16":"purchasable","17":"product-type-simple"},"aioseo_notices":[],"jetpack_sharing_enabled":true,"_links":{"self":[{"href":"https:\/\/lespucesdestju.fr\/index.php?rest_route=\/wp\/v2\/product\/6544","targetHints":{"allow":["GET"]}}],"collection":[{"href":"https:\/\/lespucesdestju.fr\/index.php?rest_route=\/wp\/v2\/product"}],"about":[{"href":"https:\/\/lespucesdestju.fr\/index.php?rest_route=\/wp\/v2\/types\/product"}],"replies":[{"embeddable":true,"href":"https:\/\/lespucesdestju.fr\/index.php?rest_route=%2Fwp%2Fv2%2Fcomments&post=6544"}],"wp:featuredmedia":[{"embeddable":true,"href":"https:\/\/lespucesdestju.fr\/index.php?rest_route=\/wp\/v2\/media\/6545"}],"wp:attachment":[{"href":"https:\/\/lespucesdestju.fr\/index.php?rest_route=%2Fwp%2Fv2%2Fmedia&parent=6544"}],"wp:term":[{"taxonomy":"product_brand","embeddable":true,"href":"https:\/\/lespucesdestju.fr\/index.php?rest_route=%2Fwp%2Fv2%2Fproduct_brand&post=6544"},{"taxonomy":"product_cat","embeddable":true,"href":"https:\/\/lespucesdestju.fr\/index.php?rest_route=%2Fwp%2Fv2%2Fproduct_cat&post=6544"},{"taxonomy":"product_tag","embeddable":true,"href":"https:\/\/lespucesdestju.fr\/index.php?rest_route=%2Fwp%2Fv2%2Fproduct_tag&post=6544"}],"curies":[{"name":"wp","href":"https:\/\/api.w.org\/{rel}","templated":true}]}}

<p><span style="font-weight: 400">Paires de chevets de style Louis XV à 3 tiroirs. Belle patine foncée à moirures vertes, bordure supérieure du plateau à rechampis vieil or.</span></p>
<p><span style="font-weight: 400">Très bon état</span></p>
<blockquote><p>Hauteur : 79 cm</p>
<p>Largeur : 60 cm</p>
<p>Profondeur : 34 cm</p>
<p><b><i>Cet objet peut être uniquement retiré en boutique,</i></b><i><span style="font-weight: 400"> pour la livraison, veuillez nous contacter. </span></i></p></blockquote>

<p><span style="font-weight: 400">Paires de chevets de style Louis XV à 3 tiroirs. Belle patine foncée à moirures vertes.</span></p>
