{"id":6529,"date":"2025-05-13T12:20:35","date_gmt":"2025-05-13T10:20:35","guid":{"rendered":"https:\/\/lespucesdestju.fr\/?post_type=product&#038;p=6529"},"modified":"2025-08-20T14:39:20","modified_gmt":"2025-08-20T12:39:20","slug":"vide-poche-cendrier-en-terre-cuite-emaillee","status":"publish","type":"product","link":"https:\/\/lespucesdestju.fr\/?product=vide-poche-cendrier-en-terre-cuite-emaillee","title":{"rendered":"Vide poche\/cendrier en terre cuite \u00e9maill\u00e9e"},"content":{"rendered":"<p><span style=\"font-weight: 400;\">Vide poche\/cendrier<\/span> <span style=\"font-weight: 400;\">en terre cuite \u00e9maill\u00e9e orange, le bassin \u00e0 d\u00e9cor de formes g\u00e9om\u00e9triques tels que losanges, cercles, la bordure mouvement\u00e9e pr\u00e9sente quatre encoches stri\u00e9es.<\/span><\/p>\n<p><span style=\"font-weight: 400;\"> Ecole de Romacr\u00e9a (<\/span><span style=\"font-weight: 400;\"> Groupement de c\u00e9ramistes devenus fabrique puis \u00e9cole dans les ann\u00e9es 1960)<\/span><\/p>\n<blockquote><p><i><span style=\"font-weight: 400;\">Dimensions ( longueur x Largeur x Hauteur) et poids (Kg) pour un objets : <\/span><\/i><b><i>voir informations compl\u00e9mentaires.<\/i><\/b><\/p><\/blockquote>\n","protected":false},"excerpt":{"rendered":"<p><span style=\"font-weight: 400;\">Vide poche\/cendrier<\/span> <span style=\"font-weight: 400;\">en terre cuite \u00e9maill\u00e9e orange, le bassin \u00e0 d\u00e9cor de formes g\u00e9om\u00e9triques <\/span><\/p>\n","protected":false},"featured_media":6530,"comment_status":"open","ping_status":"closed","template":"","meta":[],"product_brand":[],"product_cat":[293,37],"product_tag":[324,61,60,195],"class_list":{"0":"post-6529","1":"product","2":"type-product","3":"status-publish","4":"has-post-thumbnail","6":"product_cat-coupes-plats-et-vide-poche","7":"product_cat-decoration","8":"product_tag-cendrier","9":"product_tag-ceramique","10":"product_tag-decoration","11":"product_tag-vide-poche","13":"first","14":"outofstock","15":"shipping-taxable","16":"purchasable","17":"product-type-simple"},"aioseo_notices":[],"jetpack_sharing_enabled":true,"_links":{"self":[{"href":"https:\/\/lespucesdestju.fr\/index.php?rest_route=\/wp\/v2\/product\/6529","targetHints":{"allow":["GET"]}}],"collection":[{"href":"https:\/\/lespucesdestju.fr\/index.php?rest_route=\/wp\/v2\/product"}],"about":[{"href":"https:\/\/lespucesdestju.fr\/index.php?rest_route=\/wp\/v2\/types\/product"}],"replies":[{"embeddable":true,"href":"https:\/\/lespucesdestju.fr\/index.php?rest_route=%2Fwp%2Fv2%2Fcomments&post=6529"}],"wp:featuredmedia":[{"embeddable":true,"href":"https:\/\/lespucesdestju.fr\/index.php?rest_route=\/wp\/v2\/media\/6530"}],"wp:attachment":[{"href":"https:\/\/lespucesdestju.fr\/index.php?rest_route=%2Fwp%2Fv2%2Fmedia&parent=6529"}],"wp:term":[{"taxonomy":"product_brand","embeddable":true,"href":"https:\/\/lespucesdestju.fr\/index.php?rest_route=%2Fwp%2Fv2%2Fproduct_brand&post=6529"},{"taxonomy":"product_cat","embeddable":true,"href":"https:\/\/lespucesdestju.fr\/index.php?rest_route=%2Fwp%2Fv2%2Fproduct_cat&post=6529"},{"taxonomy":"product_tag","embeddable":true,"href":"https:\/\/lespucesdestju.fr\/index.php?rest_route=%2Fwp%2Fv2%2Fproduct_tag&post=6529"}],"curies":[{"name":"wp","href":"https:\/\/api.w.org\/{rel}","templated":true}]}}

Vide poche/cendrier en terre cuite émaillée

<p><span style="font-weight: 400;">Vide poche/cendrier</span> <span style="font-weight: 400;">en terre cuite émaillée orange, le bassin à décor de formes géométriques tels que losanges, cercles, la bordure mouvementée présente quatre encoches striées.</span></p>
<p><span style="font-weight: 400;"> Ecole de Romacréa (</span><span style="font-weight: 400;"> Groupement de céramistes devenus fabrique puis école dans les années 1960)</span></p>
<blockquote><p><i><span style="font-weight: 400;">Dimensions ( longueur x Largeur x Hauteur) et poids (Kg) pour un objets : </span></i><b><i>voir informations complémentaires.</i></b></p></blockquote>

<p><span style="font-weight: 400;">Vide poche/cendrier</span> <span style="font-weight: 400;">en terre cuite émaillée orange, le bassin à décor de formes géométriques </span></p>
