{"id":6410,"date":"2025-02-28T21:18:03","date_gmt":"2025-02-28T20:18:03","guid":{"rendered":"https:\/\/lespucesdestju.fr\/?post_type=product&#038;p=6410"},"modified":"2025-02-28T21:18:03","modified_gmt":"2025-02-28T20:18:03","slug":"groupe-en-terre-cuite-art-deco","status":"publish","type":"product","link":"https:\/\/lespucesdestju.fr\/?product=groupe-en-terre-cuite-art-deco","title":{"rendered":"Groupe en terre cuite Art D\u00e9co"},"content":{"rendered":"<p><span style=\"font-weight: 400;\">Groupe en terre cuite Art D\u00e9co, \u201cM\u00e8re et enfant\u201d, par Marcel-Andr\u00e9 BOURAINE (1886-1949).<\/span><\/p>\n<p><span style=\"font-weight: 400;\">Dans l\u2019exact stylisation Art D\u00e9co ( Traitement des coiffures notamment) et dans l\u2019emprunt \u00e0 l\u2019antique pour l\u2019interpr\u00e9tation des corps, cette \u0153uvre r\u00e9unit \u00e0 la fois rigueur et gr\u00e2ce..<\/span><\/p>\n<p><span style=\"font-weight: 400;\">Vers 1930, sign\u00e9e sur la terrasse \u00e0 l&rsquo;arri\u00e8re avec le cachet des \u00e9tablissements Susse Fr\u00e8re \u00e0 Paris pour l\u2019\u00e9dition.<\/span><\/p>\n<p><span style=\"font-weight: 400;\">Bel \u00e9tat (petite trace au bras de l\u2019enfant, restauration?).<\/span><\/p>\n<blockquote><p><i><span style=\"font-weight: 400;\">Dimensions ( longueur x Largeur x Hauteur) et poids (Kg) pour un objets : <\/span><\/i><b><i>voir informations compl\u00e9mentaires.<\/i><\/b><\/p><\/blockquote>\n","protected":false},"excerpt":{"rendered":"<p><span style=\"font-weight: 400;\">Groupe en terre cuite Art D\u00e9co<\/span><\/p>\n","protected":false},"featured_media":6411,"comment_status":"open","ping_status":"closed","template":"","meta":[],"product_brand":[],"product_cat":[50,309],"product_tag":[56,64,80],"class_list":{"0":"post-6410","1":"product","2":"type-product","3":"status-publish","4":"has-post-thumbnail","6":"product_cat-art","7":"product_cat-sculptures","8":"product_tag-art","9":"product_tag-sculpture","10":"product_tag-terre-cuite","12":"first","13":"instock","14":"shipping-taxable","15":"purchasable","16":"product-type-simple"},"aioseo_notices":[],"jetpack_sharing_enabled":true,"_links":{"self":[{"href":"https:\/\/lespucesdestju.fr\/index.php?rest_route=\/wp\/v2\/product\/6410","targetHints":{"allow":["GET"]}}],"collection":[{"href":"https:\/\/lespucesdestju.fr\/index.php?rest_route=\/wp\/v2\/product"}],"about":[{"href":"https:\/\/lespucesdestju.fr\/index.php?rest_route=\/wp\/v2\/types\/product"}],"replies":[{"embeddable":true,"href":"https:\/\/lespucesdestju.fr\/index.php?rest_route=%2Fwp%2Fv2%2Fcomments&post=6410"}],"wp:featuredmedia":[{"embeddable":true,"href":"https:\/\/lespucesdestju.fr\/index.php?rest_route=\/wp\/v2\/media\/6411"}],"wp:attachment":[{"href":"https:\/\/lespucesdestju.fr\/index.php?rest_route=%2Fwp%2Fv2%2Fmedia&parent=6410"}],"wp:term":[{"taxonomy":"product_brand","embeddable":true,"href":"https:\/\/lespucesdestju.fr\/index.php?rest_route=%2Fwp%2Fv2%2Fproduct_brand&post=6410"},{"taxonomy":"product_cat","embeddable":true,"href":"https:\/\/lespucesdestju.fr\/index.php?rest_route=%2Fwp%2Fv2%2Fproduct_cat&post=6410"},{"taxonomy":"product_tag","embeddable":true,"href":"https:\/\/lespucesdestju.fr\/index.php?rest_route=%2Fwp%2Fv2%2Fproduct_tag&post=6410"}],"curies":[{"name":"wp","href":"https:\/\/api.w.org\/{rel}","templated":true}]}}

Groupe en terre cuite Art Déco

<p><span style="font-weight: 400;">Groupe en terre cuite Art Déco, “Mère et enfant”, par Marcel-André BOURAINE (1886-1949).</span></p>
<p><span style="font-weight: 400;">Dans l’exact stylisation Art Déco ( Traitement des coiffures notamment) et dans l’emprunt à l’antique pour l’interprétation des corps, cette œuvre réunit à la fois rigueur et grâce..</span></p>
<p><span style="font-weight: 400;">Vers 1930, signée sur la terrasse à l&rsquo;arrière avec le cachet des établissements Susse Frère à Paris pour l’édition.</span></p>
<p><span style="font-weight: 400;">Bel état (petite trace au bras de l’enfant, restauration?).</span></p>
<blockquote><p><i><span style="font-weight: 400;">Dimensions ( longueur x Largeur x Hauteur) et poids (Kg) pour un objets : </span></i><b><i>voir informations complémentaires.</i></b></p></blockquote>

<p><span style="font-weight: 400;">Groupe en terre cuite Art Déco</span></p>
