{"id":6341,"date":"2025-02-06T12:07:57","date_gmt":"2025-02-06T11:07:57","guid":{"rendered":"https:\/\/lespucesdestju.fr\/?post_type=product&#038;p=6341"},"modified":"2025-06-21T16:56:37","modified_gmt":"2025-06-21T14:56:37","slug":"flacon-en-faience-en-forme-de-coeur","status":"publish","type":"product","link":"https:\/\/lespucesdestju.fr\/?product=flacon-en-faience-en-forme-de-coeur","title":{"rendered":"Flacon en fa\u00efence en forme de c\u0153ur"},"content":{"rendered":"<p><span style=\"font-weight: 400;\">Flacon en fa\u00efence en forme de c\u0153ur sacr\u00e9. D\u00e9cors polychromes ( Rouen?) et <\/span><span style=\"font-weight: 400;\">inscription:<\/span><i><span style=\"font-weight: 400;\"> \u201c Votre coeur et le mien ils sont insparables\u201d.<\/span><\/i><span style=\"font-weight: 400;\"> XVIII\/XIX\u00e8me. <\/span><\/p>\n<p><span style=\"font-weight: 400;\">Tr\u00e8s bon \u00e9tat.\u00a0<\/span><\/p>\n<blockquote><p><i><span style=\"font-weight: 400;\">Dimensions ( longueur x Largeur x Hauteur) et poids (Kg) pour un objets : <\/span><\/i><b><i>voir informations compl\u00e9mentaires.<\/i><\/b><\/p><\/blockquote>\n","protected":false},"excerpt":{"rendered":"<p><span style=\"font-weight: 400;\">lacon en fa\u00efence en forme de c\u0153ur sacr\u00e9. D\u00e9cors polychromes <\/span><\/p>\n","protected":false},"featured_media":6346,"comment_status":"open","ping_status":"closed","template":"","meta":[],"product_brand":[],"product_cat":[48,37],"product_tag":[323,93,166],"class_list":{"0":"post-6341","1":"product","2":"type-product","3":"status-publish","4":"has-post-thumbnail","6":"product_cat-curiosite","7":"product_cat-decoration","8":"product_tag-bibelot","9":"product_tag-faience","10":"product_tag-flacon","12":"first","13":"outofstock","14":"shipping-taxable","15":"purchasable","16":"product-type-simple"},"aioseo_notices":[],"jetpack_sharing_enabled":true,"_links":{"self":[{"href":"https:\/\/lespucesdestju.fr\/index.php?rest_route=\/wp\/v2\/product\/6341","targetHints":{"allow":["GET"]}}],"collection":[{"href":"https:\/\/lespucesdestju.fr\/index.php?rest_route=\/wp\/v2\/product"}],"about":[{"href":"https:\/\/lespucesdestju.fr\/index.php?rest_route=\/wp\/v2\/types\/product"}],"replies":[{"embeddable":true,"href":"https:\/\/lespucesdestju.fr\/index.php?rest_route=%2Fwp%2Fv2%2Fcomments&post=6341"}],"wp:featuredmedia":[{"embeddable":true,"href":"https:\/\/lespucesdestju.fr\/index.php?rest_route=\/wp\/v2\/media\/6346"}],"wp:attachment":[{"href":"https:\/\/lespucesdestju.fr\/index.php?rest_route=%2Fwp%2Fv2%2Fmedia&parent=6341"}],"wp:term":[{"taxonomy":"product_brand","embeddable":true,"href":"https:\/\/lespucesdestju.fr\/index.php?rest_route=%2Fwp%2Fv2%2Fproduct_brand&post=6341"},{"taxonomy":"product_cat","embeddable":true,"href":"https:\/\/lespucesdestju.fr\/index.php?rest_route=%2Fwp%2Fv2%2Fproduct_cat&post=6341"},{"taxonomy":"product_tag","embeddable":true,"href":"https:\/\/lespucesdestju.fr\/index.php?rest_route=%2Fwp%2Fv2%2Fproduct_tag&post=6341"}],"curies":[{"name":"wp","href":"https:\/\/api.w.org\/{rel}","templated":true}]}}

Flacon en faïence en forme de cœur

<p><span style="font-weight: 400;">Flacon en faïence en forme de cœur sacré. Décors polychromes ( Rouen?) et </span><span style="font-weight: 400;">inscription:</span><i><span style="font-weight: 400;"> “ Votre coeur et le mien ils sont insparables”.</span></i><span style="font-weight: 400;"> XVIII/XIXème. </span></p>
<p><span style="font-weight: 400;">Très bon état. </span></p>
<blockquote><p><i><span style="font-weight: 400;">Dimensions ( longueur x Largeur x Hauteur) et poids (Kg) pour un objets : </span></i><b><i>voir informations complémentaires.</i></b></p></blockquote>

<p><span style="font-weight: 400;">lacon en faïence en forme de cœur sacré. Décors polychromes </span></p>
