{"id":6326,"date":"2025-02-06T11:57:34","date_gmt":"2025-02-06T10:57:34","guid":{"rendered":"https:\/\/lespucesdestju.fr\/?post_type=product&#038;p=6326"},"modified":"2025-02-06T11:57:34","modified_gmt":"2025-02-06T10:57:34","slug":"vase-cornet-delft-xviiieme","status":"publish","type":"product","link":"https:\/\/lespucesdestju.fr\/?product=vase-cornet-delft-xviiieme","title":{"rendered":"Vase cornet DELFT XVIII\u00e8me"},"content":{"rendered":"<p><span style=\"font-weight: 400;\">Vase cornet DELFT XVIII\u00e8me. D\u00e9cors bleu cobalt de v\u00e9g\u00e9taux, inscriptions sous la base.<\/span><\/p>\n<p><span style=\"font-weight: 400;\"> A signaler restauration ancienne \u00e0 la l\u00e8vre, usures d&rsquo;usage, impacts. <\/span><\/p>\n<p><span style=\"font-weight: 400;\">Bel aspect g\u00e9n\u00e9ral.<\/span><\/p>\n<blockquote><p><i><span style=\"font-weight: 400;\">Dimensions ( longueur x Largeur x Hauteur) et poids (Kg) pour un objets : <\/span><\/i><b><i>voir informations compl\u00e9mentaires.<\/i><\/b><\/p><\/blockquote>\n","protected":false},"excerpt":{"rendered":"<p><span style=\"font-weight: 400;\">Vase cornet DELFT XVIII\u00e8me. D\u00e9cors bleu cobalt de v\u00e9g\u00e9taux<\/span><\/p>\n","protected":false},"featured_media":6327,"comment_status":"open","ping_status":"closed","template":"","meta":[],"product_brand":[],"product_cat":[37,292],"product_tag":[60,59],"class_list":{"0":"post-6326","1":"product","2":"type-product","3":"status-publish","4":"has-post-thumbnail","6":"product_cat-decoration","7":"product_cat-vases-pots-et-contenants","8":"product_tag-decoration","9":"product_tag-vase","11":"first","12":"instock","13":"shipping-taxable","14":"purchasable","15":"product-type-simple"},"aioseo_notices":[],"jetpack_sharing_enabled":true,"_links":{"self":[{"href":"https:\/\/lespucesdestju.fr\/index.php?rest_route=\/wp\/v2\/product\/6326","targetHints":{"allow":["GET"]}}],"collection":[{"href":"https:\/\/lespucesdestju.fr\/index.php?rest_route=\/wp\/v2\/product"}],"about":[{"href":"https:\/\/lespucesdestju.fr\/index.php?rest_route=\/wp\/v2\/types\/product"}],"replies":[{"embeddable":true,"href":"https:\/\/lespucesdestju.fr\/index.php?rest_route=%2Fwp%2Fv2%2Fcomments&post=6326"}],"wp:featuredmedia":[{"embeddable":true,"href":"https:\/\/lespucesdestju.fr\/index.php?rest_route=\/wp\/v2\/media\/6327"}],"wp:attachment":[{"href":"https:\/\/lespucesdestju.fr\/index.php?rest_route=%2Fwp%2Fv2%2Fmedia&parent=6326"}],"wp:term":[{"taxonomy":"product_brand","embeddable":true,"href":"https:\/\/lespucesdestju.fr\/index.php?rest_route=%2Fwp%2Fv2%2Fproduct_brand&post=6326"},{"taxonomy":"product_cat","embeddable":true,"href":"https:\/\/lespucesdestju.fr\/index.php?rest_route=%2Fwp%2Fv2%2Fproduct_cat&post=6326"},{"taxonomy":"product_tag","embeddable":true,"href":"https:\/\/lespucesdestju.fr\/index.php?rest_route=%2Fwp%2Fv2%2Fproduct_tag&post=6326"}],"curies":[{"name":"wp","href":"https:\/\/api.w.org\/{rel}","templated":true}]}}

Vase cornet DELFT XVIIIème

<p><span style="font-weight: 400;">Vase cornet DELFT XVIIIème. Décors bleu cobalt de végétaux, inscriptions sous la base.</span></p>
<p><span style="font-weight: 400;"> A signaler restauration ancienne à la lèvre, usures d&rsquo;usage, impacts. </span></p>
<p><span style="font-weight: 400;">Bel aspect général.</span></p>
<blockquote><p><i><span style="font-weight: 400;">Dimensions ( longueur x Largeur x Hauteur) et poids (Kg) pour un objets : </span></i><b><i>voir informations complémentaires.</i></b></p></blockquote>

<p><span style="font-weight: 400;">Vase cornet DELFT XVIIIème. Décors bleu cobalt de végétaux</span></p>
