{"id":6301,"date":"2025-02-06T11:26:29","date_gmt":"2025-02-06T10:26:29","guid":{"rendered":"https:\/\/lespucesdestju.fr\/?post_type=product&#038;p=6301"},"modified":"2025-03-20T17:04:38","modified_gmt":"2025-03-20T16:04:38","slug":"portrait-de-jeune-homme","status":"publish","type":"product","link":"https:\/\/lespucesdestju.fr\/?product=portrait-de-jeune-homme","title":{"rendered":"\u201cPortrait de jeune homme\u201d"},"content":{"rendered":"<p><span style=\"font-weight: 400;\">\u201cPortrait de jeune homme\u201d. Huile sur toile, \u00e9cole fran\u00e7aise XIX\u00e8me.\u00a0<\/span><\/p>\n<p><span style=\"font-weight: 400;\">Portrait de William Lawton par Aim\u00e9-Adophe Bourgoin (1824- ?). <\/span><\/p>\n<p><span style=\"font-weight: 400;\">Sign\u00e9 \u00e0 droite et dat\u00e9 1852. A l\u2019arri\u00e8re inscription sur plaque <\/span><i><span style=\"font-weight: 400;\">WILLIAM LAWTON 1824-1902 <\/span><\/i><span style=\"font-weight: 400;\">et annotations sur \u00e9tiquettes.<\/span><\/p>\n<p><span style=\"font-weight: 400;\"><strong>Ch\u00e2ssis de toile rectangle 24 x 33 cm<\/strong>, ins\u00e9r\u00e9 dans un <strong>cadre ovale d\u2019\u00e9poque 36 x 45 cm<\/strong>, (redor\u00e9 en partie, petits manques, fissures).<\/span><\/p>\n<p><span style=\"font-weight: 400;\"> Bel \u00e9tat de l\u2019ensemble. <\/span><\/p>\n","protected":false},"excerpt":{"rendered":"<p><span style=\"font-weight: 400;\">\u201cPortrait de jeune homme\u201d. Huile sur toile, \u00e9cole fran\u00e7aise<\/span><\/p>\n","protected":false},"featured_media":6304,"comment_status":"open","ping_status":"closed","template":"","meta":[],"product_brand":[],"product_cat":[50,306],"product_tag":[56,349,97],"class_list":{"0":"post-6301","1":"product","2":"type-product","3":"status-publish","4":"has-post-thumbnail","6":"product_cat-art","7":"product_cat-tableaux-et-peintures","8":"product_tag-art","9":"product_tag-ecole-francaise","10":"product_tag-huile-sur-toile","12":"first","13":"outofstock","14":"shipping-taxable","15":"purchasable","16":"product-type-simple"},"aioseo_notices":[],"jetpack_sharing_enabled":true,"_links":{"self":[{"href":"https:\/\/lespucesdestju.fr\/index.php?rest_route=\/wp\/v2\/product\/6301","targetHints":{"allow":["GET"]}}],"collection":[{"href":"https:\/\/lespucesdestju.fr\/index.php?rest_route=\/wp\/v2\/product"}],"about":[{"href":"https:\/\/lespucesdestju.fr\/index.php?rest_route=\/wp\/v2\/types\/product"}],"replies":[{"embeddable":true,"href":"https:\/\/lespucesdestju.fr\/index.php?rest_route=%2Fwp%2Fv2%2Fcomments&post=6301"}],"wp:featuredmedia":[{"embeddable":true,"href":"https:\/\/lespucesdestju.fr\/index.php?rest_route=\/wp\/v2\/media\/6304"}],"wp:attachment":[{"href":"https:\/\/lespucesdestju.fr\/index.php?rest_route=%2Fwp%2Fv2%2Fmedia&parent=6301"}],"wp:term":[{"taxonomy":"product_brand","embeddable":true,"href":"https:\/\/lespucesdestju.fr\/index.php?rest_route=%2Fwp%2Fv2%2Fproduct_brand&post=6301"},{"taxonomy":"product_cat","embeddable":true,"href":"https:\/\/lespucesdestju.fr\/index.php?rest_route=%2Fwp%2Fv2%2Fproduct_cat&post=6301"},{"taxonomy":"product_tag","embeddable":true,"href":"https:\/\/lespucesdestju.fr\/index.php?rest_route=%2Fwp%2Fv2%2Fproduct_tag&post=6301"}],"curies":[{"name":"wp","href":"https:\/\/api.w.org\/{rel}","templated":true}]}}

<p><span style="font-weight: 400;">“Portrait de jeune homme”. Huile sur toile, école française XIXème. </span></p>
<p><span style="font-weight: 400;">Portrait de William Lawton par Aimé-Adophe Bourgoin (1824- ?). </span></p>
<p><span style="font-weight: 400;">Signé à droite et daté 1852. A l’arrière inscription sur plaque </span><i><span style="font-weight: 400;">WILLIAM LAWTON 1824-1902 </span></i><span style="font-weight: 400;">et annotations sur étiquettes.</span></p>
<p><span style="font-weight: 400;"><strong>Châssis de toile rectangle 24 x 33 cm</strong>, inséré dans un <strong>cadre ovale d’époque 36 x 45 cm</strong>, (redoré en partie, petits manques, fissures).</span></p>
<p><span style="font-weight: 400;"> Bel état de l’ensemble. </span></p>

<p><span style="font-weight: 400;">“Portrait de jeune homme”. Huile sur toile, école française</span></p>
