{"id":6278,"date":"2025-01-22T15:08:43","date_gmt":"2025-01-22T14:08:43","guid":{"rendered":"https:\/\/lespucesdestju.fr\/?post_type=product&#038;p=6278"},"modified":"2025-03-08T17:09:04","modified_gmt":"2025-03-08T16:09:04","slug":"maurice-lerouille-une-matinee-en-septembre","status":"publish","type":"product","link":"https:\/\/lespucesdestju.fr\/?product=maurice-lerouille-une-matinee-en-septembre","title":{"rendered":"Maurice Lerouille \u201cUne matin\u00e9e en septembre\u201d"},"content":{"rendered":"<p><span style=\"font-weight: 400;\">Maurice Lerouille\u00a0 \u201cUne matin\u00e9e en septembre\u201d( XX\u00e8me). <\/span><\/p>\n<p><span style=\"font-weight: 400;\">Tr\u00e8s int\u00e9ressante huile sur toile, avec un sujet trait\u00e9 par la lumi\u00e8re et par une juxtaposition de petites touches de couleurs. <\/span><\/p>\n<p><span style=\"font-weight: 400;\">A rapprocher du mouvement n\u00e9o-impressionniste, en particulier du Divisionnisme d\u00e9fendu par Paul Signac. <\/span><\/p>\n<p><span style=\"font-weight: 400;\">Sign\u00e9e en bas \u00e0 gauche et dat\u00e9 1919. <\/span><\/p>\n<p><span style=\"font-weight: 400;\">Bel \u00e9tat <\/span><\/p>\n<blockquote><p><span style=\"font-weight: 400;\">Toile : 38 x 55 cm. <\/span><\/p><\/blockquote>\n","protected":false},"excerpt":{"rendered":"<p><span style=\"font-weight: 400;\">Maurice Lerouille\u00a0 \u201cUne matin\u00e9e en septembre\u201d( XX\u00e8me).<\/span><\/p>\n","protected":false},"featured_media":6284,"comment_status":"open","ping_status":"closed","template":"","meta":[],"product_brand":[],"product_cat":[50,306],"product_tag":[56,97,100],"class_list":{"0":"post-6278","1":"product","2":"type-product","3":"status-publish","4":"has-post-thumbnail","6":"product_cat-art","7":"product_cat-tableaux-et-peintures","8":"product_tag-art","9":"product_tag-huile-sur-toile","10":"product_tag-peinture","12":"first","13":"outofstock","14":"shipping-taxable","15":"purchasable","16":"product-type-simple"},"aioseo_notices":[],"jetpack_sharing_enabled":true,"_links":{"self":[{"href":"https:\/\/lespucesdestju.fr\/index.php?rest_route=\/wp\/v2\/product\/6278","targetHints":{"allow":["GET"]}}],"collection":[{"href":"https:\/\/lespucesdestju.fr\/index.php?rest_route=\/wp\/v2\/product"}],"about":[{"href":"https:\/\/lespucesdestju.fr\/index.php?rest_route=\/wp\/v2\/types\/product"}],"replies":[{"embeddable":true,"href":"https:\/\/lespucesdestju.fr\/index.php?rest_route=%2Fwp%2Fv2%2Fcomments&post=6278"}],"wp:featuredmedia":[{"embeddable":true,"href":"https:\/\/lespucesdestju.fr\/index.php?rest_route=\/wp\/v2\/media\/6284"}],"wp:attachment":[{"href":"https:\/\/lespucesdestju.fr\/index.php?rest_route=%2Fwp%2Fv2%2Fmedia&parent=6278"}],"wp:term":[{"taxonomy":"product_brand","embeddable":true,"href":"https:\/\/lespucesdestju.fr\/index.php?rest_route=%2Fwp%2Fv2%2Fproduct_brand&post=6278"},{"taxonomy":"product_cat","embeddable":true,"href":"https:\/\/lespucesdestju.fr\/index.php?rest_route=%2Fwp%2Fv2%2Fproduct_cat&post=6278"},{"taxonomy":"product_tag","embeddable":true,"href":"https:\/\/lespucesdestju.fr\/index.php?rest_route=%2Fwp%2Fv2%2Fproduct_tag&post=6278"}],"curies":[{"name":"wp","href":"https:\/\/api.w.org\/{rel}","templated":true}]}}

Maurice Lerouille “Une matinée en septembre”

<p><span style="font-weight: 400;">Maurice Lerouille  “Une matinée en septembre”( XXème). </span></p>
<p><span style="font-weight: 400;">Très intéressante huile sur toile, avec un sujet traité par la lumière et par une juxtaposition de petites touches de couleurs. </span></p>
<p><span style="font-weight: 400;">A rapprocher du mouvement néo-impressionniste, en particulier du Divisionnisme défendu par Paul Signac. </span></p>
<p><span style="font-weight: 400;">Signée en bas à gauche et daté 1919. </span></p>
<p><span style="font-weight: 400;">Bel état </span></p>
<blockquote><p><span style="font-weight: 400;">Toile : 38 x 55 cm. </span></p></blockquote>

<p><span style="font-weight: 400;">Maurice Lerouille  “Une matinée en septembre”( XXème).</span></p>
