{"id":6251,"date":"2025-01-22T14:51:59","date_gmt":"2025-01-22T13:51:59","guid":{"rendered":"https:\/\/lespucesdestju.fr\/?post_type=product&#038;p=6251"},"modified":"2026-01-04T16:53:06","modified_gmt":"2026-01-04T15:53:06","slug":"granville-huile-sur-panneau","status":"publish","type":"product","link":"https:\/\/lespucesdestju.fr\/?product=granville-huile-sur-panneau","title":{"rendered":"\u201cGranville\u201d Huile sur panneau"},"content":{"rendered":"<p><span style=\"font-weight: 400;\">\u201cGranville\u201d Huile sur panneau par Lucien Gall\u00e9e ( N\u00e9 \u00e0 Paris XIX-XX\u00e8me). Ecole de Crozant.<\/span><\/p>\n<p><span style=\"font-weight: 400;\"> Tr\u00e8s belle marine trait\u00e9e dans le style impressionniste par un repr\u00e9sentant direct de la \u201cvall\u00e9e des peintres\u201d o\u00f9 pass\u00e8rent entre autres Guillaumin, Dupr\u00e9, S\u00e9rusier ou Monet..<\/span><\/p>\n<p><span style=\"font-weight: 400;\">Sign\u00e9e en bas \u00e0 droite, dat\u00e9e 1901 et localis\u00e9e \u00e0 Granville. Inscription \u201c L\u2019ami Robinet\u201d.<\/span><\/p>\n<p><span style=\"font-weight: 400;\">Bel \u00e9tat g\u00e9n\u00e9ral.<\/span><\/p>\n<blockquote><p><span style=\"font-weight: 400;\">Toile 22.5 x 32 cm <\/span><\/p>\n<p><span style=\"font-weight: 400;\">Cadre 31 x 40 cm<\/span><\/p><\/blockquote>\n","protected":false},"excerpt":{"rendered":"<p><span style=\"font-weight: 400;\">\u201cGranville\u201d Huile sur panneau par Lucien Gall\u00e9e <\/span><\/p>\n","protected":false},"featured_media":6257,"comment_status":"open","ping_status":"closed","template":"","meta":[],"product_brand":[],"product_cat":[50,306],"product_tag":[56,104,118,101],"class_list":{"0":"post-6251","1":"product","2":"type-product","3":"status-publish","4":"has-post-thumbnail","6":"product_cat-art","7":"product_cat-tableaux-et-peintures","8":"product_tag-art","9":"product_tag-huile-sur-panneau","10":"product_tag-marine","11":"product_tag-tableau","13":"first","14":"outofstock","15":"shipping-taxable","16":"purchasable","17":"product-type-simple"},"aioseo_notices":[],"jetpack_sharing_enabled":true,"_links":{"self":[{"href":"https:\/\/lespucesdestju.fr\/index.php?rest_route=\/wp\/v2\/product\/6251","targetHints":{"allow":["GET"]}}],"collection":[{"href":"https:\/\/lespucesdestju.fr\/index.php?rest_route=\/wp\/v2\/product"}],"about":[{"href":"https:\/\/lespucesdestju.fr\/index.php?rest_route=\/wp\/v2\/types\/product"}],"replies":[{"embeddable":true,"href":"https:\/\/lespucesdestju.fr\/index.php?rest_route=%2Fwp%2Fv2%2Fcomments&post=6251"}],"wp:featuredmedia":[{"embeddable":true,"href":"https:\/\/lespucesdestju.fr\/index.php?rest_route=\/wp\/v2\/media\/6257"}],"wp:attachment":[{"href":"https:\/\/lespucesdestju.fr\/index.php?rest_route=%2Fwp%2Fv2%2Fmedia&parent=6251"}],"wp:term":[{"taxonomy":"product_brand","embeddable":true,"href":"https:\/\/lespucesdestju.fr\/index.php?rest_route=%2Fwp%2Fv2%2Fproduct_brand&post=6251"},{"taxonomy":"product_cat","embeddable":true,"href":"https:\/\/lespucesdestju.fr\/index.php?rest_route=%2Fwp%2Fv2%2Fproduct_cat&post=6251"},{"taxonomy":"product_tag","embeddable":true,"href":"https:\/\/lespucesdestju.fr\/index.php?rest_route=%2Fwp%2Fv2%2Fproduct_tag&post=6251"}],"curies":[{"name":"wp","href":"https:\/\/api.w.org\/{rel}","templated":true}]}}

<p><span style="font-weight: 400;">“Granville” Huile sur panneau par Lucien Gallée ( Né à Paris XIX-XXème). Ecole de Crozant.</span></p>
<p><span style="font-weight: 400;"> Très belle marine traitée dans le style impressionniste par un représentant direct de la “vallée des peintres” où passèrent entre autres Guillaumin, Dupré, Sérusier ou Monet..</span></p>
<p><span style="font-weight: 400;">Signée en bas à droite, datée 1901 et localisée à Granville. Inscription “ L’ami Robinet”.</span></p>
<p><span style="font-weight: 400;">Bel état général.</span></p>
<blockquote><p><span style="font-weight: 400;">Toile 22.5 x 32 cm </span></p>
<p><span style="font-weight: 400;">Cadre 31 x 40 cm</span></p></blockquote>

<p><span style="font-weight: 400;">“Granville” Huile sur panneau par Lucien Gallée </span></p>
