{"id":6160,"date":"2024-12-30T15:32:51","date_gmt":"2024-12-30T14:32:51","guid":{"rendered":"https:\/\/lespucesdestju.fr\/?post_type=product&#038;p=6160"},"modified":"2024-12-30T15:32:51","modified_gmt":"2024-12-30T14:32:51","slug":"lithographie-couleur-ancienne","status":"publish","type":"product","link":"https:\/\/lespucesdestju.fr\/?product=lithographie-couleur-ancienne","title":{"rendered":"Lithographie couleur ancienne"},"content":{"rendered":"<p><span style=\"font-weight: 400;\">Lithographie couleur ancienne : Taguan (\u00e9cureuil volant) (famille Sciuridae), tir\u00e9e de \u00ab La Vie des Animaux \u00bb par Alfred Edmund Brehm (1829-1884). <\/span><\/p>\n<p><span style=\"font-weight: 400;\">Bel \u00e9tat malgr\u00e9 quelques l\u00e9g\u00e8res t\u00e2ches en bordures.<\/span><\/p>\n<blockquote><p><i><span style=\"font-weight: 400;\">Dimensions ( longueur x Largeur x Hauteur) et poids (Kg) pour un objets : <\/span><\/i><b><i>voir informations compl\u00e9mentaires.<\/i><\/b><\/p><\/blockquote>\n","protected":false},"excerpt":{"rendered":"<p><span style=\"font-weight: 400;\">Lithographie couleur ancienne : Taguan (\u00e9cureuil volant)\u00a0<\/span><\/p>\n","protected":false},"featured_media":6166,"comment_status":"open","ping_status":"closed","template":"","meta":[],"product_brand":[],"product_cat":[50,307],"product_tag":[56,216],"class_list":{"0":"post-6160","1":"product","2":"type-product","3":"status-publish","4":"has-post-thumbnail","6":"product_cat-art","7":"product_cat-dessins-gravures-et-lithographies","8":"product_tag-art","9":"product_tag-lithographie","11":"first","12":"instock","13":"shipping-taxable","14":"purchasable","15":"product-type-simple"},"aioseo_notices":[],"jetpack_sharing_enabled":true,"_links":{"self":[{"href":"https:\/\/lespucesdestju.fr\/index.php?rest_route=\/wp\/v2\/product\/6160","targetHints":{"allow":["GET"]}}],"collection":[{"href":"https:\/\/lespucesdestju.fr\/index.php?rest_route=\/wp\/v2\/product"}],"about":[{"href":"https:\/\/lespucesdestju.fr\/index.php?rest_route=\/wp\/v2\/types\/product"}],"replies":[{"embeddable":true,"href":"https:\/\/lespucesdestju.fr\/index.php?rest_route=%2Fwp%2Fv2%2Fcomments&post=6160"}],"wp:featuredmedia":[{"embeddable":true,"href":"https:\/\/lespucesdestju.fr\/index.php?rest_route=\/wp\/v2\/media\/6166"}],"wp:attachment":[{"href":"https:\/\/lespucesdestju.fr\/index.php?rest_route=%2Fwp%2Fv2%2Fmedia&parent=6160"}],"wp:term":[{"taxonomy":"product_brand","embeddable":true,"href":"https:\/\/lespucesdestju.fr\/index.php?rest_route=%2Fwp%2Fv2%2Fproduct_brand&post=6160"},{"taxonomy":"product_cat","embeddable":true,"href":"https:\/\/lespucesdestju.fr\/index.php?rest_route=%2Fwp%2Fv2%2Fproduct_cat&post=6160"},{"taxonomy":"product_tag","embeddable":true,"href":"https:\/\/lespucesdestju.fr\/index.php?rest_route=%2Fwp%2Fv2%2Fproduct_tag&post=6160"}],"curies":[{"name":"wp","href":"https:\/\/api.w.org\/{rel}","templated":true}]}}