{"id":6084,"date":"2024-12-07T15:24:21","date_gmt":"2024-12-07T14:24:21","guid":{"rendered":"https:\/\/lespucesdestju.fr\/?post_type=product&#038;p=6084"},"modified":"2024-12-07T15:24:21","modified_gmt":"2024-12-07T14:24:21","slug":"flutes-a-champagne","status":"publish","type":"product","link":"https:\/\/lespucesdestju.fr\/?product=flutes-a-champagne","title":{"rendered":"Fl\u00fbtes \u00e0 champagne"},"content":{"rendered":"<p><span style=\"font-weight: 400;\">Fl\u00fbtes \u00e0 champagne en cristal, par Villeroy et Boch. Lot de\u00a0 11 fl\u00fbtes en cristal moul\u00e9 et taill\u00e9, sign\u00e9es Villeroy et Boch ( VB) sous le pied.<\/span><\/p>\n<p><span style=\"font-weight: 400;\"> Tr\u00e8s bel \u00e9tat.<\/span><\/p>\n<blockquote><p><i><span style=\"font-weight: 400;\">Dimensions ( longueur x Largeur x Hauteur) et poids (Kg) pour un objets : <\/span><\/i><b><i>voir informations compl\u00e9mentaires.<\/i><\/b><\/p><\/blockquote>\n","protected":false},"excerpt":{"rendered":"<p><span style=\"font-weight: 400;\">Fl\u00fbtes \u00e0 champagne en cristal, par Villeroy <\/span><\/p>\n","protected":false},"featured_media":6089,"comment_status":"open","ping_status":"closed","template":"","meta":[],"product_brand":[],"product_cat":[15,298],"product_tag":[66,68,67,345],"class_list":{"0":"post-6084","1":"product","2":"type-product","3":"status-publish","4":"has-post-thumbnail","6":"product_cat-art-de-la-table","7":"product_cat-verres-a-boires","8":"product_tag-art-de-la-table","9":"product_tag-coupe","10":"product_tag-cristal","11":"product_tag-verre-a-boire","13":"first","14":"instock","15":"shipping-taxable","16":"purchasable","17":"product-type-simple"},"aioseo_notices":[],"jetpack_sharing_enabled":true,"_links":{"self":[{"href":"https:\/\/lespucesdestju.fr\/index.php?rest_route=\/wp\/v2\/product\/6084","targetHints":{"allow":["GET"]}}],"collection":[{"href":"https:\/\/lespucesdestju.fr\/index.php?rest_route=\/wp\/v2\/product"}],"about":[{"href":"https:\/\/lespucesdestju.fr\/index.php?rest_route=\/wp\/v2\/types\/product"}],"replies":[{"embeddable":true,"href":"https:\/\/lespucesdestju.fr\/index.php?rest_route=%2Fwp%2Fv2%2Fcomments&post=6084"}],"wp:featuredmedia":[{"embeddable":true,"href":"https:\/\/lespucesdestju.fr\/index.php?rest_route=\/wp\/v2\/media\/6089"}],"wp:attachment":[{"href":"https:\/\/lespucesdestju.fr\/index.php?rest_route=%2Fwp%2Fv2%2Fmedia&parent=6084"}],"wp:term":[{"taxonomy":"product_brand","embeddable":true,"href":"https:\/\/lespucesdestju.fr\/index.php?rest_route=%2Fwp%2Fv2%2Fproduct_brand&post=6084"},{"taxonomy":"product_cat","embeddable":true,"href":"https:\/\/lespucesdestju.fr\/index.php?rest_route=%2Fwp%2Fv2%2Fproduct_cat&post=6084"},{"taxonomy":"product_tag","embeddable":true,"href":"https:\/\/lespucesdestju.fr\/index.php?rest_route=%2Fwp%2Fv2%2Fproduct_tag&post=6084"}],"curies":[{"name":"wp","href":"https:\/\/api.w.org\/{rel}","templated":true}]}}