{"id":6077,"date":"2024-12-07T15:20:04","date_gmt":"2024-12-07T14:20:04","guid":{"rendered":"https:\/\/lespucesdestju.fr\/?post_type=product&#038;p=6077"},"modified":"2024-12-07T15:20:04","modified_gmt":"2024-12-07T14:20:04","slug":"coupes-a-champagne-en-cristal-2","status":"publish","type":"product","link":"https:\/\/lespucesdestju.fr\/?product=coupes-a-champagne-en-cristal-2","title":{"rendered":"Coupes \u00e0 champagne en cristal"},"content":{"rendered":"<p><span style=\"font-weight: 400;\">Coupes \u00e0 champagne en cristal taill\u00e9.<\/span><\/p>\n<p><span style=\"font-weight: 400;\"> Tr\u00e8s belles coupes \u00e0 champagne anciennes, en cristal souffl\u00e9 et taill\u00e9, \u00e0 d\u00e9cors grav\u00e9s de croisillons. <\/span><\/p>\n<p><span style=\"font-weight: 400;\">Forme conique originale, lot de 10 coupes.<\/span><\/p>\n<blockquote><p><i><span style=\"font-weight: 400;\">Dimensions ( longueur x Largeur x Hauteur) et poids (Kg) pour un objets : <\/span><\/i><b><i>voir informations compl\u00e9mentaires.<\/i><\/b><\/p><\/blockquote>\n","protected":false},"excerpt":{"rendered":"<p><span style=\"font-weight: 400;\">Coupes \u00e0 champagne en cristal taill\u00e9.<\/span><\/p>\n","protected":false},"featured_media":6078,"comment_status":"open","ping_status":"closed","template":"","meta":[],"product_brand":[],"product_cat":[298],"product_tag":[66,68,67,345],"class_list":{"0":"post-6077","1":"product","2":"type-product","3":"status-publish","4":"has-post-thumbnail","6":"product_cat-verres-a-boires","7":"product_tag-art-de-la-table","8":"product_tag-coupe","9":"product_tag-cristal","10":"product_tag-verre-a-boire","12":"first","13":"instock","14":"shipping-taxable","15":"purchasable","16":"product-type-simple"},"aioseo_notices":[],"jetpack_sharing_enabled":true,"_links":{"self":[{"href":"https:\/\/lespucesdestju.fr\/index.php?rest_route=\/wp\/v2\/product\/6077","targetHints":{"allow":["GET"]}}],"collection":[{"href":"https:\/\/lespucesdestju.fr\/index.php?rest_route=\/wp\/v2\/product"}],"about":[{"href":"https:\/\/lespucesdestju.fr\/index.php?rest_route=\/wp\/v2\/types\/product"}],"replies":[{"embeddable":true,"href":"https:\/\/lespucesdestju.fr\/index.php?rest_route=%2Fwp%2Fv2%2Fcomments&post=6077"}],"wp:featuredmedia":[{"embeddable":true,"href":"https:\/\/lespucesdestju.fr\/index.php?rest_route=\/wp\/v2\/media\/6078"}],"wp:attachment":[{"href":"https:\/\/lespucesdestju.fr\/index.php?rest_route=%2Fwp%2Fv2%2Fmedia&parent=6077"}],"wp:term":[{"taxonomy":"product_brand","embeddable":true,"href":"https:\/\/lespucesdestju.fr\/index.php?rest_route=%2Fwp%2Fv2%2Fproduct_brand&post=6077"},{"taxonomy":"product_cat","embeddable":true,"href":"https:\/\/lespucesdestju.fr\/index.php?rest_route=%2Fwp%2Fv2%2Fproduct_cat&post=6077"},{"taxonomy":"product_tag","embeddable":true,"href":"https:\/\/lespucesdestju.fr\/index.php?rest_route=%2Fwp%2Fv2%2Fproduct_tag&post=6077"}],"curies":[{"name":"wp","href":"https:\/\/api.w.org\/{rel}","templated":true}]}}