{"id":6046,"date":"2024-12-07T14:54:19","date_gmt":"2024-12-07T13:54:19","guid":{"rendered":"https:\/\/lespucesdestju.fr\/?post_type=product&#038;p=6046"},"modified":"2024-12-07T14:55:04","modified_gmt":"2024-12-07T13:55:04","slug":"vase-delft-xviiieme","status":"publish","type":"product","link":"https:\/\/lespucesdestju.fr\/?product=vase-delft-xviiieme","title":{"rendered":"Vase Delft XVIII\u00e8me"},"content":{"rendered":"<p><span style=\"font-weight: 400;\">Vase Delft XVIII\u00e8me. <\/span><\/p>\n<p><span style=\"font-weight: 400;\">Vase \u00e0 section quadrangulaire (pans coup\u00e9s), et \u00e0 \u00e9maillage blanc\/bleu, caract\u00e9ristique des productions de la seconde moiti\u00e9 du 18\u00e8me si\u00e8cle, \u00e0 Delft.<\/span><\/p>\n<p><span style=\"font-weight: 400;\"> Il pr\u00e9sente sur sa face un cartouche d\u2019entrelacs surmont\u00e9 d\u2019une coquille, dans lequel est repr\u00e9sent\u00e9 un gentilhomme dans un paysage. <\/span><\/p>\n<p><span style=\"font-weight: 400;\">Etat correct d\u2019origine. A signaler, quelques d\u00e9fauts de cuisson et un \u00e9clat sur la bordure. Sign\u00e9 sous la base.<\/span><\/p>\n<blockquote><p><i><span style=\"font-weight: 400;\">Dimensions ( longueur x Largeur x Hauteur) et poids (Kg) pour un objets : <\/span><\/i><b><i>voir informations compl\u00e9mentaires.<\/i><\/b><\/p><\/blockquote>\n","protected":false},"excerpt":{"rendered":"<p><span style=\"font-weight: 400;\">Vase Delft XVIII\u00e8me. <\/span><span style=\"font-weight: 400;\">Vase \u00e0 section quadrangulaire<\/span><\/p>\n","protected":false},"featured_media":6047,"comment_status":"open","ping_status":"closed","template":"","meta":[],"product_brand":[],"product_cat":[37,292],"product_tag":[343,61,60,59],"class_list":{"0":"post-6046","1":"product","2":"type-product","3":"status-publish","4":"has-post-thumbnail","6":"product_cat-decoration","7":"product_cat-vases-pots-et-contenants","8":"product_tag-bleu","9":"product_tag-ceramique","10":"product_tag-decoration","11":"product_tag-vase","13":"first","14":"instock","15":"shipping-taxable","16":"purchasable","17":"product-type-simple"},"aioseo_notices":[],"jetpack_sharing_enabled":true,"_links":{"self":[{"href":"https:\/\/lespucesdestju.fr\/index.php?rest_route=\/wp\/v2\/product\/6046","targetHints":{"allow":["GET"]}}],"collection":[{"href":"https:\/\/lespucesdestju.fr\/index.php?rest_route=\/wp\/v2\/product"}],"about":[{"href":"https:\/\/lespucesdestju.fr\/index.php?rest_route=\/wp\/v2\/types\/product"}],"replies":[{"embeddable":true,"href":"https:\/\/lespucesdestju.fr\/index.php?rest_route=%2Fwp%2Fv2%2Fcomments&post=6046"}],"wp:featuredmedia":[{"embeddable":true,"href":"https:\/\/lespucesdestju.fr\/index.php?rest_route=\/wp\/v2\/media\/6047"}],"wp:attachment":[{"href":"https:\/\/lespucesdestju.fr\/index.php?rest_route=%2Fwp%2Fv2%2Fmedia&parent=6046"}],"wp:term":[{"taxonomy":"product_brand","embeddable":true,"href":"https:\/\/lespucesdestju.fr\/index.php?rest_route=%2Fwp%2Fv2%2Fproduct_brand&post=6046"},{"taxonomy":"product_cat","embeddable":true,"href":"https:\/\/lespucesdestju.fr\/index.php?rest_route=%2Fwp%2Fv2%2Fproduct_cat&post=6046"},{"taxonomy":"product_tag","embeddable":true,"href":"https:\/\/lespucesdestju.fr\/index.php?rest_route=%2Fwp%2Fv2%2Fproduct_tag&post=6046"}],"curies":[{"name":"wp","href":"https:\/\/api.w.org\/{rel}","templated":true}]}}

Vase Delft XVIIIème

<p><span style="font-weight: 400;">Vase Delft XVIIIème. </span></p>
<p><span style="font-weight: 400;">Vase à section quadrangulaire (pans coupés), et à émaillage blanc/bleu, caractéristique des productions de la seconde moitié du 18ème siècle, à Delft.</span></p>
<p><span style="font-weight: 400;"> Il présente sur sa face un cartouche d’entrelacs surmonté d’une coquille, dans lequel est représenté un gentilhomme dans un paysage. </span></p>
<p><span style="font-weight: 400;">Etat correct d’origine. A signaler, quelques défauts de cuisson et un éclat sur la bordure. Signé sous la base.</span></p>
<blockquote><p><i><span style="font-weight: 400;">Dimensions ( longueur x Largeur x Hauteur) et poids (Kg) pour un objets : </span></i><b><i>voir informations complémentaires.</i></b></p></blockquote>

<p><span style="font-weight: 400;">Vase Delft XVIIIème. </span><span style="font-weight: 400;">Vase à section quadrangulaire</span></p>
