{"id":5978,"date":"2024-11-29T11:20:36","date_gmt":"2024-11-29T10:20:36","guid":{"rendered":"https:\/\/lespucesdestju.fr\/?post_type=product&#038;p=5978"},"modified":"2025-07-03T10:35:39","modified_gmt":"2025-07-03T08:35:39","slug":"lampe-maison-charles","status":"publish","type":"product","link":"https:\/\/lespucesdestju.fr\/?product=lampe-maison-charles","title":{"rendered":"Lampe Maison Charles"},"content":{"rendered":"<p><span style=\"font-weight: 400;\">Lampe Maison Charles. <\/span><\/p>\n<p><span style=\"font-weight: 400;\">Lampe des ann\u00e9es 70 par la Maison Charles, orn\u00e9e d\u2019un \u0153uf d\u2019autruche mont\u00e9 dans des \u00e9l\u00e9ments en bronze dor\u00e9. <\/span><\/p>\n<p><span style=\"font-weight: 400;\">Base en marbre noir et bronze. Tr\u00e8s bon \u00e9tat.<\/span><\/p>\n<p><span style=\"font-weight: 400;\"> Abat-jour non d\u2019origine.<\/span><\/p>\n<blockquote><p><i><span style=\"font-weight: 400;\">Dimensions et poids pour une lampe abat-jour compris <\/span><\/i><b><i>(voir infos compl\u00e9mentaires)<\/i><\/b><\/p>\n<p><b><i>PEUT \u00caTRE ENVOY\u00c9 EN PLUSIEUR COLIS<\/i><\/b><\/p>\n<p>&nbsp;<\/p><\/blockquote>\n<p>&nbsp;<\/p>\n","protected":false},"excerpt":{"rendered":"<p><span style=\"font-weight: 400;\">Lampe Maison Charles <\/span><span style=\"font-weight: 400;\">des ann\u00e9es 70<\/span><\/p>\n","protected":false},"featured_media":5979,"comment_status":"open","ping_status":"closed","template":"","meta":[],"product_brand":[],"product_cat":[46,45],"product_tag":[337,70,76,338],"class_list":{"0":"post-5978","1":"product","2":"type-product","3":"status-publish","4":"has-post-thumbnail","6":"product_cat-luminaires-et-eclairages","7":"product_cat-mobilier","8":"product_tag-annees-70","9":"product_tag-bronze","10":"product_tag-lampe","11":"product_tag-maison-charles","13":"first","14":"instock","15":"shipping-taxable","16":"purchasable","17":"product-type-simple"},"aioseo_notices":[],"jetpack_sharing_enabled":true,"_links":{"self":[{"href":"https:\/\/lespucesdestju.fr\/index.php?rest_route=\/wp\/v2\/product\/5978","targetHints":{"allow":["GET"]}}],"collection":[{"href":"https:\/\/lespucesdestju.fr\/index.php?rest_route=\/wp\/v2\/product"}],"about":[{"href":"https:\/\/lespucesdestju.fr\/index.php?rest_route=\/wp\/v2\/types\/product"}],"replies":[{"embeddable":true,"href":"https:\/\/lespucesdestju.fr\/index.php?rest_route=%2Fwp%2Fv2%2Fcomments&post=5978"}],"wp:featuredmedia":[{"embeddable":true,"href":"https:\/\/lespucesdestju.fr\/index.php?rest_route=\/wp\/v2\/media\/5979"}],"wp:attachment":[{"href":"https:\/\/lespucesdestju.fr\/index.php?rest_route=%2Fwp%2Fv2%2Fmedia&parent=5978"}],"wp:term":[{"taxonomy":"product_brand","embeddable":true,"href":"https:\/\/lespucesdestju.fr\/index.php?rest_route=%2Fwp%2Fv2%2Fproduct_brand&post=5978"},{"taxonomy":"product_cat","embeddable":true,"href":"https:\/\/lespucesdestju.fr\/index.php?rest_route=%2Fwp%2Fv2%2Fproduct_cat&post=5978"},{"taxonomy":"product_tag","embeddable":true,"href":"https:\/\/lespucesdestju.fr\/index.php?rest_route=%2Fwp%2Fv2%2Fproduct_tag&post=5978"}],"curies":[{"name":"wp","href":"https:\/\/api.w.org\/{rel}","templated":true}]}}