{"id":5967,"date":"2024-11-29T11:13:54","date_gmt":"2024-11-29T10:13:54","guid":{"rendered":"https:\/\/lespucesdestju.fr\/?post_type=product&#038;p=5967"},"modified":"2025-08-17T18:00:46","modified_gmt":"2025-08-17T16:00:46","slug":"grande-lampe-annee-70-accolay","status":"publish","type":"product","link":"https:\/\/lespucesdestju.fr\/?product=grande-lampe-annee-70-accolay","title":{"rendered":"Grande lampe ann\u00e9e 70, Accolay"},"content":{"rendered":"<p><span style=\"font-weight: 400;\">Grande lampe ann\u00e9e 70, Accolay. <\/span><\/p>\n<p><span style=\"font-weight: 400;\">Grande lampe \u00e0 poser au sol, par les c\u00e9ramistes d\u2019Accolay ( sign\u00e9e sous la base), pourvu d\u2019un spectaculaire abat-jour en r\u00e9sine \u00e0 inclusions d\u2019herbiers et papillons. <\/span><\/p>\n<p><span style=\"font-weight: 400;\">Bon \u00e9tat g\u00e9n\u00e9ral malgr\u00e9 quelques f\u00eales dans la partie basse de l\u2019abat-jour.<\/span><\/p>\n<blockquote><p><i><span style=\"font-weight: 400;\">Dimensions ( longueur x Largeur x Hauteur) et poids (Kg) pour un objets : <\/span><\/i><b><i>voir informations compl\u00e9mentaires.<\/i><\/b><\/p>\n<p><b><i>PEUT \u00caTRE ENVOY\u00c9 EN PLUSIEUR COLIS<\/i><\/b><\/p><\/blockquote>\n","protected":false},"excerpt":{"rendered":"<p><span style=\"font-weight: 400;\">Grande lampe ann\u00e9e 70, Accolay.<\/span><\/p>\n","protected":false},"featured_media":5973,"comment_status":"open","ping_status":"closed","template":"","meta":[],"product_brand":[],"product_cat":[46,45],"product_tag":[337,61,76,174],"class_list":{"0":"post-5967","1":"product","2":"type-product","3":"status-publish","4":"has-post-thumbnail","6":"product_cat-luminaires-et-eclairages","7":"product_cat-mobilier","8":"product_tag-annees-70","9":"product_tag-ceramique","10":"product_tag-lampe","11":"product_tag-resine","13":"first","14":"outofstock","15":"shipping-taxable","16":"purchasable","17":"product-type-simple"},"aioseo_notices":[],"jetpack_sharing_enabled":true,"_links":{"self":[{"href":"https:\/\/lespucesdestju.fr\/index.php?rest_route=\/wp\/v2\/product\/5967","targetHints":{"allow":["GET"]}}],"collection":[{"href":"https:\/\/lespucesdestju.fr\/index.php?rest_route=\/wp\/v2\/product"}],"about":[{"href":"https:\/\/lespucesdestju.fr\/index.php?rest_route=\/wp\/v2\/types\/product"}],"replies":[{"embeddable":true,"href":"https:\/\/lespucesdestju.fr\/index.php?rest_route=%2Fwp%2Fv2%2Fcomments&post=5967"}],"wp:featuredmedia":[{"embeddable":true,"href":"https:\/\/lespucesdestju.fr\/index.php?rest_route=\/wp\/v2\/media\/5973"}],"wp:attachment":[{"href":"https:\/\/lespucesdestju.fr\/index.php?rest_route=%2Fwp%2Fv2%2Fmedia&parent=5967"}],"wp:term":[{"taxonomy":"product_brand","embeddable":true,"href":"https:\/\/lespucesdestju.fr\/index.php?rest_route=%2Fwp%2Fv2%2Fproduct_brand&post=5967"},{"taxonomy":"product_cat","embeddable":true,"href":"https:\/\/lespucesdestju.fr\/index.php?rest_route=%2Fwp%2Fv2%2Fproduct_cat&post=5967"},{"taxonomy":"product_tag","embeddable":true,"href":"https:\/\/lespucesdestju.fr\/index.php?rest_route=%2Fwp%2Fv2%2Fproduct_tag&post=5967"}],"curies":[{"name":"wp","href":"https:\/\/api.w.org\/{rel}","templated":true}]}}

Grande lampe année 70, Accolay

<p><span style="font-weight: 400;">Grande lampe année 70, Accolay. </span></p>
<p><span style="font-weight: 400;">Grande lampe à poser au sol, par les céramistes d’Accolay ( signée sous la base), pourvu d’un spectaculaire abat-jour en résine à inclusions d’herbiers et papillons. </span></p>
<p><span style="font-weight: 400;">Bon état général malgré quelques fêles dans la partie basse de l’abat-jour.</span></p>
<blockquote><p><i><span style="font-weight: 400;">Dimensions ( longueur x Largeur x Hauteur) et poids (Kg) pour un objets : </span></i><b><i>voir informations complémentaires.</i></b></p>
<p><b><i>PEUT ÊTRE ENVOYÉ EN PLUSIEUR COLIS</i></b></p></blockquote>

<p><span style="font-weight: 400;">Grande lampe année 70, Accolay.</span></p>
