{"id":5956,"date":"2024-11-29T11:04:46","date_gmt":"2024-11-29T10:04:46","guid":{"rendered":"https:\/\/lespucesdestju.fr\/?post_type=product&#038;p=5956"},"modified":"2025-03-29T16:56:30","modified_gmt":"2025-03-29T15:56:30","slug":"lampe-annees-70","status":"publish","type":"product","link":"https:\/\/lespucesdestju.fr\/?product=lampe-annees-70","title":{"rendered":"Lampe ann\u00e9es 70"},"content":{"rendered":"<p><span style=\"font-weight: 400;\">Lampe ann\u00e9es 70 en verre de Murano. Spectaculaire lampe des ann\u00e9es 70\/80, dans l\u2019esprit des cr\u00e9ations Barovier et Toso. <\/span><\/p>\n<p><span style=\"font-weight: 400;\">Le pied est compos\u00e9 d\u2019une colonne en verre fil\u00e9 avec inclusion de paillettes or. Il repose sur un socle carr\u00e9 \u00e0 degr\u00e9s en laiton et plexiglass.\u00a0 <\/span><\/p>\n<p><span style=\"font-weight: 400;\">L\u2019abat jour cylindrique en m\u00e9tal chrom\u00e9 est incurv\u00e9 sur une portion dans sa hauteur, en m\u00e9tal dor\u00e9, cr\u00e9ant ainsi un effet visuel original. <\/span><\/p>\n<p><span style=\"font-weight: 400;\">A signaler quelques rayures et petits impacts sur l\u2019abat-jour. Tr\u00e8s bel \u00e9tat g\u00e9n\u00e9ral.<\/span><\/p>\n<blockquote><p><b><i>PEUT \u00caTRE ENVOY\u00c9 EN PLUSIEUR COLIS<\/i><\/b><\/p>\n<p><i><span style=\"font-weight: 400;\">\u00a0Dimensions et poids pour une lampe abat-jour compris <\/span><\/i><b><i>(voir infos compl\u00e9mentaires)<\/i><\/b><\/p><\/blockquote>\n","protected":false},"excerpt":{"rendered":"<p><span style=\"font-weight: 400;\">Lampe ann\u00e9es 70 en verre de Murano<\/span><\/p>\n","protected":false},"featured_media":5965,"comment_status":"open","ping_status":"closed","template":"","meta":[],"product_brand":[],"product_cat":[46,45],"product_tag":[337,76,336,75],"class_list":{"0":"post-5956","1":"product","2":"type-product","3":"status-publish","4":"has-post-thumbnail","6":"product_cat-luminaires-et-eclairages","7":"product_cat-mobilier","8":"product_tag-annees-70","9":"product_tag-lampe","10":"product_tag-murano","11":"product_tag-verre","13":"first","14":"outofstock","15":"shipping-taxable","16":"purchasable","17":"product-type-simple"},"aioseo_notices":[],"jetpack_sharing_enabled":true,"_links":{"self":[{"href":"https:\/\/lespucesdestju.fr\/index.php?rest_route=\/wp\/v2\/product\/5956","targetHints":{"allow":["GET"]}}],"collection":[{"href":"https:\/\/lespucesdestju.fr\/index.php?rest_route=\/wp\/v2\/product"}],"about":[{"href":"https:\/\/lespucesdestju.fr\/index.php?rest_route=\/wp\/v2\/types\/product"}],"replies":[{"embeddable":true,"href":"https:\/\/lespucesdestju.fr\/index.php?rest_route=%2Fwp%2Fv2%2Fcomments&post=5956"}],"wp:featuredmedia":[{"embeddable":true,"href":"https:\/\/lespucesdestju.fr\/index.php?rest_route=\/wp\/v2\/media\/5965"}],"wp:attachment":[{"href":"https:\/\/lespucesdestju.fr\/index.php?rest_route=%2Fwp%2Fv2%2Fmedia&parent=5956"}],"wp:term":[{"taxonomy":"product_brand","embeddable":true,"href":"https:\/\/lespucesdestju.fr\/index.php?rest_route=%2Fwp%2Fv2%2Fproduct_brand&post=5956"},{"taxonomy":"product_cat","embeddable":true,"href":"https:\/\/lespucesdestju.fr\/index.php?rest_route=%2Fwp%2Fv2%2Fproduct_cat&post=5956"},{"taxonomy":"product_tag","embeddable":true,"href":"https:\/\/lespucesdestju.fr\/index.php?rest_route=%2Fwp%2Fv2%2Fproduct_tag&post=5956"}],"curies":[{"name":"wp","href":"https:\/\/api.w.org\/{rel}","templated":true}]}}

Lampe années 70

<p><span style="font-weight: 400;">Lampe années 70 en verre de Murano. Spectaculaire lampe des années 70/80, dans l’esprit des créations Barovier et Toso. </span></p>
<p><span style="font-weight: 400;">Le pied est composé d’une colonne en verre filé avec inclusion de paillettes or. Il repose sur un socle carré à degrés en laiton et plexiglass.  </span></p>
<p><span style="font-weight: 400;">L’abat jour cylindrique en métal chromé est incurvé sur une portion dans sa hauteur, en métal doré, créant ainsi un effet visuel original. </span></p>
<p><span style="font-weight: 400;">A signaler quelques rayures et petits impacts sur l’abat-jour. Très bel état général.</span></p>
<blockquote><p><b><i>PEUT ÊTRE ENVOYÉ EN PLUSIEUR COLIS</i></b></p>
<p><i><span style="font-weight: 400;"> Dimensions et poids pour une lampe abat-jour compris </span></i><b><i>(voir infos complémentaires)</i></b></p></blockquote>

<p><span style="font-weight: 400;">Lampe années 70 en verre de Murano</span></p>
