{"id":5919,"date":"2024-11-29T10:17:32","date_gmt":"2024-11-29T09:17:32","guid":{"rendered":"https:\/\/lespucesdestju.fr\/?post_type=product&#038;p=5919"},"modified":"2024-11-29T10:17:32","modified_gmt":"2024-11-29T09:17:32","slug":"lampe-en-cristal-et-bronze","status":"publish","type":"product","link":"https:\/\/lespucesdestju.fr\/?product=lampe-en-cristal-et-bronze","title":{"rendered":"Lampe en cristal et bronze"},"content":{"rendered":"<p><span style=\"font-weight: 400;\">Lampe en cristal et bronze. Belle lampe des ann\u00e9es 60\/70, avec un pied dont les \u00e9l\u00e9ments sont en cristal moul\u00e9 \u00e0 d\u00e9cor de pointes de diamant, bagues et socle en bronze.<\/span><\/p>\n<p><span style=\"font-weight: 400;\"> Abat-jour d\u2019origine, int\u00e9rieur dor\u00e9. <\/span><\/p>\n<p><span style=\"font-weight: 400;\">Bel \u00e9tat g\u00e9n\u00e9ral.\u00a0<\/span><\/p>\n<blockquote><p><i><span style=\"font-weight: 400;\">Dimensions et poids pour une lampe abat-jour compris <\/span><\/i><b><i>(voir infos compl\u00e9mentaires)<\/i><\/b><\/p><\/blockquote>\n","protected":false},"excerpt":{"rendered":"<p><span style=\"font-weight: 400;\">Lampe en cristal et bronze. Belle lampe des ann\u00e9es 60\/70<\/span><\/p>\n","protected":false},"featured_media":5920,"comment_status":"open","ping_status":"closed","template":"","meta":[],"product_brand":[],"product_cat":[46,45],"product_tag":[70,67,76],"class_list":{"0":"post-5919","1":"product","2":"type-product","3":"status-publish","4":"has-post-thumbnail","6":"product_cat-luminaires-et-eclairages","7":"product_cat-mobilier","8":"product_tag-bronze","9":"product_tag-cristal","10":"product_tag-lampe","12":"first","13":"instock","14":"shipping-taxable","15":"purchasable","16":"product-type-simple"},"aioseo_notices":[],"jetpack_sharing_enabled":true,"_links":{"self":[{"href":"https:\/\/lespucesdestju.fr\/index.php?rest_route=\/wp\/v2\/product\/5919","targetHints":{"allow":["GET"]}}],"collection":[{"href":"https:\/\/lespucesdestju.fr\/index.php?rest_route=\/wp\/v2\/product"}],"about":[{"href":"https:\/\/lespucesdestju.fr\/index.php?rest_route=\/wp\/v2\/types\/product"}],"replies":[{"embeddable":true,"href":"https:\/\/lespucesdestju.fr\/index.php?rest_route=%2Fwp%2Fv2%2Fcomments&post=5919"}],"wp:featuredmedia":[{"embeddable":true,"href":"https:\/\/lespucesdestju.fr\/index.php?rest_route=\/wp\/v2\/media\/5920"}],"wp:attachment":[{"href":"https:\/\/lespucesdestju.fr\/index.php?rest_route=%2Fwp%2Fv2%2Fmedia&parent=5919"}],"wp:term":[{"taxonomy":"product_brand","embeddable":true,"href":"https:\/\/lespucesdestju.fr\/index.php?rest_route=%2Fwp%2Fv2%2Fproduct_brand&post=5919"},{"taxonomy":"product_cat","embeddable":true,"href":"https:\/\/lespucesdestju.fr\/index.php?rest_route=%2Fwp%2Fv2%2Fproduct_cat&post=5919"},{"taxonomy":"product_tag","embeddable":true,"href":"https:\/\/lespucesdestju.fr\/index.php?rest_route=%2Fwp%2Fv2%2Fproduct_tag&post=5919"}],"curies":[{"name":"wp","href":"https:\/\/api.w.org\/{rel}","templated":true}]}}

<p><span style="font-weight: 400;">Lampe en cristal et bronze. Belle lampe des années 60/70, avec un pied dont les éléments sont en cristal moulé à décor de pointes de diamant, bagues et socle en bronze.</span></p>
<p><span style="font-weight: 400;"> Abat-jour d’origine, intérieur doré. </span></p>
<p><span style="font-weight: 400;">Bel état général. </span></p>
<blockquote><p><i><span style="font-weight: 400;">Dimensions et poids pour une lampe abat-jour compris </span></i><b><i>(voir infos complémentaires)</i></b></p></blockquote>

<p><span style="font-weight: 400;">Lampe en cristal et bronze. Belle lampe des années 60/70</span></p>
