{"id":5869,"date":"2024-11-27T15:01:24","date_gmt":"2024-11-27T14:01:24","guid":{"rendered":"https:\/\/lespucesdestju.fr\/?post_type=product&#038;p=5869"},"modified":"2025-03-13T10:27:21","modified_gmt":"2025-03-13T09:27:21","slug":"huile-sur-toile-par-fernand-du-vivier","status":"publish","type":"product","link":"https:\/\/lespucesdestju.fr\/?product=huile-sur-toile-par-fernand-du-vivier","title":{"rendered":"Huile sur toile par Fernand Du Vivier"},"content":{"rendered":"<p><span style=\"font-weight: 400;\">Huile sur toile par Fernand Du Vivier : \u201cLe billet de logement, cuirassiers prussiens sous Fr\u00e9d\u00e9ric le Grand\u201d<\/span><\/p>\n<p><span style=\"font-weight: 400;\">N\u00e9 \u00e0 Rouen, F. Du Vivier eut pour ma\u00eetres H\u00fcnten ( Sc\u00e8nes historiques) et Adams\u00a0<\/span><span style=\"font-weight: 400;\">(John Clayton Adams, paysagiste). Cette \u0153uvre fut\u00a0<\/span><span style=\"font-weight: 400;\">envoy\u00e9e au salon de Paris de 1869, avec une autre \u0153uvre intitul\u00e9e \u201c Un int\u00e9rieur\u00a0 <\/span><span style=\"font-weight: 400;\">d&rsquo;\u00e9curie\u201d.\u00a0<\/span><span style=\"font-weight: 400;\">Toile et cadre d\u2019\u00e9poque, petite <\/span><span style=\"font-weight: 400;\">restauration ( ancienne) au dos.\u00a0<\/span><\/p>\n<p><span style=\"font-weight: 400;\"> Tr\u00e8s bel \u00e9tat g\u00e9n\u00e9ral.<\/span><\/p>\n<p><span style=\"font-weight: 400;\">Sign\u00e9e en bas \u00e0 droite et dat\u00e9e 1868.<\/span><\/p>\n<blockquote><p><span style=\"font-weight: 400;\">Toile : 60 cm x 72 cm\u00a0<\/span><\/p>\n<p>Cadre : <span style=\"font-weight: 400;\">70 cm x 81 cm<\/span><\/p><\/blockquote>\n","protected":false},"excerpt":{"rendered":"<p>Huile sur toile par Fernand Du Vivier<\/p>\n","protected":false},"featured_media":5875,"comment_status":"open","ping_status":"closed","template":"","meta":[],"product_brand":[],"product_cat":[306],"product_tag":[56,97,100,253],"class_list":{"0":"post-5869","1":"product","2":"type-product","3":"status-publish","4":"has-post-thumbnail","6":"product_cat-tableaux-et-peintures","7":"product_tag-art","8":"product_tag-huile-sur-toile","9":"product_tag-peinture","10":"product_tag-tableaux","12":"first","13":"outofstock","14":"shipping-taxable","15":"product-type-simple"},"aioseo_notices":[],"jetpack_sharing_enabled":true,"_links":{"self":[{"href":"https:\/\/lespucesdestju.fr\/index.php?rest_route=\/wp\/v2\/product\/5869","targetHints":{"allow":["GET"]}}],"collection":[{"href":"https:\/\/lespucesdestju.fr\/index.php?rest_route=\/wp\/v2\/product"}],"about":[{"href":"https:\/\/lespucesdestju.fr\/index.php?rest_route=\/wp\/v2\/types\/product"}],"replies":[{"embeddable":true,"href":"https:\/\/lespucesdestju.fr\/index.php?rest_route=%2Fwp%2Fv2%2Fcomments&post=5869"}],"wp:featuredmedia":[{"embeddable":true,"href":"https:\/\/lespucesdestju.fr\/index.php?rest_route=\/wp\/v2\/media\/5875"}],"wp:attachment":[{"href":"https:\/\/lespucesdestju.fr\/index.php?rest_route=%2Fwp%2Fv2%2Fmedia&parent=5869"}],"wp:term":[{"taxonomy":"product_brand","embeddable":true,"href":"https:\/\/lespucesdestju.fr\/index.php?rest_route=%2Fwp%2Fv2%2Fproduct_brand&post=5869"},{"taxonomy":"product_cat","embeddable":true,"href":"https:\/\/lespucesdestju.fr\/index.php?rest_route=%2Fwp%2Fv2%2Fproduct_cat&post=5869"},{"taxonomy":"product_tag","embeddable":true,"href":"https:\/\/lespucesdestju.fr\/index.php?rest_route=%2Fwp%2Fv2%2Fproduct_tag&post=5869"}],"curies":[{"name":"wp","href":"https:\/\/api.w.org\/{rel}","templated":true}]}}

<p><span style="font-weight: 400;">Huile sur toile par Fernand Du Vivier : “Le billet de logement, cuirassiers prussiens sous Frédéric le Grand”</span></p>
<p><span style="font-weight: 400;">Né à Rouen, F. Du Vivier eut pour maîtres Hünten ( Scènes historiques) et Adams </span><span style="font-weight: 400;">(John Clayton Adams, paysagiste). Cette œuvre fut </span><span style="font-weight: 400;">envoyée au salon de Paris de 1869, avec une autre œuvre intitulée “ Un intérieur  </span><span style="font-weight: 400;">d&rsquo;écurie”. </span><span style="font-weight: 400;">Toile et cadre d’époque, petite </span><span style="font-weight: 400;">restauration ( ancienne) au dos. </span></p>
<p><span style="font-weight: 400;"> Très bel état général.</span></p>
<p><span style="font-weight: 400;">Signée en bas à droite et datée 1868.</span></p>
<blockquote><p><span style="font-weight: 400;">Toile : 60 cm x 72 cm </span></p>
<p>Cadre : <span style="font-weight: 400;">70 cm x 81 cm</span></p></blockquote>
