{"id":5859,"date":"2024-11-27T14:27:05","date_gmt":"2024-11-27T13:27:05","guid":{"rendered":"https:\/\/lespucesdestju.fr\/?post_type=product&#038;p=5859"},"modified":"2025-03-08T11:43:15","modified_gmt":"2025-03-08T10:43:15","slug":"vides-poche-cendrier-2","status":"publish","type":"product","link":"https:\/\/lespucesdestju.fr\/?product=vides-poche-cendrier-2","title":{"rendered":"Vides poche-cendrier"},"content":{"rendered":"<p><span style=\"font-weight: 400;\">Vides poche-cendrier, dans l\u2019esprit HERMES-PARIS, en m\u00e9tal argent\u00e9, \u00e0 prise centrale en forme de t\u00eate de cheval. <\/span><\/p>\n<p><span style=\"font-weight: 400;\">Etat d\u2019usage: En partie d\u00e9sargent\u00e9 dans l\u2019int\u00e9rieur, petites traces d\u2019oxydation et l\u00e9g\u00e8re d\u00e9formation au pourtour.<\/span><\/p>\n<blockquote><p><i><span style=\"font-weight: 400;\">Dimensions ( longueur x Largeur x Hauteur) et poids (Kg) pour un objets : <\/span><\/i><b><i>voir informations compl\u00e9mentaires.<\/i><\/b><\/p><\/blockquote>\n","protected":false},"excerpt":{"rendered":"<p><span style=\"font-weight: 400;\">Vides poche-cendrier, dans l\u2019esprit HERMES-PARIS<\/span><\/p>\n","protected":false},"featured_media":5860,"comment_status":"open","ping_status":"closed","template":"","meta":[],"product_brand":[],"product_cat":[293,37],"product_tag":[324,329,62,112,195],"class_list":{"0":"post-5859","1":"product","2":"type-product","3":"status-publish","4":"has-post-thumbnail","6":"product_cat-coupes-plats-et-vide-poche","7":"product_cat-decoration","8":"product_tag-cendrier","9":"product_tag-coupelle","10":"product_tag-metal","11":"product_tag-metal-argente","12":"product_tag-vide-poche","14":"first","15":"outofstock","16":"shipping-taxable","17":"purchasable","18":"product-type-simple"},"aioseo_notices":[],"jetpack_sharing_enabled":true,"_links":{"self":[{"href":"https:\/\/lespucesdestju.fr\/index.php?rest_route=\/wp\/v2\/product\/5859","targetHints":{"allow":["GET"]}}],"collection":[{"href":"https:\/\/lespucesdestju.fr\/index.php?rest_route=\/wp\/v2\/product"}],"about":[{"href":"https:\/\/lespucesdestju.fr\/index.php?rest_route=\/wp\/v2\/types\/product"}],"replies":[{"embeddable":true,"href":"https:\/\/lespucesdestju.fr\/index.php?rest_route=%2Fwp%2Fv2%2Fcomments&post=5859"}],"wp:featuredmedia":[{"embeddable":true,"href":"https:\/\/lespucesdestju.fr\/index.php?rest_route=\/wp\/v2\/media\/5860"}],"wp:attachment":[{"href":"https:\/\/lespucesdestju.fr\/index.php?rest_route=%2Fwp%2Fv2%2Fmedia&parent=5859"}],"wp:term":[{"taxonomy":"product_brand","embeddable":true,"href":"https:\/\/lespucesdestju.fr\/index.php?rest_route=%2Fwp%2Fv2%2Fproduct_brand&post=5859"},{"taxonomy":"product_cat","embeddable":true,"href":"https:\/\/lespucesdestju.fr\/index.php?rest_route=%2Fwp%2Fv2%2Fproduct_cat&post=5859"},{"taxonomy":"product_tag","embeddable":true,"href":"https:\/\/lespucesdestju.fr\/index.php?rest_route=%2Fwp%2Fv2%2Fproduct_tag&post=5859"}],"curies":[{"name":"wp","href":"https:\/\/api.w.org\/{rel}","templated":true}]}}

<p><span style="font-weight: 400;">Vides poche-cendrier, dans l’esprit HERMES-PARIS, en métal argenté, à prise centrale en forme de tête de cheval. </span></p>
<p><span style="font-weight: 400;">Etat d’usage: En partie désargenté dans l’intérieur, petites traces d’oxydation et légère déformation au pourtour.</span></p>
<blockquote><p><i><span style="font-weight: 400;">Dimensions ( longueur x Largeur x Hauteur) et poids (Kg) pour un objets : </span></i><b><i>voir informations complémentaires.</i></b></p></blockquote>
