{"id":5826,"date":"2024-11-27T13:58:30","date_gmt":"2024-11-27T12:58:30","guid":{"rendered":"https:\/\/lespucesdestju.fr\/?post_type=product&#038;p=5826"},"modified":"2024-11-27T13:58:30","modified_gmt":"2024-11-27T12:58:30","slug":"miroir-face-a-main-2","status":"publish","type":"product","link":"https:\/\/lespucesdestju.fr\/?product=miroir-face-a-main-2","title":{"rendered":"Miroir face \u00e0 main"},"content":{"rendered":"<p><span style=\"font-weight: 400;\">Miroir face \u00e0 main en m\u00e9tal chrom\u00e9 de style Louis XVI \u00e0 miroir biseaut\u00e9. <\/span><\/p>\n<p><span style=\"font-weight: 400;\">Usures d\u2019usage au dos et quelques frottements au miroir.<\/span><\/p>\n<blockquote><p><i><span style=\"font-weight: 400;\">Dimensions ( longueur x Largeur x Hauteur) et poids (Kg) pour un objets : <\/span><\/i><b><i>voir informations compl\u00e9mentaires.<\/i><\/b><\/p><\/blockquote>\n","protected":false},"excerpt":{"rendered":"<p><span style=\"font-weight: 400;\">Miroir face \u00e0 main en m\u00e9tal chrom\u00e9 de style Louis XVI <\/span><\/p>\n","protected":false},"featured_media":5828,"comment_status":"open","ping_status":"closed","template":"","meta":[],"product_brand":[],"product_cat":[37,47],"product_tag":[60,62,112,235,328],"class_list":{"0":"post-5826","1":"product","2":"type-product","3":"status-publish","4":"has-post-thumbnail","6":"product_cat-decoration","7":"product_cat-objets-divers-et-bibelots","8":"product_tag-decoration","9":"product_tag-metal","10":"product_tag-metal-argente","11":"product_tag-miroir","12":"product_tag-objets-divers-et-bibelots","14":"first","15":"instock","16":"shipping-taxable","17":"purchasable","18":"product-type-simple"},"aioseo_notices":[],"jetpack_sharing_enabled":true,"_links":{"self":[{"href":"https:\/\/lespucesdestju.fr\/index.php?rest_route=\/wp\/v2\/product\/5826","targetHints":{"allow":["GET"]}}],"collection":[{"href":"https:\/\/lespucesdestju.fr\/index.php?rest_route=\/wp\/v2\/product"}],"about":[{"href":"https:\/\/lespucesdestju.fr\/index.php?rest_route=\/wp\/v2\/types\/product"}],"replies":[{"embeddable":true,"href":"https:\/\/lespucesdestju.fr\/index.php?rest_route=%2Fwp%2Fv2%2Fcomments&post=5826"}],"wp:featuredmedia":[{"embeddable":true,"href":"https:\/\/lespucesdestju.fr\/index.php?rest_route=\/wp\/v2\/media\/5828"}],"wp:attachment":[{"href":"https:\/\/lespucesdestju.fr\/index.php?rest_route=%2Fwp%2Fv2%2Fmedia&parent=5826"}],"wp:term":[{"taxonomy":"product_brand","embeddable":true,"href":"https:\/\/lespucesdestju.fr\/index.php?rest_route=%2Fwp%2Fv2%2Fproduct_brand&post=5826"},{"taxonomy":"product_cat","embeddable":true,"href":"https:\/\/lespucesdestju.fr\/index.php?rest_route=%2Fwp%2Fv2%2Fproduct_cat&post=5826"},{"taxonomy":"product_tag","embeddable":true,"href":"https:\/\/lespucesdestju.fr\/index.php?rest_route=%2Fwp%2Fv2%2Fproduct_tag&post=5826"}],"curies":[{"name":"wp","href":"https:\/\/api.w.org\/{rel}","templated":true}]}}