{"id":5820,"date":"2024-11-27T13:53:56","date_gmt":"2024-11-27T12:53:56","guid":{"rendered":"https:\/\/lespucesdestju.fr\/?post_type=product&#038;p=5820"},"modified":"2026-01-04T17:08:03","modified_gmt":"2026-01-04T16:08:03","slug":"miroir-face-a-main","status":"publish","type":"product","link":"https:\/\/lespucesdestju.fr\/?product=miroir-face-a-main","title":{"rendered":"Miroir face \u00e0 main"},"content":{"rendered":"<p><span style=\"font-weight: 400;\">Miroir face \u00e0 main en m\u00e9tal argent\u00e9. <\/span><\/p>\n<p><span style=\"font-weight: 400;\">Face \u00e0 main d\u00e9but XX\u00e8me, de style Louis XVI, \u00e0 miroir biseaut\u00e9. <\/span><\/p>\n<p><span style=\"font-weight: 400;\">Usure \u00e0 l\u2019argenture, quelques petites rayures au miroir et d\u00e9fauts de teint en p\u00e9riph\u00e9rie.<\/span><\/p>\n<p><span style=\"font-weight: 400;\"> Bel aspect de l\u2019ensemble cependant.<\/span><\/p>\n<blockquote><p><i><span style=\"font-weight: 400;\">Dimensions ( longueur x Largeur x Hauteur) et poids (Kg) pour un objets : <\/span><\/i><b><i>voir informations compl\u00e9mentaires.<\/i><\/b><\/p><\/blockquote>\n<p>&nbsp;<\/p>\n","protected":false},"excerpt":{"rendered":"<p><span style=\"font-weight: 400;\">Miroir face \u00e0 main en m\u00e9tal argent\u00e9.<\/span><\/p>\n","protected":false},"featured_media":5821,"comment_status":"open","ping_status":"closed","template":"","meta":[],"product_brand":[],"product_cat":[37,47],"product_tag":[60,62,112,235,328],"class_list":{"0":"post-5820","1":"product","2":"type-product","3":"status-publish","4":"has-post-thumbnail","6":"product_cat-decoration","7":"product_cat-objets-divers-et-bibelots","8":"product_tag-decoration","9":"product_tag-metal","10":"product_tag-metal-argente","11":"product_tag-miroir","12":"product_tag-objets-divers-et-bibelots","14":"first","15":"outofstock","16":"shipping-taxable","17":"purchasable","18":"product-type-simple"},"aioseo_notices":[],"jetpack_sharing_enabled":true,"_links":{"self":[{"href":"https:\/\/lespucesdestju.fr\/index.php?rest_route=\/wp\/v2\/product\/5820","targetHints":{"allow":["GET"]}}],"collection":[{"href":"https:\/\/lespucesdestju.fr\/index.php?rest_route=\/wp\/v2\/product"}],"about":[{"href":"https:\/\/lespucesdestju.fr\/index.php?rest_route=\/wp\/v2\/types\/product"}],"replies":[{"embeddable":true,"href":"https:\/\/lespucesdestju.fr\/index.php?rest_route=%2Fwp%2Fv2%2Fcomments&post=5820"}],"wp:featuredmedia":[{"embeddable":true,"href":"https:\/\/lespucesdestju.fr\/index.php?rest_route=\/wp\/v2\/media\/5821"}],"wp:attachment":[{"href":"https:\/\/lespucesdestju.fr\/index.php?rest_route=%2Fwp%2Fv2%2Fmedia&parent=5820"}],"wp:term":[{"taxonomy":"product_brand","embeddable":true,"href":"https:\/\/lespucesdestju.fr\/index.php?rest_route=%2Fwp%2Fv2%2Fproduct_brand&post=5820"},{"taxonomy":"product_cat","embeddable":true,"href":"https:\/\/lespucesdestju.fr\/index.php?rest_route=%2Fwp%2Fv2%2Fproduct_cat&post=5820"},{"taxonomy":"product_tag","embeddable":true,"href":"https:\/\/lespucesdestju.fr\/index.php?rest_route=%2Fwp%2Fv2%2Fproduct_tag&post=5820"}],"curies":[{"name":"wp","href":"https:\/\/api.w.org\/{rel}","templated":true}]}}