{"id":5738,"date":"2024-11-10T16:33:12","date_gmt":"2024-11-10T15:33:12","guid":{"rendered":"https:\/\/lespucesdestju.fr\/?post_type=product&#038;p=5738"},"modified":"2025-10-09T12:16:14","modified_gmt":"2025-10-09T10:16:14","slug":"coupe-par-renoleau","status":"publish","type":"product","link":"https:\/\/lespucesdestju.fr\/?product=coupe-par-renoleau","title":{"rendered":"Coupe par Renoleau"},"content":{"rendered":"<p><span style=\"font-weight: 400;\">Coupe par Renoleau. <\/span><\/p>\n<p><span style=\"font-weight: 400;\">Belle coupe richement d\u00e9cor\u00e9e, dans le style renaissance, sur un pi\u00e9douche ajour\u00e9. <\/span><\/p>\n<p><span style=\"font-weight: 400;\">Comporte 2 cartouches sur sa base avec les inscriptions, \u201cConcours hippique 1930\u201d et \u201c Syndicat d\u2019initiative de la Charente &#8211; PRIX DE LA COUPE \u201d.<\/span><\/p>\n<p><span style=\"font-weight: 400;\">Dans sa partie haute, trois autres cartouches dans lesquels sont repr\u00e9sent\u00e9s le ch\u00e2teau de Larochefoucauld, la cath\u00e9drale St Pierre d&rsquo;Angoul\u00eame, et l\u2019ancien ch\u00e2teau d\u2019Angoul\u00eame. <\/span><\/p>\n<p><span style=\"font-weight: 400;\">Sign\u00e9e sous sa base Renoleau-Angoul\u00eame. Parfait \u00e9tat.<\/span><\/p>\n<blockquote><p><i><span style=\"font-weight: 400;\">Dimensions ( longueur x Largeur x Hauteur) et poids (Kg) pour un objets : <\/span><\/i><b><i>voir informations compl\u00e9mentaires.<\/i><\/b><\/p><\/blockquote>\n","protected":false},"excerpt":{"rendered":"<p><span style=\"font-weight: 400;\">Belle coupe richement d\u00e9cor\u00e9e, dans le style renaissance, sur un pi\u00e9douche ajour\u00e9.<\/span><\/p>\n","protected":false},"featured_media":5745,"comment_status":"open","ping_status":"closed","template":"","meta":[],"product_brand":[],"product_cat":[293,37],"product_tag":[68,60],"class_list":{"0":"post-5738","1":"product","2":"type-product","3":"status-publish","4":"has-post-thumbnail","6":"product_cat-coupes-plats-et-vide-poche","7":"product_cat-decoration","8":"product_tag-coupe","9":"product_tag-decoration","11":"first","12":"instock","13":"shipping-taxable","14":"purchasable","15":"product-type-simple"},"aioseo_notices":[],"jetpack_sharing_enabled":true,"_links":{"self":[{"href":"https:\/\/lespucesdestju.fr\/index.php?rest_route=\/wp\/v2\/product\/5738","targetHints":{"allow":["GET"]}}],"collection":[{"href":"https:\/\/lespucesdestju.fr\/index.php?rest_route=\/wp\/v2\/product"}],"about":[{"href":"https:\/\/lespucesdestju.fr\/index.php?rest_route=\/wp\/v2\/types\/product"}],"replies":[{"embeddable":true,"href":"https:\/\/lespucesdestju.fr\/index.php?rest_route=%2Fwp%2Fv2%2Fcomments&post=5738"}],"wp:featuredmedia":[{"embeddable":true,"href":"https:\/\/lespucesdestju.fr\/index.php?rest_route=\/wp\/v2\/media\/5745"}],"wp:attachment":[{"href":"https:\/\/lespucesdestju.fr\/index.php?rest_route=%2Fwp%2Fv2%2Fmedia&parent=5738"}],"wp:term":[{"taxonomy":"product_brand","embeddable":true,"href":"https:\/\/lespucesdestju.fr\/index.php?rest_route=%2Fwp%2Fv2%2Fproduct_brand&post=5738"},{"taxonomy":"product_cat","embeddable":true,"href":"https:\/\/lespucesdestju.fr\/index.php?rest_route=%2Fwp%2Fv2%2Fproduct_cat&post=5738"},{"taxonomy":"product_tag","embeddable":true,"href":"https:\/\/lespucesdestju.fr\/index.php?rest_route=%2Fwp%2Fv2%2Fproduct_tag&post=5738"}],"curies":[{"name":"wp","href":"https:\/\/api.w.org\/{rel}","templated":true}]}}

<p><span style="font-weight: 400;">Coupe par Renoleau. </span></p>
<p><span style="font-weight: 400;">Belle coupe richement décorée, dans le style renaissance, sur un piédouche ajouré. </span></p>
<p><span style="font-weight: 400;">Comporte 2 cartouches sur sa base avec les inscriptions, “Concours hippique 1930” et “ Syndicat d’initiative de la Charente &#8211; PRIX DE LA COUPE ”.</span></p>
<p><span style="font-weight: 400;">Dans sa partie haute, trois autres cartouches dans lesquels sont représentés le château de Larochefoucauld, la cathédrale St Pierre d&rsquo;Angoulême, et l’ancien château d’Angoulême. </span></p>
<p><span style="font-weight: 400;">Signée sous sa base Renoleau-Angoulême. Parfait état.</span></p>
<blockquote><p><i><span style="font-weight: 400;">Dimensions ( longueur x Largeur x Hauteur) et poids (Kg) pour un objets : </span></i><b><i>voir informations complémentaires.</i></b></p></blockquote>

<p><span style="font-weight: 400;">Belle coupe richement décorée, dans le style renaissance, sur un piédouche ajouré.</span></p>
