{"id":5707,"date":"2024-11-10T15:47:43","date_gmt":"2024-11-10T14:47:43","guid":{"rendered":"https:\/\/lespucesdestju.fr\/?post_type=product&#038;p=5707"},"modified":"2025-04-25T16:36:04","modified_gmt":"2025-04-25T14:36:04","slug":"cendrier-hermes-paris","status":"publish","type":"product","link":"https:\/\/lespucesdestju.fr\/?product=cendrier-hermes-paris","title":{"rendered":"Cendrier Herm\u00e8s Paris"},"content":{"rendered":"<p><span style=\"font-weight: 400;\">Cendrier Hermes Paris par Ravinet D\u2019Enfert. <\/span><\/p>\n<p><span style=\"font-weight: 400;\">Rare Cendrier Circulaire en m\u00e9tal argent\u00e9 \u00e0 prise \u201cT\u00eate de cheval\u201d. <\/span><\/p>\n<p><span style=\"font-weight: 400;\">Repose cigarette en bordure et surface int\u00e9rieur guilloch\u00e9.<\/span><\/p>\n<blockquote><p><i><span style=\"font-weight: 400;\">Dimensions ( longueur x Largeur x Hauteur) et poids (Kg) pour un objets : <\/span><\/i><b><i>voir informations compl\u00e9mentaires.<\/i><\/b><\/p>\n<p>&nbsp;<\/p><\/blockquote>\n","protected":false},"excerpt":{"rendered":"<p><span style=\"font-weight: 400;\">Cendrier Hermes Paris par Ravinet D\u2019Enfert. <\/span><span style=\"font-weight: 400;\">Rare Cendrier Circulaire en m\u00e9tal argent\u00e9 \u00e0 prise \u201cT\u00eate de cheval\u201d.<\/span><\/p>\n","protected":false},"featured_media":6461,"comment_status":"open","ping_status":"closed","template":"","meta":[],"product_brand":[],"product_cat":[293,37],"product_tag":[324,329,62,112,195],"class_list":{"0":"post-5707","1":"product","2":"type-product","3":"status-publish","4":"has-post-thumbnail","6":"product_cat-coupes-plats-et-vide-poche","7":"product_cat-decoration","8":"product_tag-cendrier","9":"product_tag-coupelle","10":"product_tag-metal","11":"product_tag-metal-argente","12":"product_tag-vide-poche","14":"first","15":"outofstock","16":"shipping-taxable","17":"product-type-simple"},"aioseo_notices":[],"jetpack_sharing_enabled":true,"_links":{"self":[{"href":"https:\/\/lespucesdestju.fr\/index.php?rest_route=\/wp\/v2\/product\/5707","targetHints":{"allow":["GET"]}}],"collection":[{"href":"https:\/\/lespucesdestju.fr\/index.php?rest_route=\/wp\/v2\/product"}],"about":[{"href":"https:\/\/lespucesdestju.fr\/index.php?rest_route=\/wp\/v2\/types\/product"}],"replies":[{"embeddable":true,"href":"https:\/\/lespucesdestju.fr\/index.php?rest_route=%2Fwp%2Fv2%2Fcomments&post=5707"}],"wp:featuredmedia":[{"embeddable":true,"href":"https:\/\/lespucesdestju.fr\/index.php?rest_route=\/wp\/v2\/media\/6461"}],"wp:attachment":[{"href":"https:\/\/lespucesdestju.fr\/index.php?rest_route=%2Fwp%2Fv2%2Fmedia&parent=5707"}],"wp:term":[{"taxonomy":"product_brand","embeddable":true,"href":"https:\/\/lespucesdestju.fr\/index.php?rest_route=%2Fwp%2Fv2%2Fproduct_brand&post=5707"},{"taxonomy":"product_cat","embeddable":true,"href":"https:\/\/lespucesdestju.fr\/index.php?rest_route=%2Fwp%2Fv2%2Fproduct_cat&post=5707"},{"taxonomy":"product_tag","embeddable":true,"href":"https:\/\/lespucesdestju.fr\/index.php?rest_route=%2Fwp%2Fv2%2Fproduct_tag&post=5707"}],"curies":[{"name":"wp","href":"https:\/\/api.w.org\/{rel}","templated":true}]}}