{"id":5699,"date":"2024-11-10T15:38:29","date_gmt":"2024-11-10T14:38:29","guid":{"rendered":"https:\/\/lespucesdestju.fr\/?post_type=product&#038;p=5699"},"modified":"2026-01-04T17:08:47","modified_gmt":"2026-01-04T16:08:47","slug":"boite-ronde-de-style-art-nouveau","status":"publish","type":"product","link":"https:\/\/lespucesdestju.fr\/?product=boite-ronde-de-style-art-nouveau","title":{"rendered":"Bo\u00eete ronde de style Art nouveau"},"content":{"rendered":"<p><span style=\"font-weight: 400;\">Bo\u00eete ronde de style Art nouveau en m\u00e9tal argent\u00e9.<\/span><\/p>\n<p><span style=\"font-weight: 400;\"> Couvercle recouvert d\u2019un bas relief \u00e0 d\u00e9cor d\u2019un mascaron et de fleurs de lys stylis\u00e9s. <\/span><\/p>\n<p><span style=\"font-weight: 400;\">D\u00e9but XX\u00e8me. Usures d\u2019usage.<\/span><\/p>\n<blockquote><p><i><span style=\"font-weight: 400;\">Dimensions ( longueur x Largeur x Hauteur) et poids (Kg) pour un objets : <\/span><\/i><b><i>voir informations compl\u00e9mentaires.<\/i><\/b><\/p><\/blockquote>\n","protected":false},"excerpt":{"rendered":"<p><span style=\"font-weight: 400;\">Bo\u00eete ronde de style Art nouveau en m\u00e9tal argent\u00e9. <\/span>Couvercle recouvert d\u2019un bas relief \u00e0 d\u00e9cor d\u2019un mascaron et de fleurs de lys stylis\u00e9s.<\/p>\n","protected":false},"featured_media":5701,"comment_status":"open","ping_status":"closed","template":"","meta":[],"product_brand":[],"product_cat":[294,37],"product_tag":[74,200,60,112],"class_list":{"0":"post-5699","1":"product","2":"type-product","3":"status-publish","4":"has-post-thumbnail","6":"product_cat-boites-et-coffrets","7":"product_cat-decoration","8":"product_tag-boite","9":"product_tag-boite-a-bijoux","10":"product_tag-decoration","11":"product_tag-metal-argente","13":"first","14":"outofstock","15":"shipping-taxable","16":"purchasable","17":"product-type-simple"},"aioseo_notices":[],"jetpack_sharing_enabled":true,"_links":{"self":[{"href":"https:\/\/lespucesdestju.fr\/index.php?rest_route=\/wp\/v2\/product\/5699","targetHints":{"allow":["GET"]}}],"collection":[{"href":"https:\/\/lespucesdestju.fr\/index.php?rest_route=\/wp\/v2\/product"}],"about":[{"href":"https:\/\/lespucesdestju.fr\/index.php?rest_route=\/wp\/v2\/types\/product"}],"replies":[{"embeddable":true,"href":"https:\/\/lespucesdestju.fr\/index.php?rest_route=%2Fwp%2Fv2%2Fcomments&post=5699"}],"wp:featuredmedia":[{"embeddable":true,"href":"https:\/\/lespucesdestju.fr\/index.php?rest_route=\/wp\/v2\/media\/5701"}],"wp:attachment":[{"href":"https:\/\/lespucesdestju.fr\/index.php?rest_route=%2Fwp%2Fv2%2Fmedia&parent=5699"}],"wp:term":[{"taxonomy":"product_brand","embeddable":true,"href":"https:\/\/lespucesdestju.fr\/index.php?rest_route=%2Fwp%2Fv2%2Fproduct_brand&post=5699"},{"taxonomy":"product_cat","embeddable":true,"href":"https:\/\/lespucesdestju.fr\/index.php?rest_route=%2Fwp%2Fv2%2Fproduct_cat&post=5699"},{"taxonomy":"product_tag","embeddable":true,"href":"https:\/\/lespucesdestju.fr\/index.php?rest_route=%2Fwp%2Fv2%2Fproduct_tag&post=5699"}],"curies":[{"name":"wp","href":"https:\/\/api.w.org\/{rel}","templated":true}]}}