{"id":5606,"date":"2024-11-08T15:13:47","date_gmt":"2024-11-08T14:13:47","guid":{"rendered":"https:\/\/lespucesdestju.fr\/?post_type=product&#038;p=5606"},"modified":"2024-11-08T15:20:21","modified_gmt":"2024-11-08T14:20:21","slug":"petit-mascaron-de-demon-en-porcelaine","status":"publish","type":"product","link":"https:\/\/lespucesdestju.fr\/?product=petit-mascaron-de-demon-en-porcelaine","title":{"rendered":"Petit mascaron de d\u00e9mon en porcelaine"},"content":{"rendered":"<p><span style=\"font-weight: 400;\">Petit mascaron de d\u00e9mon en porcelaine polychrome (Japon), pouvant \u00eatre utilis\u00e9 pos\u00e9 sur la face en coupelle (ou tasse?).<\/span><\/p>\n<p><span style=\"font-weight: 400;\">Motif de visage peint \u00e0 l\u2019int\u00e9rieur. <\/span><\/p>\n<p><span style=\"font-weight: 400;\">D\u00e9but XX\u00e8me.<\/span><\/p>\n<blockquote><p><i><span style=\"font-weight: 400;\">Dimensions ( longueur x Largeur x Hauteur) et poids (Kg) pour un objets : <\/span><\/i><b><i>voir informations compl\u00e9mentaires.<\/i><\/b><\/p><\/blockquote>\n","protected":false},"excerpt":{"rendered":"<p><span style=\"font-weight: 400;\">Petit mascaron de d\u00e9mon en porcelaine polychrome (Japon)<\/span><\/p>\n","protected":false},"featured_media":5607,"comment_status":"open","ping_status":"closed","template":"","meta":[],"product_brand":[],"product_cat":[37,47],"product_tag":[60,139],"class_list":{"0":"post-5606","1":"product","2":"type-product","3":"status-publish","4":"has-post-thumbnail","6":"product_cat-decoration","7":"product_cat-objets-divers-et-bibelots","8":"product_tag-decoration","9":"product_tag-porcelaine","11":"first","12":"instock","13":"shipping-taxable","14":"purchasable","15":"product-type-simple"},"aioseo_notices":[],"jetpack_sharing_enabled":true,"_links":{"self":[{"href":"https:\/\/lespucesdestju.fr\/index.php?rest_route=\/wp\/v2\/product\/5606","targetHints":{"allow":["GET"]}}],"collection":[{"href":"https:\/\/lespucesdestju.fr\/index.php?rest_route=\/wp\/v2\/product"}],"about":[{"href":"https:\/\/lespucesdestju.fr\/index.php?rest_route=\/wp\/v2\/types\/product"}],"replies":[{"embeddable":true,"href":"https:\/\/lespucesdestju.fr\/index.php?rest_route=%2Fwp%2Fv2%2Fcomments&post=5606"}],"wp:featuredmedia":[{"embeddable":true,"href":"https:\/\/lespucesdestju.fr\/index.php?rest_route=\/wp\/v2\/media\/5607"}],"wp:attachment":[{"href":"https:\/\/lespucesdestju.fr\/index.php?rest_route=%2Fwp%2Fv2%2Fmedia&parent=5606"}],"wp:term":[{"taxonomy":"product_brand","embeddable":true,"href":"https:\/\/lespucesdestju.fr\/index.php?rest_route=%2Fwp%2Fv2%2Fproduct_brand&post=5606"},{"taxonomy":"product_cat","embeddable":true,"href":"https:\/\/lespucesdestju.fr\/index.php?rest_route=%2Fwp%2Fv2%2Fproduct_cat&post=5606"},{"taxonomy":"product_tag","embeddable":true,"href":"https:\/\/lespucesdestju.fr\/index.php?rest_route=%2Fwp%2Fv2%2Fproduct_tag&post=5606"}],"curies":[{"name":"wp","href":"https:\/\/api.w.org\/{rel}","templated":true}]}}