{"id":5588,"date":"2024-11-08T14:30:37","date_gmt":"2024-11-08T13:30:37","guid":{"rendered":"https:\/\/lespucesdestju.fr\/?post_type=product&#038;p=5588"},"modified":"2025-04-13T17:42:53","modified_gmt":"2025-04-13T15:42:53","slug":"boite-a-betel-ancienne","status":"publish","type":"product","link":"https:\/\/lespucesdestju.fr\/?product=boite-a-betel-ancienne","title":{"rendered":"Bo\u00eete \u00e0 b\u00e9tel ancienne"},"content":{"rendered":"<p><span style=\"font-weight: 400;\">Bo\u00eete \u00e0 b\u00e9tel ancienne, en m\u00e9tal (cuivre probable) argent\u00e9, en forme de cervid\u00e9 couch\u00e9. <\/span><\/p>\n<p><span style=\"font-weight: 400;\">Tr\u00e8s beau travail de repoussage et d\u2019incisions faisant appara\u00eetre un riche d\u00e9cor de feuillage et de fleurs, ainsi que la fourrure de l\u2019animal. S\u2019ouvre en deux parties .<\/span><\/p>\n<p><span style=\"font-weight: 400;\">Probablement une fabrication asiatique ( Cambodge, Birmanie?)<\/span><\/p>\n<p><span style=\"font-weight: 400;\">Fin XIX\u00e8me ou d\u00e9but XX\u00e8me.<\/span><\/p>\n<p><span style=\"font-weight: 400;\">Bon \u00e9tat g\u00e9n\u00e9ral, traces de poin\u00e7ons.<\/span><\/p>\n<blockquote><p><i><span style=\"font-weight: 400;\">Dimensions ( longueur x Largeur x Hauteur) et poids (Kg) pour un objets : <\/span><\/i><b><i>voir informations compl\u00e9mentaires.<\/i><\/b><\/p><\/blockquote>\n","protected":false},"excerpt":{"rendered":"<p><span style=\"font-weight: 400;\">Bo\u00eete \u00e0 b\u00e9tel ancienne, en m\u00e9tal (cuivre probable) argent\u00e9, en forme de cervid\u00e9 couch\u00e9.<\/span><\/p>\n","protected":false},"featured_media":5589,"comment_status":"open","ping_status":"closed","template":"","meta":[],"product_brand":[],"product_cat":[294,37],"product_tag":[74,60,62],"class_list":{"0":"post-5588","1":"product","2":"type-product","3":"status-publish","4":"has-post-thumbnail","6":"product_cat-boites-et-coffrets","7":"product_cat-decoration","8":"product_tag-boite","9":"product_tag-decoration","10":"product_tag-metal","12":"first","13":"outofstock","14":"shipping-taxable","15":"purchasable","16":"product-type-simple"},"aioseo_notices":[],"jetpack_sharing_enabled":true,"_links":{"self":[{"href":"https:\/\/lespucesdestju.fr\/index.php?rest_route=\/wp\/v2\/product\/5588","targetHints":{"allow":["GET"]}}],"collection":[{"href":"https:\/\/lespucesdestju.fr\/index.php?rest_route=\/wp\/v2\/product"}],"about":[{"href":"https:\/\/lespucesdestju.fr\/index.php?rest_route=\/wp\/v2\/types\/product"}],"replies":[{"embeddable":true,"href":"https:\/\/lespucesdestju.fr\/index.php?rest_route=%2Fwp%2Fv2%2Fcomments&post=5588"}],"wp:featuredmedia":[{"embeddable":true,"href":"https:\/\/lespucesdestju.fr\/index.php?rest_route=\/wp\/v2\/media\/5589"}],"wp:attachment":[{"href":"https:\/\/lespucesdestju.fr\/index.php?rest_route=%2Fwp%2Fv2%2Fmedia&parent=5588"}],"wp:term":[{"taxonomy":"product_brand","embeddable":true,"href":"https:\/\/lespucesdestju.fr\/index.php?rest_route=%2Fwp%2Fv2%2Fproduct_brand&post=5588"},{"taxonomy":"product_cat","embeddable":true,"href":"https:\/\/lespucesdestju.fr\/index.php?rest_route=%2Fwp%2Fv2%2Fproduct_cat&post=5588"},{"taxonomy":"product_tag","embeddable":true,"href":"https:\/\/lespucesdestju.fr\/index.php?rest_route=%2Fwp%2Fv2%2Fproduct_tag&post=5588"}],"curies":[{"name":"wp","href":"https:\/\/api.w.org\/{rel}","templated":true}]}}

Boîte à bétel ancienne

<p><span style="font-weight: 400;">Boîte à bétel ancienne, en métal (cuivre probable) argenté, en forme de cervidé couché. </span></p>
<p><span style="font-weight: 400;">Très beau travail de repoussage et d’incisions faisant apparaître un riche décor de feuillage et de fleurs, ainsi que la fourrure de l’animal. S’ouvre en deux parties .</span></p>
<p><span style="font-weight: 400;">Probablement une fabrication asiatique ( Cambodge, Birmanie?)</span></p>
<p><span style="font-weight: 400;">Fin XIXème ou début XXème.</span></p>
<p><span style="font-weight: 400;">Bon état général, traces de poinçons.</span></p>
<blockquote><p><i><span style="font-weight: 400;">Dimensions ( longueur x Largeur x Hauteur) et poids (Kg) pour un objets : </span></i><b><i>voir informations complémentaires.</i></b></p></blockquote>

<p><span style="font-weight: 400;">Boîte à bétel ancienne, en métal (cuivre probable) argenté, en forme de cervidé couché.</span></p>
