{"id":5472,"date":"2024-10-17T14:30:27","date_gmt":"2024-10-17T12:30:27","guid":{"rendered":"https:\/\/lespucesdestju.fr\/?post_type=product&#038;p=5472"},"modified":"2024-10-17T14:30:27","modified_gmt":"2024-10-17T12:30:27","slug":"table-dite-bouillotte-de-style-louis-xvi","status":"publish","type":"product","link":"https:\/\/lespucesdestju.fr\/?product=table-dite-bouillotte-de-style-louis-xvi","title":{"rendered":"Table dite bouillotte de style Louis XVI"},"content":{"rendered":"<p><span style=\"font-weight: 400;\">Table dite bouillotte de style Louis XVI, \u00e0 plateau de marbre gris ovale, galerie ajour\u00e9e en laiton.<\/span><\/p>\n<p><span style=\"font-weight: 400;\">\u00c9tat d\u2019usage, \u00e0 signaler quelques rayures et t\u00e2ches sur le marbre, ainsi que de l\u00e9g\u00e8res d\u00e9formations \u00e0 la galerie. <\/span><\/p>\n<p><span style=\"font-weight: 400;\">D\u00e9but XX\u00e8me.<\/span><\/p>\n<blockquote><p><span style=\"font-weight: 400;\">Profondeur : 52,5 cm\u00a0<\/span><\/p>\n<p><span style=\"font-weight: 400;\">Largeur : 70 cm\u00a0<\/span><\/p>\n<p><span style=\"font-weight: 400;\">Hauteur : 72 cm\u00a0<\/span><\/p>\n<p><b><i>Cet objet peut \u00eatre uniquement retir\u00e9 en boutique,<\/i><\/b><i><span style=\"font-weight: 400;\"> pour la livraison, veuillez nous contacter.\u00a0<\/span><\/i><\/p><\/blockquote>\n","protected":false},"excerpt":{"rendered":"<p><span style=\"font-weight: 400;\">Table dite bouillotte de style Louis XVI, \u00e0 plateau de marbre gris ovale, galerie ajour\u00e9e en laiton.<\/span><\/p>\n","protected":false},"featured_media":5473,"comment_status":"open","ping_status":"closed","template":"","meta":[],"product_brand":[],"product_cat":[302,45],"product_tag":[86,87,146,83,204,321],"class_list":{"0":"post-5472","1":"product","2":"type-product","3":"status-publish","4":"has-post-thumbnail","6":"product_cat-meubles","7":"product_cat-mobilier","8":"product_tag-bois","9":"product_tag-marbre","10":"product_tag-meuble","11":"product_tag-mobilier","12":"product_tag-table","13":"product_tag-table-bouillotte","15":"first","16":"instock","17":"shipping-taxable","18":"product-type-external"},"aioseo_notices":[],"jetpack_sharing_enabled":true,"_links":{"self":[{"href":"https:\/\/lespucesdestju.fr\/index.php?rest_route=\/wp\/v2\/product\/5472","targetHints":{"allow":["GET"]}}],"collection":[{"href":"https:\/\/lespucesdestju.fr\/index.php?rest_route=\/wp\/v2\/product"}],"about":[{"href":"https:\/\/lespucesdestju.fr\/index.php?rest_route=\/wp\/v2\/types\/product"}],"replies":[{"embeddable":true,"href":"https:\/\/lespucesdestju.fr\/index.php?rest_route=%2Fwp%2Fv2%2Fcomments&post=5472"}],"wp:featuredmedia":[{"embeddable":true,"href":"https:\/\/lespucesdestju.fr\/index.php?rest_route=\/wp\/v2\/media\/5473"}],"wp:attachment":[{"href":"https:\/\/lespucesdestju.fr\/index.php?rest_route=%2Fwp%2Fv2%2Fmedia&parent=5472"}],"wp:term":[{"taxonomy":"product_brand","embeddable":true,"href":"https:\/\/lespucesdestju.fr\/index.php?rest_route=%2Fwp%2Fv2%2Fproduct_brand&post=5472"},{"taxonomy":"product_cat","embeddable":true,"href":"https:\/\/lespucesdestju.fr\/index.php?rest_route=%2Fwp%2Fv2%2Fproduct_cat&post=5472"},{"taxonomy":"product_tag","embeddable":true,"href":"https:\/\/lespucesdestju.fr\/index.php?rest_route=%2Fwp%2Fv2%2Fproduct_tag&post=5472"}],"curies":[{"name":"wp","href":"https:\/\/api.w.org\/{rel}","templated":true}]}}

<p><span style="font-weight: 400;">Table dite bouillotte de style Louis XVI, à plateau de marbre gris ovale, galerie ajourée en laiton.</span></p>
<p><span style="font-weight: 400;">État d’usage, à signaler quelques rayures et tâches sur le marbre, ainsi que de légères déformations à la galerie. </span></p>
<p><span style="font-weight: 400;">Début XXème.</span></p>
<blockquote><p><span style="font-weight: 400;">Profondeur : 52,5 cm </span></p>
<p><span style="font-weight: 400;">Largeur : 70 cm </span></p>
<p><span style="font-weight: 400;">Hauteur : 72 cm </span></p>
<p><b><i>Cet objet peut être uniquement retiré en boutique,</i></b><i><span style="font-weight: 400;"> pour la livraison, veuillez nous contacter. </span></i></p></blockquote>

<p><span style="font-weight: 400;">Table dite bouillotte de style Louis XVI, à plateau de marbre gris ovale, galerie ajourée en laiton.</span></p>
