{"id":5432,"date":"2024-10-04T17:39:30","date_gmt":"2024-10-04T15:39:30","guid":{"rendered":"https:\/\/lespucesdestju.fr\/?post_type=product&#038;p=5432"},"modified":"2024-10-04T17:39:30","modified_gmt":"2024-10-04T15:39:30","slug":"planche-dencyclopedie-impression-couleur","status":"publish","type":"product","link":"https:\/\/lespucesdestju.fr\/?product=planche-dencyclopedie-impression-couleur","title":{"rendered":"Planche d\u2019encyclop\u00e9die, impression couleur."},"content":{"rendered":"<p><span style=\"font-weight: 400;\">Planche d\u2019encyclop\u00e9die, impression couleur.<\/span><\/p>\n<p><span style=\"font-weight: 400;\">Impression couleur, fleurs et perroquet, cadre dor\u00e9.<\/span><\/p>\n<p><span style=\"font-weight: 400;\">Bel \u00e9tat.<\/span><\/p>\n<blockquote><p>Hauteur : 44 cm<\/p>\n<p>Largeur : 33 cm<\/p><\/blockquote>\n","protected":false},"excerpt":{"rendered":"<p>Planche d\u2019encyclop\u00e9die, impression couleur. Impression couleur, fleurs et perroquet, cadre dor\u00e9. Bel \u00e9tat. Hauteur : 44 cm Largeur : 33&#8230;<\/p>\n","protected":false},"featured_media":5434,"comment_status":"open","ping_status":"closed","template":"","meta":[],"product_brand":[],"product_cat":[50,307],"product_tag":[162,318],"class_list":{"0":"post-5432","1":"product","2":"type-product","3":"status-publish","4":"has-post-thumbnail","6":"product_cat-art","7":"product_cat-dessins-gravures-et-lithographies","8":"product_tag-impression-couleur","9":"product_tag-planche-dencyclopedie","11":"first","12":"instock","13":"shipping-taxable","14":"purchasable","15":"product-type-simple"},"aioseo_notices":[],"jetpack_sharing_enabled":true,"_links":{"self":[{"href":"https:\/\/lespucesdestju.fr\/index.php?rest_route=\/wp\/v2\/product\/5432","targetHints":{"allow":["GET"]}}],"collection":[{"href":"https:\/\/lespucesdestju.fr\/index.php?rest_route=\/wp\/v2\/product"}],"about":[{"href":"https:\/\/lespucesdestju.fr\/index.php?rest_route=\/wp\/v2\/types\/product"}],"replies":[{"embeddable":true,"href":"https:\/\/lespucesdestju.fr\/index.php?rest_route=%2Fwp%2Fv2%2Fcomments&post=5432"}],"wp:featuredmedia":[{"embeddable":true,"href":"https:\/\/lespucesdestju.fr\/index.php?rest_route=\/wp\/v2\/media\/5434"}],"wp:attachment":[{"href":"https:\/\/lespucesdestju.fr\/index.php?rest_route=%2Fwp%2Fv2%2Fmedia&parent=5432"}],"wp:term":[{"taxonomy":"product_brand","embeddable":true,"href":"https:\/\/lespucesdestju.fr\/index.php?rest_route=%2Fwp%2Fv2%2Fproduct_brand&post=5432"},{"taxonomy":"product_cat","embeddable":true,"href":"https:\/\/lespucesdestju.fr\/index.php?rest_route=%2Fwp%2Fv2%2Fproduct_cat&post=5432"},{"taxonomy":"product_tag","embeddable":true,"href":"https:\/\/lespucesdestju.fr\/index.php?rest_route=%2Fwp%2Fv2%2Fproduct_tag&post=5432"}],"curies":[{"name":"wp","href":"https:\/\/api.w.org\/{rel}","templated":true}]}}

Planche d’encyclopédie, impression couleur.

<p><span style="font-weight: 400;">Planche d’encyclopédie, impression couleur.</span></p>
<p><span style="font-weight: 400;">Impression couleur, fleurs et perroquet, cadre doré.</span></p>
<p><span style="font-weight: 400;">Bel état.</span></p>
<blockquote><p>Hauteur : 44 cm</p>
<p>Largeur : 33 cm</p></blockquote>

<p>Planche d’encyclopédie, impression couleur. Impression couleur, fleurs et perroquet, cadre doré. Bel état. Hauteur : 44 cm Largeur : 33&#8230;</p>
