{"id":5332,"date":"2024-09-03T15:25:09","date_gmt":"2024-09-03T13:25:09","guid":{"rendered":"https:\/\/lespucesdestju.fr\/?post_type=product&#038;p=5332"},"modified":"2024-11-23T18:33:45","modified_gmt":"2024-11-23T17:33:45","slug":"partie-de-service-a-cafe-en-porcelaine-du-japon","status":"publish","type":"product","link":"https:\/\/lespucesdestju.fr\/?product=partie-de-service-a-cafe-en-porcelaine-du-japon","title":{"rendered":"Partie de service \u00e0 caf\u00e9 en porcelaine du Japon"},"content":{"rendered":"<p><span style=\"font-weight: 400;\">Partie de service \u00e0 caf\u00e9 en porcelaine du Japon, \u00e0 d\u00e9cor floral blanc\/bleu.<\/span><\/p>\n<p><span style=\"font-weight: 400;\">\u00a0\u00a0\u00a0\u00a0\u00a0\u00a0\u00a0\u00a0\u00a0\u00a0\u00a0\u00a0Diam tasses 8,5 cm Ht 5 cm\u00a0<\/span><\/p>\n<p><span style=\"font-weight: 400;\">\u00a0\u00a0\u00a0\u00a0\u00a0\u00a0\u00a0\u00a0\u00a0\u00a0\u00a0\u00a0Diam sous-tasses 13 cm<\/span><\/p>\n<p><span style=\"font-weight: 400;\">\u00a0\u00a0\u00a0\u00a0\u00a0\u00a0\u00a0\u00a0\u00a0\u00a0\u00a0\u00a0Assez bon \u00e9tat g\u00e9n\u00e9ral, petites \u00e9grenures \u00e0 une tasse, colorations d\u2019usage.<\/span><\/p>\n<p><span style=\"font-weight: 400;\">\u00a0\u00a0\u00a0\u00a0\u00a0\u00a0\u00a0\u00a0\u00a0\u00a0\u00a0\u00a07 Tasses et sous-tasses.<\/span><\/p>\n","protected":false},"excerpt":{"rendered":"<p>Partie de service \u00e0 caf\u00e9 en porcelaine du Japon, \u00e0 d\u00e9cor floral blanc\/bleu. \u00a0\u00a0\u00a0\u00a0\u00a0\u00a0\u00a0\u00a0\u00a0\u00a0\u00a0\u00a0Diam tasses 8,5 cm Ht 5 cm\u00a0&#8230;<\/p>\n","protected":false},"featured_media":5334,"comment_status":"open","ping_status":"closed","template":"","meta":[],"product_brand":[],"product_cat":[295],"product_tag":[66,139,138],"class_list":{"0":"post-5332","1":"product","2":"type-product","3":"status-publish","4":"has-post-thumbnail","6":"product_cat-services","7":"product_tag-art-de-la-table","8":"product_tag-porcelaine","9":"product_tag-service-a-cafe","11":"first","12":"outofstock","13":"shipping-taxable","14":"purchasable","15":"product-type-simple"},"aioseo_notices":[],"jetpack_sharing_enabled":true,"_links":{"self":[{"href":"https:\/\/lespucesdestju.fr\/index.php?rest_route=\/wp\/v2\/product\/5332","targetHints":{"allow":["GET"]}}],"collection":[{"href":"https:\/\/lespucesdestju.fr\/index.php?rest_route=\/wp\/v2\/product"}],"about":[{"href":"https:\/\/lespucesdestju.fr\/index.php?rest_route=\/wp\/v2\/types\/product"}],"replies":[{"embeddable":true,"href":"https:\/\/lespucesdestju.fr\/index.php?rest_route=%2Fwp%2Fv2%2Fcomments&post=5332"}],"wp:featuredmedia":[{"embeddable":true,"href":"https:\/\/lespucesdestju.fr\/index.php?rest_route=\/wp\/v2\/media\/5334"}],"wp:attachment":[{"href":"https:\/\/lespucesdestju.fr\/index.php?rest_route=%2Fwp%2Fv2%2Fmedia&parent=5332"}],"wp:term":[{"taxonomy":"product_brand","embeddable":true,"href":"https:\/\/lespucesdestju.fr\/index.php?rest_route=%2Fwp%2Fv2%2Fproduct_brand&post=5332"},{"taxonomy":"product_cat","embeddable":true,"href":"https:\/\/lespucesdestju.fr\/index.php?rest_route=%2Fwp%2Fv2%2Fproduct_cat&post=5332"},{"taxonomy":"product_tag","embeddable":true,"href":"https:\/\/lespucesdestju.fr\/index.php?rest_route=%2Fwp%2Fv2%2Fproduct_tag&post=5332"}],"curies":[{"name":"wp","href":"https:\/\/api.w.org\/{rel}","templated":true}]}}

Partie de service à café en porcelaine du Japon

<p><span style="font-weight: 400;">Partie de service à café en porcelaine du Japon, à décor floral blanc/bleu.</span></p>
<p><span style="font-weight: 400;">            Diam tasses 8,5 cm Ht 5 cm </span></p>
<p><span style="font-weight: 400;">            Diam sous-tasses 13 cm</span></p>
<p><span style="font-weight: 400;">            Assez bon état général, petites égrenures à une tasse, colorations d’usage.</span></p>
<p><span style="font-weight: 400;">            7 Tasses et sous-tasses.</span></p>

<p>Partie de service à café en porcelaine du Japon, à décor floral blanc/bleu.             Diam tasses 8,5 cm Ht 5 cm &#8230;</p>
