{"id":5319,"date":"2024-09-03T15:21:07","date_gmt":"2024-09-03T13:21:07","guid":{"rendered":"https:\/\/lespucesdestju.fr\/?post_type=product&#038;p=5319"},"modified":"2024-11-23T17:47:11","modified_gmt":"2024-11-23T16:47:11","slug":"partie-de-service-en-faience-art-deco","status":"publish","type":"product","link":"https:\/\/lespucesdestju.fr\/?product=partie-de-service-en-faience-art-deco","title":{"rendered":"Partie de service en fa\u00efence Art D\u00e9co"},"content":{"rendered":"<p><span style=\"font-weight: 400;\">Partie de service en fa\u00efence Art D\u00e9co par \u201cUnique\u201d \u00e0 Limoges. Pourtour int\u00e9rieur\u00a0 d\u00e9cor\u00e9 d\u2019une frise bleue \u00e0 motifs g\u00e9om\u00e9triques et fleurs. Filet or en bordure.<\/span><\/p>\n<p><span style=\"font-weight: 400;\">Compos\u00e9 de:<\/span><\/p>\n<ul>\n<li><span style=\"font-weight: 400;\">21 assiettes plates Diam 23,5 cm<\/span><\/li>\n<li><span style=\"font-weight: 400;\">4 assiettes creuses Diam 23.5 cm<\/span><\/li>\n<li><span style=\"font-weight: 400;\">11 assiettes \u00e0 dessert Diam 19 cm<\/span><\/li>\n<li><span style=\"font-weight: 400;\">1 plat \u00e0 g\u00e2teaux \u00e0 anses\u00a0 Diam 27 cm<\/span><\/li>\n<li><span style=\"font-weight: 400;\">1 plat rond creux Diam 28,5 Ht 4.5 cm<\/span><\/li>\n<li><span style=\"font-weight: 400;\">1 plat ovale creux 36 x 25 cm Ht 4 cm<\/span><\/li>\n<li><span style=\"font-weight: 400;\">1 sauci\u00e8re verseuse ovale 23 x 15 cm, Ht 9 cm<\/span><\/li>\n<li><span style=\"font-weight: 400;\">1 soupi\u00e8re ovale 38 x 22 cm<\/span><\/li>\n<\/ul>\n<p><span style=\"font-weight: 400;\">Assez bon \u00e9tat g\u00e9n\u00e9ral malgr\u00e9 quelques usures et frottements d\u2019usage, notamment la dorure en bordure sur certaines pi\u00e8ces.<\/span><\/p>\n<blockquote><p><b><i>PEUT \u00caTRE ENVOY\u00c9 EN PLUSIEUR COLIS<\/i><\/b><\/p><\/blockquote>\n","protected":false},"excerpt":{"rendered":"<p>Partie de service en fa\u00efence Art D\u00e9co par \u201cUnique\u201d \u00e0 Limoges. Pourtour int\u00e9rieur\u00a0 d\u00e9cor\u00e9 d\u2019une frise bleue \u00e0 motifs g\u00e9om\u00e9triques&#8230;<\/p>\n","protected":false},"featured_media":5321,"comment_status":"open","ping_status":"closed","template":"","meta":[],"product_brand":[],"product_cat":[15,295],"product_tag":[66,93,92],"class_list":{"0":"post-5319","1":"product","2":"type-product","3":"status-publish","4":"has-post-thumbnail","6":"product_cat-art-de-la-table","7":"product_cat-services","8":"product_tag-art-de-la-table","9":"product_tag-faience","10":"product_tag-service","12":"first","13":"instock","14":"shipping-taxable","15":"purchasable","16":"product-type-simple"},"aioseo_notices":[],"jetpack_sharing_enabled":true,"_links":{"self":[{"href":"https:\/\/lespucesdestju.fr\/index.php?rest_route=\/wp\/v2\/product\/5319","targetHints":{"allow":["GET"]}}],"collection":[{"href":"https:\/\/lespucesdestju.fr\/index.php?rest_route=\/wp\/v2\/product"}],"about":[{"href":"https:\/\/lespucesdestju.fr\/index.php?rest_route=\/wp\/v2\/types\/product"}],"replies":[{"embeddable":true,"href":"https:\/\/lespucesdestju.fr\/index.php?rest_route=%2Fwp%2Fv2%2Fcomments&post=5319"}],"wp:featuredmedia":[{"embeddable":true,"href":"https:\/\/lespucesdestju.fr\/index.php?rest_route=\/wp\/v2\/media\/5321"}],"wp:attachment":[{"href":"https:\/\/lespucesdestju.fr\/index.php?rest_route=%2Fwp%2Fv2%2Fmedia&parent=5319"}],"wp:term":[{"taxonomy":"product_brand","embeddable":true,"href":"https:\/\/lespucesdestju.fr\/index.php?rest_route=%2Fwp%2Fv2%2Fproduct_brand&post=5319"},{"taxonomy":"product_cat","embeddable":true,"href":"https:\/\/lespucesdestju.fr\/index.php?rest_route=%2Fwp%2Fv2%2Fproduct_cat&post=5319"},{"taxonomy":"product_tag","embeddable":true,"href":"https:\/\/lespucesdestju.fr\/index.php?rest_route=%2Fwp%2Fv2%2Fproduct_tag&post=5319"}],"curies":[{"name":"wp","href":"https:\/\/api.w.org\/{rel}","templated":true}]}}

Partie de service en faïence Art Déco

<p><span style="font-weight: 400;">Partie de service en faïence Art Déco par “Unique” à Limoges. Pourtour intérieur  décoré d’une frise bleue à motifs géométriques et fleurs. Filet or en bordure.</span></p>
<p><span style="font-weight: 400;">Composé de:</span></p>
<ul>
<li><span style="font-weight: 400;">21 assiettes plates Diam 23,5 cm</span></li>
<li><span style="font-weight: 400;">4 assiettes creuses Diam 23.5 cm</span></li>
<li><span style="font-weight: 400;">11 assiettes à dessert Diam 19 cm</span></li>
<li><span style="font-weight: 400;">1 plat à gâteaux à anses  Diam 27 cm</span></li>
<li><span style="font-weight: 400;">1 plat rond creux Diam 28,5 Ht 4.5 cm</span></li>
<li><span style="font-weight: 400;">1 plat ovale creux 36 x 25 cm Ht 4 cm</span></li>
<li><span style="font-weight: 400;">1 saucière verseuse ovale 23 x 15 cm, Ht 9 cm</span></li>
<li><span style="font-weight: 400;">1 soupière ovale 38 x 22 cm</span></li>
</ul>
<p><span style="font-weight: 400;">Assez bon état général malgré quelques usures et frottements d’usage, notamment la dorure en bordure sur certaines pièces.</span></p>
<blockquote><p><b><i>PEUT ÊTRE ENVOYÉ EN PLUSIEUR COLIS</i></b></p></blockquote>

<p>Partie de service en faïence Art Déco par “Unique” à Limoges. Pourtour intérieur  décoré d’une frise bleue à motifs géométriques&#8230;</p>
