{"id":5300,"date":"2024-09-03T15:11:44","date_gmt":"2024-09-03T13:11:44","guid":{"rendered":"https:\/\/lespucesdestju.fr\/?post_type=product&#038;p=5300"},"modified":"2024-09-03T15:11:44","modified_gmt":"2024-09-03T13:11:44","slug":"partie-de-service-poreylor-lamandinoise","status":"publish","type":"product","link":"https:\/\/lespucesdestju.fr\/?product=partie-de-service-poreylor-lamandinoise","title":{"rendered":"Partie de service Poreylor L\u2019Amandinoise"},"content":{"rendered":"<p><span style=\"font-weight: 400;\">Partie de service Poreylor L\u2019Amandinoise en demi-porcelaine, d\u00e9cors floraux et filets bleus et or.<\/span><\/p>\n<ul>\n<li><span style=\"font-weight: 400;\">21 assiettes plates : D23.5 cm<\/span><\/li>\n<li><span style=\"font-weight: 400;\">12 assiettes plates : D23.5 cm<\/span><\/li>\n<li><span style=\"font-weight: 400;\">2 raviers plats : 23 x 15 cm<\/span><\/li>\n<li><span style=\"font-weight: 400;\">1 plat ovale creux : 34 x 23.5 cm<\/span><\/li>\n<li><span style=\"font-weight: 400;\">1 plat rond creux : D 27 cm, Ht 5 cm (l\u00e9ger f\u00eale)<\/span><\/li>\n<li><span style=\"font-weight: 400;\">1 plat rond plat : D 27 cm<\/span><\/li>\n<li><span style=\"font-weight: 400;\">1 saladier : D 25 cm Ht 10 cm<\/span><\/li>\n<li><span style=\"font-weight: 400;\">1 soupi\u00e8re : D : 25 cm<\/span><\/li>\n<li><span style=\"font-weight: 400;\">1 petite sauci\u00e8re : D 12 cm ; Ht\u00a0 6 cm, \u00e0 anse et bec verseur<\/span><\/li>\n<\/ul>\n<p><span style=\"font-weight: 400;\">Bel aspect g\u00e9n\u00e9ral, quelques frottements, rares jaunissements, 1 f\u00eale signal\u00e9 sur un plat rond creux.<\/span><\/p>\n<blockquote><p><b><i>PEUT \u00caTRE ENVOY\u00c9 EN PLUSIEUR COLIS<\/i><\/b><\/p><\/blockquote>\n","protected":false},"excerpt":{"rendered":"<p>Partie de service Poreylor L\u2019Amandinoise en demi-porcelaine, d\u00e9cors floraux et filets bleus et or. 21 assiettes plates : D23.5 cm&#8230;<\/p>\n","protected":false},"featured_media":5302,"comment_status":"open","ping_status":"closed","template":"","meta":[],"product_brand":[],"product_cat":[15,295],"product_tag":[66,139,92],"class_list":{"0":"post-5300","1":"product","2":"type-product","3":"status-publish","4":"has-post-thumbnail","6":"product_cat-art-de-la-table","7":"product_cat-services","8":"product_tag-art-de-la-table","9":"product_tag-porcelaine","10":"product_tag-service","12":"first","13":"instock","14":"shipping-taxable","15":"purchasable","16":"product-type-simple"},"aioseo_notices":[],"jetpack_sharing_enabled":true,"_links":{"self":[{"href":"https:\/\/lespucesdestju.fr\/index.php?rest_route=\/wp\/v2\/product\/5300","targetHints":{"allow":["GET"]}}],"collection":[{"href":"https:\/\/lespucesdestju.fr\/index.php?rest_route=\/wp\/v2\/product"}],"about":[{"href":"https:\/\/lespucesdestju.fr\/index.php?rest_route=\/wp\/v2\/types\/product"}],"replies":[{"embeddable":true,"href":"https:\/\/lespucesdestju.fr\/index.php?rest_route=%2Fwp%2Fv2%2Fcomments&post=5300"}],"wp:featuredmedia":[{"embeddable":true,"href":"https:\/\/lespucesdestju.fr\/index.php?rest_route=\/wp\/v2\/media\/5302"}],"wp:attachment":[{"href":"https:\/\/lespucesdestju.fr\/index.php?rest_route=%2Fwp%2Fv2%2Fmedia&parent=5300"}],"wp:term":[{"taxonomy":"product_brand","embeddable":true,"href":"https:\/\/lespucesdestju.fr\/index.php?rest_route=%2Fwp%2Fv2%2Fproduct_brand&post=5300"},{"taxonomy":"product_cat","embeddable":true,"href":"https:\/\/lespucesdestju.fr\/index.php?rest_route=%2Fwp%2Fv2%2Fproduct_cat&post=5300"},{"taxonomy":"product_tag","embeddable":true,"href":"https:\/\/lespucesdestju.fr\/index.php?rest_route=%2Fwp%2Fv2%2Fproduct_tag&post=5300"}],"curies":[{"name":"wp","href":"https:\/\/api.w.org\/{rel}","templated":true}]}}

<p><span style="font-weight: 400;">Partie de service Poreylor L’Amandinoise en demi-porcelaine, décors floraux et filets bleus et or.</span></p>
<ul>
<li><span style="font-weight: 400;">21 assiettes plates : D23.5 cm</span></li>
<li><span style="font-weight: 400;">12 assiettes plates : D23.5 cm</span></li>
<li><span style="font-weight: 400;">2 raviers plats : 23 x 15 cm</span></li>
<li><span style="font-weight: 400;">1 plat ovale creux : 34 x 23.5 cm</span></li>
<li><span style="font-weight: 400;">1 plat rond creux : D 27 cm, Ht 5 cm (léger fêle)</span></li>
<li><span style="font-weight: 400;">1 plat rond plat : D 27 cm</span></li>
<li><span style="font-weight: 400;">1 saladier : D 25 cm Ht 10 cm</span></li>
<li><span style="font-weight: 400;">1 soupière : D : 25 cm</span></li>
<li><span style="font-weight: 400;">1 petite saucière : D 12 cm ; Ht  6 cm, à anse et bec verseur</span></li>
</ul>
<p><span style="font-weight: 400;">Bel aspect général, quelques frottements, rares jaunissements, 1 fêle signalé sur un plat rond creux.</span></p>
<blockquote><p><b><i>PEUT ÊTRE ENVOYÉ EN PLUSIEUR COLIS</i></b></p></blockquote>

<p>Partie de service Poreylor L’Amandinoise en demi-porcelaine, décors floraux et filets bleus et or. 21 assiettes plates : D23.5 cm&#8230;</p>
