{"id":5292,"date":"2024-09-03T14:58:54","date_gmt":"2024-09-03T12:58:54","guid":{"rendered":"https:\/\/lespucesdestju.fr\/?post_type=product&#038;p=5292"},"modified":"2024-11-23T17:45:37","modified_gmt":"2024-11-23T16:45:37","slug":"partie-de-service-en-faience-blanche-et-verte","status":"publish","type":"product","link":"https:\/\/lespucesdestju.fr\/?product=partie-de-service-en-faience-blanche-et-verte","title":{"rendered":"Partie de service en fa\u00efence blanche et verte"},"content":{"rendered":"<p><span style=\"font-weight: 400;\">Partie de service en fa\u00efence blanche et verte, par Digoin Sarreguemines, mod\u00e8le \u201cPascal\u201d.<\/span><\/p>\n<p><strong>Constitution:<\/strong><\/p>\n<ul>\n<li><span style=\"font-weight: 400;\">16 assiettes diam : 22 cm<\/span><\/li>\n<li><span style=\"font-weight: 400;\">5 assiettes diam : 23 cm<\/span><\/li>\n<li><span style=\"font-weight: 400;\">1 plat rond creux diam : 28 cm<\/span><\/li>\n<li><span style=\"font-weight: 400;\">1 plat rond diam : 27,5 cm<\/span><\/li>\n<li><span style=\"font-weight: 400;\">2 raviers ovales : 22,5 x 14 cm<\/span><\/li>\n<li><span style=\"font-weight: 400;\">1 soupi\u00e8re grand mod\u00e8le\u00a0<\/span><\/li>\n<li><span style=\"font-weight: 400;\">1 sauci\u00e8re \u00e0 anse<\/span><\/li>\n<\/ul>\n<p><span style=\"font-weight: 400;\">Bon \u00e9tat g\u00e9n\u00e9ral, quelques rayures et frottements d\u2019usage. A signaler un f\u00eale sur assiette creuse.<\/span><\/p>\n<blockquote><p><b><i>PEUT \u00caTRE ENVOY\u00c9 EN PLUSIEUR COLIS<\/i><\/b><\/p><\/blockquote>\n","protected":false},"excerpt":{"rendered":"<p>Partie de service en fa\u00efence blanche et verte, par Digoin Sarreguemines, mod\u00e8le \u201cPascal\u201d. Constitution: 16 assiettes diam : 22 cm&#8230;<\/p>\n","protected":false},"featured_media":5294,"comment_status":"open","ping_status":"closed","template":"","meta":[],"product_brand":[],"product_cat":[15,295],"product_tag":[66,93,92],"class_list":{"0":"post-5292","1":"product","2":"type-product","3":"status-publish","4":"has-post-thumbnail","6":"product_cat-art-de-la-table","7":"product_cat-services","8":"product_tag-art-de-la-table","9":"product_tag-faience","10":"product_tag-service","12":"first","13":"outofstock","14":"shipping-taxable","15":"purchasable","16":"product-type-simple"},"aioseo_notices":[],"jetpack_sharing_enabled":true,"_links":{"self":[{"href":"https:\/\/lespucesdestju.fr\/index.php?rest_route=\/wp\/v2\/product\/5292","targetHints":{"allow":["GET"]}}],"collection":[{"href":"https:\/\/lespucesdestju.fr\/index.php?rest_route=\/wp\/v2\/product"}],"about":[{"href":"https:\/\/lespucesdestju.fr\/index.php?rest_route=\/wp\/v2\/types\/product"}],"replies":[{"embeddable":true,"href":"https:\/\/lespucesdestju.fr\/index.php?rest_route=%2Fwp%2Fv2%2Fcomments&post=5292"}],"wp:featuredmedia":[{"embeddable":true,"href":"https:\/\/lespucesdestju.fr\/index.php?rest_route=\/wp\/v2\/media\/5294"}],"wp:attachment":[{"href":"https:\/\/lespucesdestju.fr\/index.php?rest_route=%2Fwp%2Fv2%2Fmedia&parent=5292"}],"wp:term":[{"taxonomy":"product_brand","embeddable":true,"href":"https:\/\/lespucesdestju.fr\/index.php?rest_route=%2Fwp%2Fv2%2Fproduct_brand&post=5292"},{"taxonomy":"product_cat","embeddable":true,"href":"https:\/\/lespucesdestju.fr\/index.php?rest_route=%2Fwp%2Fv2%2Fproduct_cat&post=5292"},{"taxonomy":"product_tag","embeddable":true,"href":"https:\/\/lespucesdestju.fr\/index.php?rest_route=%2Fwp%2Fv2%2Fproduct_tag&post=5292"}],"curies":[{"name":"wp","href":"https:\/\/api.w.org\/{rel}","templated":true}]}}

Partie de service en faïence blanche et verte

<p><span style="font-weight: 400;">Partie de service en faïence blanche et verte, par Digoin Sarreguemines, modèle “Pascal”.</span></p>
<p><strong>Constitution:</strong></p>
<ul>
<li><span style="font-weight: 400;">16 assiettes diam : 22 cm</span></li>
<li><span style="font-weight: 400;">5 assiettes diam : 23 cm</span></li>
<li><span style="font-weight: 400;">1 plat rond creux diam : 28 cm</span></li>
<li><span style="font-weight: 400;">1 plat rond diam : 27,5 cm</span></li>
<li><span style="font-weight: 400;">2 raviers ovales : 22,5 x 14 cm</span></li>
<li><span style="font-weight: 400;">1 soupière grand modèle </span></li>
<li><span style="font-weight: 400;">1 saucière à anse</span></li>
</ul>
<p><span style="font-weight: 400;">Bon état général, quelques rayures et frottements d’usage. A signaler un fêle sur assiette creuse.</span></p>
<blockquote><p><b><i>PEUT ÊTRE ENVOYÉ EN PLUSIEUR COLIS</i></b></p></blockquote>

<p>Partie de service en faïence blanche et verte, par Digoin Sarreguemines, modèle “Pascal”. Constitution: 16 assiettes diam : 22 cm&#8230;</p>
