{"id":5250,"date":"2024-08-22T15:20:18","date_gmt":"2024-08-22T13:20:18","guid":{"rendered":"https:\/\/lespucesdestju.fr\/?post_type=product&#038;p=5250"},"modified":"2024-08-22T15:25:34","modified_gmt":"2024-08-22T13:25:34","slug":"miroir-louis-philippe-en-bois-dore","status":"publish","type":"product","link":"https:\/\/lespucesdestju.fr\/?product=miroir-louis-philippe-en-bois-dore","title":{"rendered":"Miroir Louis Philippe en bois dor\u00e9"},"content":{"rendered":"<p><span style=\"font-weight: 400;\">Miroir Louis Philippe en bois dor\u00e9 \u00e0 fronton orn\u00e9 d\u2019une coquille rocaille, le pourtour \u00e0 d\u00e9cor d\u2019une frise d\u2019entrelacements de fleurs en dorure\u00a0 vive et amati.<\/span><\/p>\n<p><span style=\"font-weight: 400;\">\u00a0XIXeme .\u00a0 <\/span><\/p>\n<p><span style=\"font-weight: 400;\">Tr\u00e8s bel aspect g\u00e9n\u00e9ral malgr\u00e9 une t\u00e2che longiligne au teint du miroir et quelques usures \u00e0 la dorure.<br \/>\n<\/span><\/p>\n<blockquote><p>Hauteur : 157 cm<\/p>\n<p>Largeur : 83 cm<\/p>\n<p><b><i>Cet objet peut \u00eatre uniquement retir\u00e9 en boutique,<\/i><\/b><i><span style=\"font-weight: 400;\"> pour la livraison, veuillez nous contacter. <\/span><\/i><\/p><\/blockquote>\n","protected":false},"excerpt":{"rendered":"<p>Miroir Louis Philippe en bois dor\u00e9 \u00e0 fronton orn\u00e9 d\u2019une coquille rocaille, le pourtour \u00e0 d\u00e9cor d\u2019une frise d\u2019entrelacements de&#8230;<\/p>\n","protected":false},"featured_media":5258,"comment_status":"open","ping_status":"closed","template":"","meta":[],"product_brand":[],"product_cat":[305,45],"product_tag":[86,235],"class_list":{"0":"post-5250","1":"product","2":"type-product","3":"status-publish","4":"has-post-thumbnail","6":"product_cat-miroirs","7":"product_cat-mobilier","8":"product_tag-bois","9":"product_tag-miroir","11":"first","12":"instock","13":"shipping-taxable","14":"product-type-external"},"aioseo_notices":[],"jetpack_sharing_enabled":true,"_links":{"self":[{"href":"https:\/\/lespucesdestju.fr\/index.php?rest_route=\/wp\/v2\/product\/5250","targetHints":{"allow":["GET"]}}],"collection":[{"href":"https:\/\/lespucesdestju.fr\/index.php?rest_route=\/wp\/v2\/product"}],"about":[{"href":"https:\/\/lespucesdestju.fr\/index.php?rest_route=\/wp\/v2\/types\/product"}],"replies":[{"embeddable":true,"href":"https:\/\/lespucesdestju.fr\/index.php?rest_route=%2Fwp%2Fv2%2Fcomments&post=5250"}],"wp:featuredmedia":[{"embeddable":true,"href":"https:\/\/lespucesdestju.fr\/index.php?rest_route=\/wp\/v2\/media\/5258"}],"wp:attachment":[{"href":"https:\/\/lespucesdestju.fr\/index.php?rest_route=%2Fwp%2Fv2%2Fmedia&parent=5250"}],"wp:term":[{"taxonomy":"product_brand","embeddable":true,"href":"https:\/\/lespucesdestju.fr\/index.php?rest_route=%2Fwp%2Fv2%2Fproduct_brand&post=5250"},{"taxonomy":"product_cat","embeddable":true,"href":"https:\/\/lespucesdestju.fr\/index.php?rest_route=%2Fwp%2Fv2%2Fproduct_cat&post=5250"},{"taxonomy":"product_tag","embeddable":true,"href":"https:\/\/lespucesdestju.fr\/index.php?rest_route=%2Fwp%2Fv2%2Fproduct_tag&post=5250"}],"curies":[{"name":"wp","href":"https:\/\/api.w.org\/{rel}","templated":true}]}}

Miroir Louis Philippe en bois doré

<p><span style="font-weight: 400;">Miroir Louis Philippe en bois doré à fronton orné d’une coquille rocaille, le pourtour à décor d’une frise d’entrelacements de fleurs en dorure  vive et amati.</span></p>
<p><span style="font-weight: 400;"> XIXeme .  </span></p>
<p><span style="font-weight: 400;">Très bel aspect général malgré une tâche longiligne au teint du miroir et quelques usures à la dorure.<br />
</span></p>
<blockquote><p>Hauteur : 157 cm</p>
<p>Largeur : 83 cm</p>
<p><b><i>Cet objet peut être uniquement retiré en boutique,</i></b><i><span style="font-weight: 400;"> pour la livraison, veuillez nous contacter. </span></i></p></blockquote>

<p>Miroir Louis Philippe en bois doré à fronton orné d’une coquille rocaille, le pourtour à décor d’une frise d’entrelacements de&#8230;</p>
