{"id":5194,"date":"2024-08-02T13:40:45","date_gmt":"2024-08-02T11:40:45","guid":{"rendered":"https:\/\/lespucesdestju.fr\/?post_type=product&#038;p=5194"},"modified":"2024-08-02T13:40:45","modified_gmt":"2024-08-02T11:40:45","slug":"huile-sur-panneau-par-f-ziefeld","status":"publish","type":"product","link":"https:\/\/lespucesdestju.fr\/?product=huile-sur-panneau-par-f-ziefeld","title":{"rendered":"Huile sur Panneau par F.Ziefeld"},"content":{"rendered":"<p><span style=\"font-weight: 400;\">Huile sur Panneau par F.Ziefeld. \u00c9cole su\u00e9doise. Interpr\u00e9tation d\u2019apr\u00e8s \u201cLa gardienne de vache\u201d de Enders Zorn.<\/span><\/p>\n<blockquote><p>Largeur : 36 cm<\/p>\n<p>Hauteur : 46 cm<\/p><\/blockquote>\n","protected":false},"excerpt":{"rendered":"<p>Huile sur Panneau par F.Ziefeld. \u00c9cole su\u00e9doise. Interpr\u00e9tation d\u2019apr\u00e8s \u201cLa gardienne de vache\u201d de Enders Zorn. Largeur : 36 cm&#8230;<\/p>\n","protected":false},"featured_media":5200,"comment_status":"open","ping_status":"closed","template":"","meta":[],"product_brand":[],"product_cat":[50,306],"product_tag":[56,104,101],"class_list":{"0":"post-5194","1":"product","2":"type-product","3":"status-publish","4":"has-post-thumbnail","6":"product_cat-art","7":"product_cat-tableaux-et-peintures","8":"product_tag-art","9":"product_tag-huile-sur-panneau","10":"product_tag-tableau","12":"first","13":"instock","14":"shipping-taxable","15":"purchasable","16":"product-type-simple"},"aioseo_notices":[],"jetpack_sharing_enabled":true,"_links":{"self":[{"href":"https:\/\/lespucesdestju.fr\/index.php?rest_route=\/wp\/v2\/product\/5194","targetHints":{"allow":["GET"]}}],"collection":[{"href":"https:\/\/lespucesdestju.fr\/index.php?rest_route=\/wp\/v2\/product"}],"about":[{"href":"https:\/\/lespucesdestju.fr\/index.php?rest_route=\/wp\/v2\/types\/product"}],"replies":[{"embeddable":true,"href":"https:\/\/lespucesdestju.fr\/index.php?rest_route=%2Fwp%2Fv2%2Fcomments&post=5194"}],"wp:featuredmedia":[{"embeddable":true,"href":"https:\/\/lespucesdestju.fr\/index.php?rest_route=\/wp\/v2\/media\/5200"}],"wp:attachment":[{"href":"https:\/\/lespucesdestju.fr\/index.php?rest_route=%2Fwp%2Fv2%2Fmedia&parent=5194"}],"wp:term":[{"taxonomy":"product_brand","embeddable":true,"href":"https:\/\/lespucesdestju.fr\/index.php?rest_route=%2Fwp%2Fv2%2Fproduct_brand&post=5194"},{"taxonomy":"product_cat","embeddable":true,"href":"https:\/\/lespucesdestju.fr\/index.php?rest_route=%2Fwp%2Fv2%2Fproduct_cat&post=5194"},{"taxonomy":"product_tag","embeddable":true,"href":"https:\/\/lespucesdestju.fr\/index.php?rest_route=%2Fwp%2Fv2%2Fproduct_tag&post=5194"}],"curies":[{"name":"wp","href":"https:\/\/api.w.org\/{rel}","templated":true}]}}

<p><span style="font-weight: 400;">Huile sur Panneau par F.Ziefeld. École suédoise. Interprétation d’après “La gardienne de vache” de Enders Zorn.</span></p>
<blockquote><p>Largeur : 36 cm</p>
<p>Hauteur : 46 cm</p></blockquote>

<p>Huile sur Panneau par F.Ziefeld. École suédoise. Interprétation d’après “La gardienne de vache” de Enders Zorn. Largeur : 36 cm&#8230;</p>
