{"id":5188,"date":"2024-08-02T13:36:01","date_gmt":"2024-08-02T11:36:01","guid":{"rendered":"https:\/\/lespucesdestju.fr\/?post_type=product&#038;p=5188"},"modified":"2024-08-19T16:15:06","modified_gmt":"2024-08-19T14:15:06","slug":"huile-sur-carton-pins-et-maisons-sur-la-dune","status":"publish","type":"product","link":"https:\/\/lespucesdestju.fr\/?product=huile-sur-carton-pins-et-maisons-sur-la-dune","title":{"rendered":"Huile sur carton, Pins et maisons sur la dune"},"content":{"rendered":"<p>Huile sur carton, Pins et maisons sur la dune.<\/p>\n<p><span style=\"font-weight: 400;\">Localis\u00e9e St Girons (Landes c\u00f4te Atlantique). <\/span><\/p>\n<p><span style=\"font-weight: 400;\">Non sign\u00e9e, d\u00e9but du XX\u00e8me.\u00a0<\/span><\/p>\n<blockquote><p>Largeur : 45 cm<\/p>\n<p>Hauteur : 34 cm<\/p><\/blockquote>\n","protected":false},"excerpt":{"rendered":"<p>Huile sur carton, Pins et maisons sur la dune. Localis\u00e9e St Girons (Landes c\u00f4te Atlantique). Non sign\u00e9e, d\u00e9but du XX\u00e8me.\u00a0&#8230;<\/p>\n","protected":false},"featured_media":5193,"comment_status":"open","ping_status":"closed","template":"","meta":[],"product_brand":[],"product_cat":[50,306],"product_tag":[56,269,100,101],"class_list":{"0":"post-5188","1":"product","2":"type-product","3":"status-publish","4":"has-post-thumbnail","6":"product_cat-art","7":"product_cat-tableaux-et-peintures","8":"product_tag-art","9":"product_tag-huile-sur-carton","10":"product_tag-peinture","11":"product_tag-tableau","13":"first","14":"outofstock","15":"shipping-taxable","16":"purchasable","17":"product-type-simple"},"aioseo_notices":[],"jetpack_sharing_enabled":true,"_links":{"self":[{"href":"https:\/\/lespucesdestju.fr\/index.php?rest_route=\/wp\/v2\/product\/5188","targetHints":{"allow":["GET"]}}],"collection":[{"href":"https:\/\/lespucesdestju.fr\/index.php?rest_route=\/wp\/v2\/product"}],"about":[{"href":"https:\/\/lespucesdestju.fr\/index.php?rest_route=\/wp\/v2\/types\/product"}],"replies":[{"embeddable":true,"href":"https:\/\/lespucesdestju.fr\/index.php?rest_route=%2Fwp%2Fv2%2Fcomments&post=5188"}],"wp:featuredmedia":[{"embeddable":true,"href":"https:\/\/lespucesdestju.fr\/index.php?rest_route=\/wp\/v2\/media\/5193"}],"wp:attachment":[{"href":"https:\/\/lespucesdestju.fr\/index.php?rest_route=%2Fwp%2Fv2%2Fmedia&parent=5188"}],"wp:term":[{"taxonomy":"product_brand","embeddable":true,"href":"https:\/\/lespucesdestju.fr\/index.php?rest_route=%2Fwp%2Fv2%2Fproduct_brand&post=5188"},{"taxonomy":"product_cat","embeddable":true,"href":"https:\/\/lespucesdestju.fr\/index.php?rest_route=%2Fwp%2Fv2%2Fproduct_cat&post=5188"},{"taxonomy":"product_tag","embeddable":true,"href":"https:\/\/lespucesdestju.fr\/index.php?rest_route=%2Fwp%2Fv2%2Fproduct_tag&post=5188"}],"curies":[{"name":"wp","href":"https:\/\/api.w.org\/{rel}","templated":true}]}}