{"id":5147,"date":"2024-08-02T12:53:49","date_gmt":"2024-08-02T10:53:49","guid":{"rendered":"https:\/\/lespucesdestju.fr\/?post_type=product&#038;p=5147"},"modified":"2024-08-02T12:53:49","modified_gmt":"2024-08-02T10:53:49","slug":"huile-sur-toile-bateaux-au-mouillage-devant-une-cite","status":"publish","type":"product","link":"https:\/\/lespucesdestju.fr\/?product=huile-sur-toile-bateaux-au-mouillage-devant-une-cite","title":{"rendered":"Huile sur toile, Bateaux au mouillage devant une cit\u00e9"},"content":{"rendered":"<p>Huile sur toile, Bateaux au mouillage devant une cit\u00e9.<\/p>\n<p><span style=\"font-weight: 400;\">Ecole XIXeme\u00a0<\/span><\/p>\n<p><span style=\"font-weight: 400;\">Peinture restaur\u00e9e et r\u00e9-entoil\u00e9e sur ch\u00e2ssis sur mesure.\u00a0<\/span><\/p>\n<blockquote><p>Largeur : 46 cm<\/p>\n<p>Hauteur : 27 cm<\/p><\/blockquote>\n","protected":false},"excerpt":{"rendered":"<p>Huile sur toile, Bateaux au mouillage devant une cit\u00e9. Ecole XIXeme\u00a0 Peinture restaur\u00e9e et r\u00e9-entoil\u00e9e sur ch\u00e2ssis sur mesure.\u00a0 Largeur&#8230;<\/p>\n","protected":false},"featured_media":5152,"comment_status":"open","ping_status":"closed","template":"","meta":[],"product_brand":[],"product_cat":[50,306],"product_tag":[56,118,100,101],"class_list":{"0":"post-5147","1":"product","2":"type-product","3":"status-publish","4":"has-post-thumbnail","6":"product_cat-art","7":"product_cat-tableaux-et-peintures","8":"product_tag-art","9":"product_tag-marine","10":"product_tag-peinture","11":"product_tag-tableau","13":"first","14":"instock","15":"shipping-taxable","16":"purchasable","17":"product-type-simple"},"aioseo_notices":[],"jetpack_sharing_enabled":true,"_links":{"self":[{"href":"https:\/\/lespucesdestju.fr\/index.php?rest_route=\/wp\/v2\/product\/5147","targetHints":{"allow":["GET"]}}],"collection":[{"href":"https:\/\/lespucesdestju.fr\/index.php?rest_route=\/wp\/v2\/product"}],"about":[{"href":"https:\/\/lespucesdestju.fr\/index.php?rest_route=\/wp\/v2\/types\/product"}],"replies":[{"embeddable":true,"href":"https:\/\/lespucesdestju.fr\/index.php?rest_route=%2Fwp%2Fv2%2Fcomments&post=5147"}],"wp:featuredmedia":[{"embeddable":true,"href":"https:\/\/lespucesdestju.fr\/index.php?rest_route=\/wp\/v2\/media\/5152"}],"wp:attachment":[{"href":"https:\/\/lespucesdestju.fr\/index.php?rest_route=%2Fwp%2Fv2%2Fmedia&parent=5147"}],"wp:term":[{"taxonomy":"product_brand","embeddable":true,"href":"https:\/\/lespucesdestju.fr\/index.php?rest_route=%2Fwp%2Fv2%2Fproduct_brand&post=5147"},{"taxonomy":"product_cat","embeddable":true,"href":"https:\/\/lespucesdestju.fr\/index.php?rest_route=%2Fwp%2Fv2%2Fproduct_cat&post=5147"},{"taxonomy":"product_tag","embeddable":true,"href":"https:\/\/lespucesdestju.fr\/index.php?rest_route=%2Fwp%2Fv2%2Fproduct_tag&post=5147"}],"curies":[{"name":"wp","href":"https:\/\/api.w.org\/{rel}","templated":true}]}}