{"id":5137,"date":"2024-07-31T15:31:32","date_gmt":"2024-07-31T13:31:32","guid":{"rendered":"https:\/\/lespucesdestju.fr\/?product=fauteuil-art-deco-fin-des-annees-30"},"modified":"2025-01-17T11:16:28","modified_gmt":"2025-01-17T10:16:28","slug":"fauteuil-art-deco-fin-des-annees-30","status":"publish","type":"product","link":"https:\/\/lespucesdestju.fr\/?product=fauteuil-art-deco-fin-des-annees-30","title":{"rendered":"Fauteuil art d\u00e9co, fin des ann\u00e9es 30"},"content":{"rendered":"<p>Fauteuil art d\u00e9co, fin des ann\u00e9es 30 en velours<\/p>\n<p>Accotoirs et pieds en h\u00eatre<\/p>\n<blockquote><p><i>longueur : 100 cm<\/i><\/p>\n<p>Largeur : 65 cm<\/p>\n<p>Hauteur : 78 cm<\/p>\n<p><b><i>Cet objet peut \u00eatre uniquement retir\u00e9 en boutique,<\/i><\/b><i><span style=\"font-weight: 400\"> pour la livraison, veuillez nous contacter.\u00a0<\/span><\/i><\/p><\/blockquote>\n","protected":false},"excerpt":{"rendered":"<p>Fauteuil art d\u00e9co, fin des ann\u00e9es 30 en velours Accotoirs et pieds en h\u00eatre longueur : 100 cm Largeur :&#8230;<\/p>\n","protected":false},"featured_media":5133,"comment_status":"open","ping_status":"closed","template":"","meta":[],"product_brand":[],"product_cat":[303,45],"product_tag":[113,313,86,83],"class_list":{"0":"post-5137","1":"product","2":"type-product","3":"status-publish","4":"has-post-thumbnail","6":"product_cat-assises","7":"product_cat-mobilier","8":"product_tag-art-deco","9":"product_tag-assises","10":"product_tag-bois","11":"product_tag-mobilier","13":"first","14":"outofstock","15":"shipping-taxable","16":"purchasable","17":"product-type-simple"},"aioseo_notices":[],"jetpack_sharing_enabled":true,"_links":{"self":[{"href":"https:\/\/lespucesdestju.fr\/index.php?rest_route=\/wp\/v2\/product\/5137","targetHints":{"allow":["GET"]}}],"collection":[{"href":"https:\/\/lespucesdestju.fr\/index.php?rest_route=\/wp\/v2\/product"}],"about":[{"href":"https:\/\/lespucesdestju.fr\/index.php?rest_route=\/wp\/v2\/types\/product"}],"replies":[{"embeddable":true,"href":"https:\/\/lespucesdestju.fr\/index.php?rest_route=%2Fwp%2Fv2%2Fcomments&post=5137"}],"wp:featuredmedia":[{"embeddable":true,"href":"https:\/\/lespucesdestju.fr\/index.php?rest_route=\/wp\/v2\/media\/5133"}],"wp:attachment":[{"href":"https:\/\/lespucesdestju.fr\/index.php?rest_route=%2Fwp%2Fv2%2Fmedia&parent=5137"}],"wp:term":[{"taxonomy":"product_brand","embeddable":true,"href":"https:\/\/lespucesdestju.fr\/index.php?rest_route=%2Fwp%2Fv2%2Fproduct_brand&post=5137"},{"taxonomy":"product_cat","embeddable":true,"href":"https:\/\/lespucesdestju.fr\/index.php?rest_route=%2Fwp%2Fv2%2Fproduct_cat&post=5137"},{"taxonomy":"product_tag","embeddable":true,"href":"https:\/\/lespucesdestju.fr\/index.php?rest_route=%2Fwp%2Fv2%2Fproduct_tag&post=5137"}],"curies":[{"name":"wp","href":"https:\/\/api.w.org\/{rel}","templated":true}]}}

Fauteuil art déco, fin des années 30

<p>Fauteuil art déco, fin des années 30 en velours</p>
<p>Accotoirs et pieds en hêtre</p>
<blockquote><p><i>longueur : 100 cm</i></p>
<p>Largeur : 65 cm</p>
<p>Hauteur : 78 cm</p>
<p><b><i>Cet objet peut être uniquement retiré en boutique,</i></b><i><span style="font-weight: 400"> pour la livraison, veuillez nous contacter. </span></i></p></blockquote>

<p>Fauteuil art déco, fin des années 30 en velours Accotoirs et pieds en hêtre longueur : 100 cm Largeur :&#8230;</p>
