{"id":5088,"date":"2024-07-22T13:37:53","date_gmt":"2024-07-22T11:37:53","guid":{"rendered":"https:\/\/lespucesdestju.fr\/?post_type=product&#038;p=5088"},"modified":"2024-07-22T13:37:53","modified_gmt":"2024-07-22T11:37:53","slug":"jardiniere-rectangulaire-imari-en-porcelaine","status":"publish","type":"product","link":"https:\/\/lespucesdestju.fr\/?product=jardiniere-rectangulaire-imari-en-porcelaine","title":{"rendered":"Jardini\u00e8re rectangulaire Imari en porcelaine"},"content":{"rendered":"<p><span style=\"font-weight: 400;\">Jardini\u00e8re rectangulaire Imari en porcelaine \u00e9maill\u00e9e \u00e0 d\u00e9cor de paysages et d\u2019une sc\u00e8ne anim\u00e9e.\u00a0<\/span><\/p>\n<p><span style=\"font-weight: 400;\">Bon \u00e9tat\u00a0<\/span><\/p>\n<p><span style=\"font-weight: 400;\">Fin du XIXeme\u00a0<\/span><\/p>\n<blockquote><p><i><span style=\"font-weight: 400;\">Dimensions ( longueur x Largeur x Hauteur) et poids (Kg) : <\/span><\/i><b><i>voir informations compl\u00e9mentaires.<\/i><\/b><\/p><\/blockquote>\n","protected":false},"excerpt":{"rendered":"<p>Jardini\u00e8re rectangulaire Imari en porcelaine \u00e9maill\u00e9e \u00e0 d\u00e9cor de paysages et d\u2019une sc\u00e8ne anim\u00e9e.\u00a0 Bon \u00e9tat\u00a0 Fin du XIXeme\u00a0 Dimensions&#8230;<\/p>\n","protected":false},"featured_media":5089,"comment_status":"open","ping_status":"closed","template":"","meta":[],"product_brand":[],"product_cat":[293,37],"product_tag":[60,136,201,139],"class_list":{"0":"post-5088","1":"product","2":"type-product","3":"status-publish","4":"has-post-thumbnail","6":"product_cat-coupes-plats-et-vide-poche","7":"product_cat-decoration","8":"product_tag-decoration","9":"product_tag-email","10":"product_tag-jardiniere","11":"product_tag-porcelaine","13":"first","14":"instock","15":"shipping-taxable","16":"purchasable","17":"product-type-simple"},"aioseo_notices":[],"jetpack_sharing_enabled":true,"_links":{"self":[{"href":"https:\/\/lespucesdestju.fr\/index.php?rest_route=\/wp\/v2\/product\/5088","targetHints":{"allow":["GET"]}}],"collection":[{"href":"https:\/\/lespucesdestju.fr\/index.php?rest_route=\/wp\/v2\/product"}],"about":[{"href":"https:\/\/lespucesdestju.fr\/index.php?rest_route=\/wp\/v2\/types\/product"}],"replies":[{"embeddable":true,"href":"https:\/\/lespucesdestju.fr\/index.php?rest_route=%2Fwp%2Fv2%2Fcomments&post=5088"}],"wp:featuredmedia":[{"embeddable":true,"href":"https:\/\/lespucesdestju.fr\/index.php?rest_route=\/wp\/v2\/media\/5089"}],"wp:attachment":[{"href":"https:\/\/lespucesdestju.fr\/index.php?rest_route=%2Fwp%2Fv2%2Fmedia&parent=5088"}],"wp:term":[{"taxonomy":"product_brand","embeddable":true,"href":"https:\/\/lespucesdestju.fr\/index.php?rest_route=%2Fwp%2Fv2%2Fproduct_brand&post=5088"},{"taxonomy":"product_cat","embeddable":true,"href":"https:\/\/lespucesdestju.fr\/index.php?rest_route=%2Fwp%2Fv2%2Fproduct_cat&post=5088"},{"taxonomy":"product_tag","embeddable":true,"href":"https:\/\/lespucesdestju.fr\/index.php?rest_route=%2Fwp%2Fv2%2Fproduct_tag&post=5088"}],"curies":[{"name":"wp","href":"https:\/\/api.w.org\/{rel}","templated":true}]}}