{"id":5073,"date":"2024-07-22T13:24:12","date_gmt":"2024-07-22T11:24:12","guid":{"rendered":"https:\/\/lespucesdestju.fr\/?post_type=product&#038;p=5073"},"modified":"2025-04-02T17:33:16","modified_gmt":"2025-04-02T15:33:16","slug":"cache-pot-et-son-socle-en-ceramique","status":"publish","type":"product","link":"https:\/\/lespucesdestju.fr\/?product=cache-pot-et-son-socle-en-ceramique","title":{"rendered":"Cache pot et son socle en c\u00e9ramique"},"content":{"rendered":"<p><span style=\"font-weight: 400;\">Cache pot et son socle en c\u00e9ramique \u00e0 d\u00e9cor blanc \/ bleu. fabrication vietnamienne caract\u00e9ristique du d\u00e9but du XX \u00e8me\u00a0\u00a0<\/span><\/p>\n<p><span style=\"font-weight: 400;\">Marque d\u2019usages, bon \u00e9tat g\u00e9n\u00e9ral <\/span><\/p>\n<blockquote><p>Hauteur : 41 cm<\/p>\n<p>Largeur : 29 cm<\/p><\/blockquote>\n","protected":false},"excerpt":{"rendered":"<p>Cache pot et son socle en c\u00e9ramique \u00e0 d\u00e9cor blanc \/ bleu. fabrication vietnamienne caract\u00e9ristique du d\u00e9but du XX \u00e8me\u00a0\u00a0&#8230;<\/p>\n","protected":false},"featured_media":5074,"comment_status":"open","ping_status":"closed","template":"","meta":[],"product_brand":[],"product_cat":[37,292],"product_tag":[239,61,60],"class_list":{"0":"post-5073","1":"product","2":"type-product","3":"status-publish","4":"has-post-thumbnail","6":"product_cat-decoration","7":"product_cat-vases-pots-et-contenants","8":"product_tag-cache-pot","9":"product_tag-ceramique","10":"product_tag-decoration","12":"first","13":"instock","14":"shipping-taxable","15":"purchasable","16":"product-type-simple"},"aioseo_notices":[],"jetpack_sharing_enabled":true,"_links":{"self":[{"href":"https:\/\/lespucesdestju.fr\/index.php?rest_route=\/wp\/v2\/product\/5073","targetHints":{"allow":["GET"]}}],"collection":[{"href":"https:\/\/lespucesdestju.fr\/index.php?rest_route=\/wp\/v2\/product"}],"about":[{"href":"https:\/\/lespucesdestju.fr\/index.php?rest_route=\/wp\/v2\/types\/product"}],"replies":[{"embeddable":true,"href":"https:\/\/lespucesdestju.fr\/index.php?rest_route=%2Fwp%2Fv2%2Fcomments&post=5073"}],"wp:featuredmedia":[{"embeddable":true,"href":"https:\/\/lespucesdestju.fr\/index.php?rest_route=\/wp\/v2\/media\/5074"}],"wp:attachment":[{"href":"https:\/\/lespucesdestju.fr\/index.php?rest_route=%2Fwp%2Fv2%2Fmedia&parent=5073"}],"wp:term":[{"taxonomy":"product_brand","embeddable":true,"href":"https:\/\/lespucesdestju.fr\/index.php?rest_route=%2Fwp%2Fv2%2Fproduct_brand&post=5073"},{"taxonomy":"product_cat","embeddable":true,"href":"https:\/\/lespucesdestju.fr\/index.php?rest_route=%2Fwp%2Fv2%2Fproduct_cat&post=5073"},{"taxonomy":"product_tag","embeddable":true,"href":"https:\/\/lespucesdestju.fr\/index.php?rest_route=%2Fwp%2Fv2%2Fproduct_tag&post=5073"}],"curies":[{"name":"wp","href":"https:\/\/api.w.org\/{rel}","templated":true}]}}

Cache pot et son socle en céramique

<p><span style="font-weight: 400;">Cache pot et son socle en céramique à décor blanc / bleu. fabrication vietnamienne caractéristique du début du XX ème  </span></p>
<p><span style="font-weight: 400;">Marque d’usages, bon état général </span></p>
<blockquote><p>Hauteur : 41 cm</p>
<p>Largeur : 29 cm</p></blockquote>

<p>Cache pot et son socle en céramique à décor blanc / bleu. fabrication vietnamienne caractéristique du début du XX ème  &#8230;</p>
