{"id":5046,"date":"2024-07-22T12:50:49","date_gmt":"2024-07-22T10:50:49","guid":{"rendered":"https:\/\/lespucesdestju.fr\/?post_type=product&#038;p=5046"},"modified":"2024-07-22T12:53:46","modified_gmt":"2024-07-22T10:53:46","slug":"pot-couvert-en-faience","status":"publish","type":"product","link":"https:\/\/lespucesdestju.fr\/?product=pot-couvert-en-faience","title":{"rendered":"Pot couvert en fa\u00efence"},"content":{"rendered":"<p><span style=\"font-weight: 400;\">Pot couvert en fa\u00efence, \u00e0 d\u00e9cors incis\u00e9s et polychromes de fleurs et v\u00e9g\u00e9tation, dans les ton bleu, rose et vert, sur fond blanc.\u00a0<\/span><\/p>\n<p><span style=\"font-weight: 400;\">Bon \u00e9tat.<\/span><\/p>\n<blockquote><p><i><span style=\"font-weight: 400;\">Dimensions ( longueur x Largeur x Hauteur) et poids (Kg) : <\/span><\/i><b><i>voir informations compl\u00e9mentaires.<\/i><\/b><\/p><\/blockquote>\n","protected":false},"excerpt":{"rendered":"<p>Pot couvert en fa\u00efence, \u00e0 d\u00e9cors incis\u00e9s et polychromes de fleurs et v\u00e9g\u00e9tation, dans les ton bleu, rose et vert,&#8230;<\/p>\n","protected":false},"featured_media":5047,"comment_status":"open","ping_status":"closed","template":"","meta":[],"product_brand":[],"product_cat":[37,292],"product_tag":[60,93,122,59],"class_list":{"0":"post-5046","1":"product","2":"type-product","3":"status-publish","4":"has-post-thumbnail","6":"product_cat-decoration","7":"product_cat-vases-pots-et-contenants","8":"product_tag-decoration","9":"product_tag-faience","10":"product_tag-pot-couvert","11":"product_tag-vase","13":"first","14":"instock","15":"shipping-taxable","16":"purchasable","17":"product-type-simple"},"aioseo_notices":[],"jetpack_sharing_enabled":true,"_links":{"self":[{"href":"https:\/\/lespucesdestju.fr\/index.php?rest_route=\/wp\/v2\/product\/5046","targetHints":{"allow":["GET"]}}],"collection":[{"href":"https:\/\/lespucesdestju.fr\/index.php?rest_route=\/wp\/v2\/product"}],"about":[{"href":"https:\/\/lespucesdestju.fr\/index.php?rest_route=\/wp\/v2\/types\/product"}],"replies":[{"embeddable":true,"href":"https:\/\/lespucesdestju.fr\/index.php?rest_route=%2Fwp%2Fv2%2Fcomments&post=5046"}],"wp:featuredmedia":[{"embeddable":true,"href":"https:\/\/lespucesdestju.fr\/index.php?rest_route=\/wp\/v2\/media\/5047"}],"wp:attachment":[{"href":"https:\/\/lespucesdestju.fr\/index.php?rest_route=%2Fwp%2Fv2%2Fmedia&parent=5046"}],"wp:term":[{"taxonomy":"product_brand","embeddable":true,"href":"https:\/\/lespucesdestju.fr\/index.php?rest_route=%2Fwp%2Fv2%2Fproduct_brand&post=5046"},{"taxonomy":"product_cat","embeddable":true,"href":"https:\/\/lespucesdestju.fr\/index.php?rest_route=%2Fwp%2Fv2%2Fproduct_cat&post=5046"},{"taxonomy":"product_tag","embeddable":true,"href":"https:\/\/lespucesdestju.fr\/index.php?rest_route=%2Fwp%2Fv2%2Fproduct_tag&post=5046"}],"curies":[{"name":"wp","href":"https:\/\/api.w.org\/{rel}","templated":true}]}}

Pot couvert en faïence

<p><span style="font-weight: 400;">Pot couvert en faïence, à décors incisés et polychromes de fleurs et végétation, dans les ton bleu, rose et vert, sur fond blanc. </span></p>
<p><span style="font-weight: 400;">Bon état.</span></p>
<blockquote><p><i><span style="font-weight: 400;">Dimensions ( longueur x Largeur x Hauteur) et poids (Kg) : </span></i><b><i>voir informations complémentaires.</i></b></p></blockquote>

<p>Pot couvert en faïence, à décors incisés et polychromes de fleurs et végétation, dans les ton bleu, rose et vert,&#8230;</p>
