{"id":5041,"date":"2024-07-22T12:47:42","date_gmt":"2024-07-22T10:47:42","guid":{"rendered":"https:\/\/lespucesdestju.fr\/?post_type=product&#038;p=5041"},"modified":"2024-07-22T12:47:42","modified_gmt":"2024-07-22T10:47:42","slug":"grand-cache-pot-sarreguemines","status":"publish","type":"product","link":"https:\/\/lespucesdestju.fr\/?product=grand-cache-pot-sarreguemines","title":{"rendered":"Grand cache pot SARREGUEMINES"},"content":{"rendered":"<p><span style=\"font-weight: 400;\">Grand cache pot SARREGUEMINES en fa\u00efence \u00e0 d\u00e9cors \u00e9maill\u00e9s de fleur et entrelacs en ton de brun et or. Int\u00e9rieur \u00e0 gla\u00e7ure turquoise. <\/span><\/p>\n<p><span style=\"font-weight: 400;\">Fin 19\u00e8me<\/span><\/p>\n<p><span style=\"font-weight: 400;\">Bel \u00e9tat\u00a0<\/span><\/p>\n<blockquote><p><i><span style=\"font-weight: 400;\">Dimensions ( longueur x Largeur x Hauteur) et poids (Kg) : <\/span><\/i><b><i>voir informations compl\u00e9mentaires.<\/i><\/b><\/p><\/blockquote>\n","protected":false},"excerpt":{"rendered":"<p>Grand cache pot SARREGUEMINES en fa\u00efence \u00e0 d\u00e9cors \u00e9maill\u00e9s de fleur et entrelacs en ton de brun et or. Int\u00e9rieur&#8230;<\/p>\n","protected":false},"featured_media":5042,"comment_status":"open","ping_status":"closed","template":"","meta":[],"product_brand":[],"product_cat":[37,292],"product_tag":[239,60,136,93],"class_list":{"0":"post-5041","1":"product","2":"type-product","3":"status-publish","4":"has-post-thumbnail","6":"product_cat-decoration","7":"product_cat-vases-pots-et-contenants","8":"product_tag-cache-pot","9":"product_tag-decoration","10":"product_tag-email","11":"product_tag-faience","13":"first","14":"instock","15":"shipping-taxable","16":"purchasable","17":"product-type-simple"},"aioseo_notices":[],"jetpack_sharing_enabled":true,"_links":{"self":[{"href":"https:\/\/lespucesdestju.fr\/index.php?rest_route=\/wp\/v2\/product\/5041","targetHints":{"allow":["GET"]}}],"collection":[{"href":"https:\/\/lespucesdestju.fr\/index.php?rest_route=\/wp\/v2\/product"}],"about":[{"href":"https:\/\/lespucesdestju.fr\/index.php?rest_route=\/wp\/v2\/types\/product"}],"replies":[{"embeddable":true,"href":"https:\/\/lespucesdestju.fr\/index.php?rest_route=%2Fwp%2Fv2%2Fcomments&post=5041"}],"wp:featuredmedia":[{"embeddable":true,"href":"https:\/\/lespucesdestju.fr\/index.php?rest_route=\/wp\/v2\/media\/5042"}],"wp:attachment":[{"href":"https:\/\/lespucesdestju.fr\/index.php?rest_route=%2Fwp%2Fv2%2Fmedia&parent=5041"}],"wp:term":[{"taxonomy":"product_brand","embeddable":true,"href":"https:\/\/lespucesdestju.fr\/index.php?rest_route=%2Fwp%2Fv2%2Fproduct_brand&post=5041"},{"taxonomy":"product_cat","embeddable":true,"href":"https:\/\/lespucesdestju.fr\/index.php?rest_route=%2Fwp%2Fv2%2Fproduct_cat&post=5041"},{"taxonomy":"product_tag","embeddable":true,"href":"https:\/\/lespucesdestju.fr\/index.php?rest_route=%2Fwp%2Fv2%2Fproduct_tag&post=5041"}],"curies":[{"name":"wp","href":"https:\/\/api.w.org\/{rel}","templated":true}]}}

<p><span style="font-weight: 400;">Grand cache pot SARREGUEMINES en faïence à décors émaillés de fleur et entrelacs en ton de brun et or. Intérieur à glaçure turquoise. </span></p>
<p><span style="font-weight: 400;">Fin 19ème</span></p>
<p><span style="font-weight: 400;">Bel état </span></p>
<blockquote><p><i><span style="font-weight: 400;">Dimensions ( longueur x Largeur x Hauteur) et poids (Kg) : </span></i><b><i>voir informations complémentaires.</i></b></p></blockquote>

<p>Grand cache pot SARREGUEMINES en faïence à décors émaillés de fleur et entrelacs en ton de brun et or. Intérieur&#8230;</p>
