{"id":5029,"date":"2024-07-19T14:49:20","date_gmt":"2024-07-19T12:49:20","guid":{"rendered":"https:\/\/lespucesdestju.fr\/?post_type=product&#038;p=5029"},"modified":"2024-11-26T10:07:27","modified_gmt":"2024-11-26T09:07:27","slug":"affiche-de-film-suzanne-chachacha-et-moi","status":"publish","type":"product","link":"https:\/\/lespucesdestju.fr\/?product=affiche-de-film-suzanne-chachacha-et-moi","title":{"rendered":"Affiche de film Suzanne CHACHACHA et moi"},"content":{"rendered":"<p><span style=\"font-weight: 400;\">Affiche de film Suzanne CHACHACHA et moi\u00a0<\/span><\/p>\n<ol start=\"1958\">\n<li><span style=\"font-weight: 400;\"> Com\u00e9die musicale de <\/span><span style=\"font-weight: 400;\">Enrique Cahen Salaberry<\/span><span style=\"font-weight: 400;\"> avec <\/span><span style=\"font-weight: 400;\">Abbe Lane<\/span><span style=\"font-weight: 400;\">, <\/span><span style=\"font-weight: 400;\">Georges Rivi\u00e8re<\/span><span style=\"font-weight: 400;\">, <\/span><span style=\"font-weight: 400;\">Xavier Cugat<\/span><span style=\"font-weight: 400;\">.<\/span><\/li>\n<\/ol>\n<blockquote><p><span style=\"font-weight: 400;\">Largeur : 115 cm\u00a0<\/span><\/p>\n<p><span style=\"font-weight: 400;\">Hauteur : 159 cm\u00a0<\/span><\/p>\n<ul>\n<li style=\"font-weight: 400;\" aria-level=\"1\"><i><span style=\"font-weight: 400;\">Les affiches pr\u00e9sentent des traits de pliure d\u00fb \u00e0 leur ancienne m\u00e9thode de stockage.<\/span><\/i><\/li>\n<\/ul>\n<ul>\n<li style=\"font-weight: 400;\" aria-level=\"1\"><i><span style=\"font-weight: 400;\">Nous avons pris soin de d\u00e9plier et aplatir chaque affiche pour pouvoir les enrouler, ce qui permet de pouvoir les manipuler et les envoyer sans les endommager.<\/span><\/i><\/li>\n<\/ul>\n<ul>\n<li style=\"font-weight: 400;\" aria-level=\"1\"><i><span style=\"font-weight: 400;\">ENVOYER EN ROULEAU<\/span><\/i><\/li>\n<\/ul>\n<p>&nbsp;<\/p><\/blockquote>\n","protected":false},"excerpt":{"rendered":"<p>Affiche de film Suzanne CHACHACHA et moi\u00a0 Com\u00e9die musicale de Enrique Cahen Salaberry avec Abbe Lane, Georges Rivi\u00e8re, Xavier Cugat&#8230;.<\/p>\n","protected":false},"featured_media":5030,"comment_status":"open","ping_status":"closed","template":"","meta":[],"product_brand":[],"product_cat":[308,50],"product_tag":[310,56,311],"class_list":{"0":"post-5029","1":"product","2":"type-product","3":"status-publish","4":"has-post-thumbnail","6":"product_cat-affiches-panneaux-et-autres","7":"product_cat-art","8":"product_tag-affiche","9":"product_tag-art","10":"product_tag-cinema","12":"first","13":"outofstock","14":"shipping-taxable","15":"purchasable","16":"product-type-simple"},"aioseo_notices":[],"jetpack_sharing_enabled":true,"_links":{"self":[{"href":"https:\/\/lespucesdestju.fr\/index.php?rest_route=\/wp\/v2\/product\/5029","targetHints":{"allow":["GET"]}}],"collection":[{"href":"https:\/\/lespucesdestju.fr\/index.php?rest_route=\/wp\/v2\/product"}],"about":[{"href":"https:\/\/lespucesdestju.fr\/index.php?rest_route=\/wp\/v2\/types\/product"}],"replies":[{"embeddable":true,"href":"https:\/\/lespucesdestju.fr\/index.php?rest_route=%2Fwp%2Fv2%2Fcomments&post=5029"}],"wp:featuredmedia":[{"embeddable":true,"href":"https:\/\/lespucesdestju.fr\/index.php?rest_route=\/wp\/v2\/media\/5030"}],"wp:attachment":[{"href":"https:\/\/lespucesdestju.fr\/index.php?rest_route=%2Fwp%2Fv2%2Fmedia&parent=5029"}],"wp:term":[{"taxonomy":"product_brand","embeddable":true,"href":"https:\/\/lespucesdestju.fr\/index.php?rest_route=%2Fwp%2Fv2%2Fproduct_brand&post=5029"},{"taxonomy":"product_cat","embeddable":true,"href":"https:\/\/lespucesdestju.fr\/index.php?rest_route=%2Fwp%2Fv2%2Fproduct_cat&post=5029"},{"taxonomy":"product_tag","embeddable":true,"href":"https:\/\/lespucesdestju.fr\/index.php?rest_route=%2Fwp%2Fv2%2Fproduct_tag&post=5029"}],"curies":[{"name":"wp","href":"https:\/\/api.w.org\/{rel}","templated":true}]}}

<p><span style="font-weight: 400;">Affiche de film Suzanne CHACHACHA et moi </span></p>
<ol start="1958">
<li><span style="font-weight: 400;"> Comédie musicale de </span><span style="font-weight: 400;">Enrique Cahen Salaberry</span><span style="font-weight: 400;"> avec </span><span style="font-weight: 400;">Abbe Lane</span><span style="font-weight: 400;">, </span><span style="font-weight: 400;">Georges Rivière</span><span style="font-weight: 400;">, </span><span style="font-weight: 400;">Xavier Cugat</span><span style="font-weight: 400;">.</span></li>
</ol>
<blockquote><p><span style="font-weight: 400;">Largeur : 115 cm </span></p>
<p><span style="font-weight: 400;">Hauteur : 159 cm </span></p>
<ul>
<li style="font-weight: 400;" aria-level="1"><i><span style="font-weight: 400;">Les affiches présentent des traits de pliure dû à leur ancienne méthode de stockage.</span></i></li>
</ul>
<ul>
<li style="font-weight: 400;" aria-level="1"><i><span style="font-weight: 400;">Nous avons pris soin de déplier et aplatir chaque affiche pour pouvoir les enrouler, ce qui permet de pouvoir les manipuler et les envoyer sans les endommager.</span></i></li>
</ul>
<ul>
<li style="font-weight: 400;" aria-level="1"><i><span style="font-weight: 400;">ENVOYER EN ROULEAU</span></i></li>
</ul>
<p>&nbsp;</p></blockquote>

<p>Affiche de film Suzanne CHACHACHA et moi  Comédie musicale de Enrique Cahen Salaberry avec Abbe Lane, Georges Rivière, Xavier Cugat&#8230;.</p>
